{"id":9834,"date":"2026-03-03T13:29:33","date_gmt":"2026-03-03T12:29:33","guid":{"rendered":"https:\/\/agora.xtec.cat\/iesacumella\/?page_id=9834"},"modified":"2026-03-03T13:29:51","modified_gmt":"2026-03-03T12:29:51","slug":"titols-eso-i-batxillerat-2","status":"publish","type":"page","link":"https:\/\/agora.xtec.cat\/iesacumella\/serveis\/titols-eso-i-batxillerat-2\/","title":{"rendered":"T\u00edtols ESO i Batxillerat"},"content":{"rendered":"<h6>T\u00edtols Batxillerat<\/h6>\n<div><\/div>\n<div>Per poder sol\u00b7licitar el t\u00edtol de batxillerat, ja sigui primera expedici\u00f3, duplicat o actualitzaci\u00f3 del t\u00edtol inicialment expedit; podeu fer la sol\u00b7licitud a trav\u00e9s del seg\u00fcent enlla\u00e7:<\/div>\n<div><\/div>\n<div><a href=\"https:\/\/web.gencat.cat\/ca\/tramits\/tramits-temes\/titols-academics-no-universitaris?category=742b7874-a82c-11e3-a972-000c29052e2c\" target=\"_blank\" rel=\"noopener\" data-saferedirecturl=\"https:\/\/www.google.com\/url?q=https:\/\/web.gencat.cat\/ca\/tramits\/tramits-temes\/titols-academics-no-universitaris?category%3D742b7874-a82c-11e3-a972-000c29052e2c&amp;source=gmail&amp;ust=1772625833184000&amp;usg=AOvVaw2fdCZCdSfR9IqcmZ9F4tya\">https:\/\/web.gencat.cat\/ca\/tramits\/tramits-temes\/titols-academics-no-universitaris?category=742b7874-a82c-11e3-a972-000c29052e2c<\/a><\/div>\n<div><\/div>\n<div>Per poder-ho fer, caldr\u00e0 que els alumnes tinguin identificaci\u00f3 digital &#8211; idcat m\u00f2bil:<\/div>\n<div><\/div>\n<div><a href=\"https:\/\/web.gencat.cat\/ca\/tramits\/suport-tramitacio\/durant-la-tramitacio\/signatura-identificacio-digital\/idcat-mobil\/index.html\" target=\"_blank\" rel=\"noopener\" data-saferedirecturl=\"https:\/\/www.google.com\/url?q=https:\/\/web.gencat.cat\/ca\/tramits\/suport-tramitacio\/durant-la-tramitacio\/signatura-identificacio-digital\/idcat-mobil\/index.html&amp;source=gmail&amp;ust=1772625833184000&amp;usg=AOvVaw0iAmV2Rx6TkkiOQnTsrneB\">https:\/\/web.gencat.cat\/ca\/tramits\/suport-tramitacio\/durant-la-tramitacio\/signatura-identificacio-digital\/idcat-mobil\/index.html<\/a><\/div>\n<div><\/div>\n<div><\/div>\n<h6>T\u00edtol ESO<\/h6>\n<div><\/div>\n<div>El T\u00edtol d&#8217;ESO es demana d&#8217;ofici des del centre, quan us indiquem podreu venir a buscar els resguards que els haureu de conservar fins que el t\u00edtol estigui expedit.<\/div>\n<div><\/div>\n<h4><\/h4>\n<h4>Per recollir un t\u00edtol:<\/h4>\n<p>&nbsp;<\/p>\n<p>En cas d&#8217;haver extraviat el resguard i si el t\u00edtol ja el tenim podeu omplir el seg\u00fcent document:<\/p>\n<p><a href=\"https:\/\/agora.xtec.cat\/iesacumella\/wp-content\/uploads\/usu1642\/2026\/03\/INS_Titol_Sollicitud_sense_presentar_resguard-1.pdf\">INS_Titol_Sollicitud_sense_presentar_resguard<\/a><\/p>\n<p>Si es vol autoritzar a alg\u00fa altre a recollir el t\u00edtol cal omplir el document seg\u00fcent:<\/p>\n<p><a href=\"https:\/\/agora.xtec.cat\/iesacumella\/wp-content\/uploads\/usu1642\/2026\/03\/INS_Titol_Autoritzacio_lliurament.pdf\">INS_Titol_Autoritzacio_lliurament<\/a><\/p>\n<p>Per tal de comprovar si ha arribat o no un t\u00edtol al centre cal la identificaci\u00f3 amb DNI\/NIE\/PASS.<\/p>\n<p>Els \u00faltims t\u00edtols que han arribat son els corresponents al curs 2018\/2019.<\/p>\n","protected":false},"excerpt":{"rendered":"<p>T\u00edtols Batxillerat<\/p>\n<p>Per poder sol\u00b7licitar el t\u00edtol de batxillerat, ja sigui primera expedici\u00f3, duplicat o actualitzaci\u00f3 del t\u00edtol inicialment expedit; podeu fer la sol\u00b7licitud a trav\u00e9s del seg\u00fcent enlla\u00e7:<\/p>\n<p><a href=\"https:\/\/web.gencat.cat\/ca\/tramits\/tramits-temes\/titols-academics-no-universitaris?category=742b7874-a82c-11e3-a972-000c29052e2c\" target=\"_blank\" rel=\"noopener\" data-saferedirecturl=\"https:\/\/www.google.com\/url?q=https:\/\/web.gencat.cat\/ca\/tramits\/tramits-temes\/titols-academics-no-universitaris?category%3D742b7874-a82c-11e3-a972-000c29052e2c&amp;source=gmail&amp;ust=1772625833184000&amp;usg=AOvVaw2fdCZCdSfR9IqcmZ9F4tya\">https:\/\/web.gencat.cat\/ca\/tramits\/tramits-temes\/titols-academics-no-universitaris?category=742b7874-a82c-11e3-a972-000c29052e2c<\/a><\/p>\n<p>Per poder-ho fer, caldr\u00e0 que els alumnes tinguin identificaci\u00f3 digital &#8211; idcat m\u00f2bil:<\/p>\n<p><a href=\"https:\/\/web.gencat.cat\/ca\/tramits\/suport-tramitacio\/durant-la-tramitacio\/signatura-identificacio-digital\/idcat-mobil\/index.html\"&hellip;  <a href=\"https:\/\/agora.xtec.cat\/iesacumella\/serveis\/titols-eso-i-batxillerat-2\/\" title=\"Read T\u00edtols ESO i Batxillerat\">Llegeix m\u00e9s\u00bb<\/a><\/p>\n","protected":false},"author":1,"featured_media":0,"parent":63,"menu_order":0,"comment_status":"closed","ping_status":"closed","template":"","meta":{"_bbp_topic_count":0,"_bbp_reply_count":0,"_bbp_total_topic_count":0,"_bbp_total_reply_count":0,"_bbp_voice_count":0,"_bbp_anonymous_reply_count":0,"_bbp_topic_count_hidden":0,"_bbp_reply_count_hidden":0,"_bbp_forum_subforum_count":0,"footnotes":""},"class_list":["post-9834","page","type-page","status-publish","hentry"],"post_mailing_queue_ids":[],"_links":{"self":[{"href":"https:\/\/agora.xtec.cat\/iesacumella\/wp-json\/wp\/v2\/pages\/9834","targetHints":{"allow":["GET"]}}],"collection":[{"href":"https:\/\/agora.xtec.cat\/iesacumella\/wp-json\/wp\/v2\/pages"}],"about":[{"href":"https:\/\/agora.xtec.cat\/iesacumella\/wp-json\/wp\/v2\/types\/page"}],"author":[{"embeddable":true,"href":"https:\/\/agora.xtec.cat\/iesacumella\/wp-json\/wp\/v2\/users\/1"}],"replies":[{"embeddable":true,"href":"https:\/\/agora.xtec.cat\/iesacumella\/wp-json\/wp\/v2\/comments?post=9834"}],"version-history":[{"count":1,"href":"https:\/\/agora.xtec.cat\/iesacumella\/wp-json\/wp\/v2\/pages\/9834\/revisions"}],"predecessor-version":[{"id":9836,"href":"https:\/\/agora.xtec.cat\/iesacumella\/wp-json\/wp\/v2\/pages\/9834\/revisions\/9836"}],"up":[{"embeddable":true,"href":"https:\/\/agora.xtec.cat\/iesacumella\/wp-json\/wp\/v2\/pages\/63"}],"wp:attachment":[{"href":"https:\/\/agora.xtec.cat\/iesacumella\/wp-json\/wp\/v2\/media?parent=9834"}],"curies":[{"name":"wp","href":"https:\/\/api.w.org\/{rel}","templated":true}]}}