{"id":9619,"date":"2025-06-18T10:29:08","date_gmt":"2025-06-18T08:29:08","guid":{"rendered":"https:\/\/agora.xtec.cat\/iesacumella\/?page_id=9619"},"modified":"2025-06-18T10:30:50","modified_gmt":"2025-06-18T08:30:50","slug":"llibres-del-curs-2025-2026","status":"publish","type":"page","link":"https:\/\/agora.xtec.cat\/iesacumella\/llibres-del-curs-2025-2026\/","title":{"rendered":"Llibres del curs 2025-2026"},"content":{"rendered":"<p><a href=\"https:\/\/agora.xtec.cat\/iesacumella\/wp-content\/uploads\/usu1642\/2025\/06\/Llista-de-llibres-Institut-Antoni-Cumella-Curs-2025-2026.pdf\">Aquesta \u00e9s la llista de llibres del curs 2025-2026<\/a>.<\/p>\n<p>La llista tamb\u00e9 est\u00e0 disponible a trav\u00e9s <a href=\"https:\/\/microsites.iddink.es\/ca\/335_institut_antoni_cumella\/\">d&#8217;Iddink<\/a>.<\/p>\n<p>Per fer la compra, tingueu en compte que:<\/p>\n<ul>\n<li>En el cas de les llic\u00e8ncies digitals d&#8217;Innovamat (Matem\u00e0tiques 2n i 3r d&#8217;ESO), <a href=\"https:\/\/catalog.innovamat.com\/ca\/collections\/034-25003291-institut-antoni-cumella\">cal fer la compra directament a la web d&#8217;Innovamat<\/a>, amb el seg\u00fcent codi de descompte: BWYQNPMAYD<\/li>\n<li>En el cas de les llic\u00e8ncies ScienceBits (Biologia i Geologia de 4t d&#8217;ESO), i de la plataforma Sherpa (Tecnologia de 1r, 2n i 3r d&#8217;ESO), <strong>cal <a href=\"https:\/\/microsites.iddink.es\/ca\/335_institut_antoni_cumella\/\">comprar-la a trav\u00e9s d&#8217;Iddink<\/a> per facilitar-ne la gesti\u00f3<\/strong>.<\/li>\n<\/ul>\n<p>Per a la resta de llibres, podeu utilitzar el servei de llibres socialitzats d&#8217;Iddink o qualsevol altre prove\u00efdor.<\/p>\n<p>A final de curs s&#8217;actualitzar\u00e0 en aquesta p\u00e0gina la data i hora de retorn dels llibres d&#8217;Iddink.<\/p>\n<p>El retorn dels llibres del curs 2024-2025 es far\u00e0 el 26 de juny de 9:30 a 15:00.<\/p>\n","protected":false},"excerpt":{"rendered":"<p><a href=\"https:\/\/agora.xtec.cat\/iesacumella\/wp-content\/uploads\/usu1642\/2025\/06\/Llista-de-llibres-Institut-Antoni-Cumella-Curs-2025-2026.pdf\">Aquesta \u00e9s la llista de llibres del curs 2025-2026<\/a>.<br \/>\nLa llista tamb\u00e9 est\u00e0 disponible a trav\u00e9s <a href=\"https:\/\/microsites.iddink.es\/ca\/335_institut_antoni_cumella\/\">d&#8217;Iddink<\/a>.<br \/>\nPer fer la compra, tingueu en compte que:<\/p>\n<ul>\n<li>En el cas de les llic\u00e8ncies digitals d&#8217;Innovamat (Matem\u00e0tiques 2n i 3r d&#8217;ESO), <a href=\"https:\/\/catalog.innovamat.com\/ca\/collections\/034-25003291-institut-antoni-cumella\">cal fer la compra directament a la&hellip;  <a href=\"https:\/\/agora.xtec.cat\/iesacumella\/llibres-del-curs-2025-2026\/\" title=\"Read Llibres del curs 2025-2026\">Llegeix m\u00e9s\u00bb<\/a><br \/>\n","protected":false},"author":1,"featured_media":0,"parent":0,"menu_order":0,"comment_status":"closed","ping_status":"closed","template":"","meta":{"_bbp_topic_count":0,"_bbp_reply_count":0,"_bbp_total_topic_count":0,"_bbp_total_reply_count":0,"_bbp_voice_count":0,"_bbp_anonymous_reply_count":0,"_bbp_topic_count_hidden":0,"_bbp_reply_count_hidden":0,"_bbp_forum_subforum_count":0,"footnotes":""},"class_list":["post-9619","page","type-page","status-publish","hentry"],"post_mailing_queue_ids":[],"_links":{"self":[{"href":"https:\/\/agora.xtec.cat\/iesacumella\/wp-json\/wp\/v2\/pages\/9619","targetHints":{"allow":["GET"]}}],"collection":[{"href":"https:\/\/agora.xtec.cat\/iesacumella\/wp-json\/wp\/v2\/pages"}],"about":[{"href":"https:\/\/agora.xtec.cat\/iesacumella\/wp-json\/wp\/v2\/types\/page"}],"author":[{"embeddable":true,"href":"https:\/\/agora.xtec.cat\/iesacumella\/wp-json\/wp\/v2\/users\/1"}],"replies":[{"embeddable":true,"href":"https:\/\/agora.xtec.cat\/iesacumella\/wp-json\/wp\/v2\/comments?post=9619"}],"version-history":[{"count":2,"href":"https:\/\/agora.xtec.cat\/iesacumella\/wp-json\/wp\/v2\/pages\/9619\/revisions"}],"predecessor-version":[{"id":9624,"href":"https:\/\/agora.xtec.cat\/iesacumella\/wp-json\/wp\/v2\/pages\/9619\/revisions\/9624"}],"wp:attachment":[{"href":"https:\/\/agora.xtec.cat\/iesacumella\/wp-json\/wp\/v2\/media?parent=9619"}],"curies":[{"name":"wp","href":"https:\/\/api.w.org\/{rel}","templated":true}]}}