{"id":9269,"date":"2024-11-22T14:06:08","date_gmt":"2024-11-22T13:06:08","guid":{"rendered":"https:\/\/agora.xtec.cat\/iesacumella\/?page_id=9269"},"modified":"2024-12-16T12:17:11","modified_gmt":"2024-12-16T11:17:11","slug":"formacio-erasmus","status":"publish","type":"page","link":"https:\/\/agora.xtec.cat\/iesacumella\/projecte-educatiu\/programa-erasmus\/formacio-erasmus\/","title":{"rendered":"Formaci\u00f3 Erasmus+"},"content":{"rendered":"<p><span style=\"font-weight: 400;\">Una docent de l\u2019Institut Antoni Cumella va realitzar un curs de formaci\u00f3 durant l\u2019estiu del 2024 a Ponta Delgada (Portugal) titulat <\/span><i><span style=\"font-weight: 400;\">Missi\u00f3 Azores: Com ensenyar a preservar la vida al planeta<\/span><\/i><span style=\"font-weight: 400;\">, organitzat pel Centre d\u2019Innovaci\u00f3 Pedag\u00f2gica. El curs, dirigit a professionals de l\u2019educaci\u00f3, es va centrar en ensenyar la sostenibilitat i la preservaci\u00f3 del medi ambient, combinant activitats dins i fora de l\u2019aula. A l\u2019illa de S\u00e3o Miguel, part de les Azores, un arxip\u00e8lag volc\u00e0nic declarat primer dest\u00ed sostenible del m\u00f3n, es v\u00e0ren\u00a0 dur a terme activitats per conscienciar sobre la import\u00e0ncia d\u2019actuar en favor del planeta. Les pr\u00e0ctiques van incloure experi\u00e8ncies cooperatives, mindfulness i educaci\u00f3 positiva, amb \u00e8mfasi en transmetre la protecci\u00f3 del medi ambient als estudiants a trav\u00e9s d\u2019ensenyances din\u00e0miques i accions verdes. Tamb\u00e9 es van establir connexions amb professionals europeus per a futures col\u00b7laboracions.<\/span><\/p>\n<p><img loading=\"lazy\" decoding=\"async\" class=\"aligncenter size-large wp-image-9342\" src=\"https:\/\/agora.xtec.cat\/iesacumella\/wp-content\/uploads\/usu1642\/2024\/12\/7-1-1024x461.jpg\" alt=\"\" width=\"1024\" height=\"461\" srcset=\"https:\/\/agora.xtec.cat\/iesacumella\/wp-content\/uploads\/usu1642\/2024\/12\/7-1-1024x461.jpg 1024w, https:\/\/agora.xtec.cat\/iesacumella\/wp-content\/uploads\/usu1642\/2024\/12\/7-1-300x135.jpg 300w, https:\/\/agora.xtec.cat\/iesacumella\/wp-content\/uploads\/usu1642\/2024\/12\/7-1-768x346.jpg 768w, https:\/\/agora.xtec.cat\/iesacumella\/wp-content\/uploads\/usu1642\/2024\/12\/7-1-1536x691.jpg 1536w, https:\/\/agora.xtec.cat\/iesacumella\/wp-content\/uploads\/usu1642\/2024\/12\/7-1.jpg 1600w\" sizes=\"auto, (max-width: 1024px) 100vw, 1024px\" \/><\/p>\n<p><span style=\"font-weight: 400;\">Tres professores\u00a0 van participar en cursos de formaci\u00f3 a Soverato (It\u00e0lia). Els cursos eren <\/span><i><span style=\"font-weight: 400;\">Critical Thinking<\/span><\/i><span style=\"font-weight: 400;\">, <\/span><i><span style=\"font-weight: 400;\">STEM\/STEAM\/STREAM<\/span><\/i><span style=\"font-weight: 400;\"> i <\/span><i><span style=\"font-weight: 400;\">Outdoor Education<\/span><\/i><span style=\"font-weight: 400;\">. El curs <\/span><i><span style=\"font-weight: 400;\">Critical Thinking<\/span><\/i><span style=\"font-weight: 400;\"> es va centrar en comprendre i ensenyar el pensament cr\u00edtic, dissenyar classes efectives i desenvolupar compet\u00e8ncies emocionals. El curs <\/span><i><span style=\"font-weight: 400;\">STEM\/STEAM\/STREAM<\/span><\/i><span style=\"font-weight: 400;\"> va explorar la integraci\u00f3 de la lectura i l\u2019escriptura dins de STEAM, fomentant la cooperaci\u00f3 docent i la connexi\u00f3 interdisciplin\u00e0ria. Per \u00faltim, <\/span><i><span style=\"font-weight: 400;\">Outdoor Education<\/span><\/i><span style=\"font-weight: 400;\"> va compartir estrat\u00e8gies per utilitzar activitats a l\u2019exterior per incrementar la participaci\u00f3 de l\u2019alumnat i prevenir l\u2019abandonament escolar, en el marc de guies europees. Aquests cursos van oferir eines innovadores per aplicar a l\u2019aula, refor\u00e7ant el treball cooperatiu i el comprom\u00eds de l\u2019alumnat, i van promoure la col\u00b7laboraci\u00f3 amb docents d\u2019arreu d\u2019Europa.<\/span><\/p>\n","protected":false},"excerpt":{"rendered":"<p>Una docent de l\u2019Institut Antoni Cumella va realitzar un curs de formaci\u00f3 durant l\u2019estiu del 2024 a Ponta Delgada (Portugal) titulat Missi\u00f3 Azores: Com ensenyar a preservar la vida al planeta, organitzat pel Centre d\u2019Innovaci\u00f3 Pedag\u00f2gica. El curs, dirigit a professionals de l\u2019educaci\u00f3, es va&hellip;  <a href=\"https:\/\/agora.xtec.cat\/iesacumella\/projecte-educatiu\/programa-erasmus\/formacio-erasmus\/\" title=\"Read Formaci\u00f3 Erasmus+\">Llegeix m\u00e9s\u00bb<\/a><\/p>\n","protected":false},"author":1,"featured_media":0,"parent":3432,"menu_order":2,"comment_status":"closed","ping_status":"closed","template":"page-templates\/side-menu.php","meta":{"_bbp_topic_count":0,"_bbp_reply_count":0,"_bbp_total_topic_count":0,"_bbp_total_reply_count":0,"_bbp_voice_count":0,"_bbp_anonymous_reply_count":0,"_bbp_topic_count_hidden":0,"_bbp_reply_count_hidden":0,"_bbp_forum_subforum_count":0,"footnotes":""},"class_list":["post-9269","page","type-page","status-publish","hentry"],"post_mailing_queue_ids":[],"_links":{"self":[{"href":"https:\/\/agora.xtec.cat\/iesacumella\/wp-json\/wp\/v2\/pages\/9269","targetHints":{"allow":["GET"]}}],"collection":[{"href":"https:\/\/agora.xtec.cat\/iesacumella\/wp-json\/wp\/v2\/pages"}],"about":[{"href":"https:\/\/agora.xtec.cat\/iesacumella\/wp-json\/wp\/v2\/types\/page"}],"author":[{"embeddable":true,"href":"https:\/\/agora.xtec.cat\/iesacumella\/wp-json\/wp\/v2\/users\/1"}],"replies":[{"embeddable":true,"href":"https:\/\/agora.xtec.cat\/iesacumella\/wp-json\/wp\/v2\/comments?post=9269"}],"version-history":[{"count":3,"href":"https:\/\/agora.xtec.cat\/iesacumella\/wp-json\/wp\/v2\/pages\/9269\/revisions"}],"predecessor-version":[{"id":9343,"href":"https:\/\/agora.xtec.cat\/iesacumella\/wp-json\/wp\/v2\/pages\/9269\/revisions\/9343"}],"up":[{"embeddable":true,"href":"https:\/\/agora.xtec.cat\/iesacumella\/wp-json\/wp\/v2\/pages\/3432"}],"wp:attachment":[{"href":"https:\/\/agora.xtec.cat\/iesacumella\/wp-json\/wp\/v2\/media?parent=9269"}],"curies":[{"name":"wp","href":"https:\/\/api.w.org\/{rel}","templated":true}]}}

Formació Erasmus+

<p><span style="font-weight: 400;">Una docent de l’Institut Antoni Cumella va realitzar un curs de formació durant l’estiu del 2024 a Ponta Delgada (Portugal) titulat </span><i><span style="font-weight: 400;">Missió Azores: Com ensenyar a preservar la vida al planeta</span></i><span style="font-weight: 400;">, organitzat pel Centre d’Innovació Pedagògica. El curs, dirigit a professionals de l’educació, es va centrar en ensenyar la sostenibilitat i la preservació del medi ambient, combinant activitats dins i fora de l’aula. A l’illa de São Miguel, part de les Azores, un arxipèlag volcànic declarat primer destí sostenible del món, es vàren  dur a terme activitats per conscienciar sobre la importància d’actuar en favor del planeta. Les pràctiques van incloure experiències cooperatives, mindfulness i educació positiva, amb èmfasi en transmetre la protecció del medi ambient als estudiants a través d’ensenyances dinàmiques i accions verdes. També es van establir connexions amb professionals europeus per a futures col·laboracions.</span></p>
<p><img loading="lazy" decoding="async" class="aligncenter size-large wp-image-9342" src="https://agora.xtec.cat/iesacumella/wp-content/uploads/usu1642/2024/12/7-1-1024x461.jpg" alt="" width="1024" height="461" srcset="https://agora.xtec.cat/iesacumella/wp-content/uploads/usu1642/2024/12/7-1-1024x461.jpg 1024w, https://agora.xtec.cat/iesacumella/wp-content/uploads/usu1642/2024/12/7-1-300x135.jpg 300w, https://agora.xtec.cat/iesacumella/wp-content/uploads/usu1642/2024/12/7-1-768x346.jpg 768w, https://agora.xtec.cat/iesacumella/wp-content/uploads/usu1642/2024/12/7-1-1536x691.jpg 1536w, https://agora.xtec.cat/iesacumella/wp-content/uploads/usu1642/2024/12/7-1.jpg 1600w" sizes="auto, (max-width: 1024px) 100vw, 1024px" /></p>
<p><span style="font-weight: 400;">Tres professores  van participar en cursos de formació a Soverato (Itàlia). Els cursos eren </span><i><span style="font-weight: 400;">Critical Thinking</span></i><span style="font-weight: 400;">, </span><i><span style="font-weight: 400;">STEM/STEAM/STREAM</span></i><span style="font-weight: 400;"> i </span><i><span style="font-weight: 400;">Outdoor Education</span></i><span style="font-weight: 400;">. El curs </span><i><span style="font-weight: 400;">Critical Thinking</span></i><span style="font-weight: 400;"> es va centrar en comprendre i ensenyar el pensament crític, dissenyar classes efectives i desenvolupar competències emocionals. El curs </span><i><span style="font-weight: 400;">STEM/STEAM/STREAM</span></i><span style="font-weight: 400;"> va explorar la integració de la lectura i l’escriptura dins de STEAM, fomentant la cooperació docent i la connexió interdisciplinària. Per últim, </span><i><span style="font-weight: 400;">Outdoor Education</span></i><span style="font-weight: 400;"> va compartir estratègies per utilitzar activitats a l’exterior per incrementar la participació de l’alumnat i prevenir l’abandonament escolar, en el marc de guies europees. Aquests cursos van oferir eines innovadores per aplicar a l’aula, reforçant el treball cooperatiu i el compromís de l’alumnat, i van promoure la col·laboració amb docents d’arreu d’Europa.</span></p>

<p>Una docent de l’Institut Antoni Cumella va realitzar un curs de formació durant l’estiu del 2024 a Ponta Delgada (Portugal) titulat Missió Azores: Com ensenyar a preservar la vida al planeta, organitzat pel Centre d’Innovació Pedagògica. El curs, dirigit a professionals de l’educació, es va&hellip;  <a href="https://agora.xtec.cat/iesacumella/projecte-educatiu/programa-erasmus/formacio-erasmus/" title="Read Formació Erasmus+">Llegeix més»</a></p>
