{"id":9267,"date":"2024-11-22T14:05:48","date_gmt":"2024-11-22T13:05:48","guid":{"rendered":"https:\/\/agora.xtec.cat\/iesacumella\/?page_id=9267"},"modified":"2024-12-16T12:15:35","modified_gmt":"2024-12-16T11:15:35","slug":"job-shadowing","status":"publish","type":"page","link":"https:\/\/agora.xtec.cat\/iesacumella\/projecte-educatiu\/programa-erasmus\/job-shadowing\/","title":{"rendered":"Job-shadowing"},"content":{"rendered":"<p><span style=\"font-weight: 400;\"><img loading=\"lazy\" decoding=\"async\" class=\"alignright size-medium wp-image-9338\" src=\"https:\/\/agora.xtec.cat\/iesacumella\/wp-content\/uploads\/usu1642\/2024\/12\/20230608_134559-229x300.jpg\" alt=\"\" width=\"229\" height=\"300\" srcset=\"https:\/\/agora.xtec.cat\/iesacumella\/wp-content\/uploads\/usu1642\/2024\/12\/20230608_134559-229x300.jpg 229w, https:\/\/agora.xtec.cat\/iesacumella\/wp-content\/uploads\/usu1642\/2024\/12\/20230608_134559-783x1024.jpg 783w, https:\/\/agora.xtec.cat\/iesacumella\/wp-content\/uploads\/usu1642\/2024\/12\/20230608_134559-768x1004.jpg 768w, https:\/\/agora.xtec.cat\/iesacumella\/wp-content\/uploads\/usu1642\/2024\/12\/20230608_134559-1175x1536.jpg 1175w, https:\/\/agora.xtec.cat\/iesacumella\/wp-content\/uploads\/usu1642\/2024\/12\/20230608_134559-1566x2048.jpg 1566w, https:\/\/agora.xtec.cat\/iesacumella\/wp-content\/uploads\/usu1642\/2024\/12\/20230608_134559-scaled.jpg 1958w\" sizes=\"auto, (max-width: 229px) 100vw, 229px\" \/>Durant el curs 2023-2024, dos professors de l\u2019Institut Antoni Cumella van participar en un projecte de &#8220;Job shadowing&#8221; a la Winterhude Reformschule d\u2019Hamburg. L\u2019experi\u00e8ncia va permetre compartir coneixements i enriquir la pr\u00e0ctica docent, centrant-se en la pedagogia reformadora basada en projectes i el foment de la lectura. Els professors van observar espais clau com la biblioteca, van explorar el mobiliari adaptat i van con\u00e8ixer metodologies que promouen la creativitat, el pensament cr\u00edtic i la col\u00b7laboraci\u00f3. Tamb\u00e9 es van abordar estrat\u00e8gies de coeducaci\u00f3 i inclusi\u00f3. L\u2019intercanvi va enfortir les relacions entre escoles i va assentar les bases per a futures col\u00b7laboracions.<\/span><\/p>\n<p><span style=\"font-weight: 400;\">A l\u2019abril del 2024, dues professores de l\u2019institut\u00a0 van realizar un Job Shadowing\u00a0 a Montreuil-sur-mer (Fran\u00e7a). Durant una setmana, han observat de prop el treball de les professores \u201cdocumentalistes\u201d del Lyc\u00e9e Polyvalent Woillez al CDI\/Biblioteca (Centre de documentation et information). La figura de professor-a documentalista \u00e9s pr\u00f2pia del sistema educatiu franc\u00e8s i \u00e9s la persona que dona suport a l\u2019alumnat en la recerca escolar, l\u2019encarregat de la gesti\u00f3 de la biblioteca i del seu fons i a m\u00e9s n\u2019\u00e9s el referent cultural, \u00e9s a dir, l\u2019enlla\u00e7 entre l\u2019oferta cultural de la zona i l\u2019alumnat. L\u2019objectiu d\u2019aquesta estada estava relacionat amb un dels objectius Erasmus + 2022-2027: Fomentar l\u2019adquisici\u00f3 d\u2019estrat\u00e8gies de comprensi\u00f3 lectora i h\u00e0bit lector. Les observacions a l\u2019institut de Fran\u00e7a han estat molt interessants per fer que la biblioteca del centre i l\u2019espai del pla lector segueixin creixent.<\/span><\/p>\n<p><span style=\"font-weight: 400;\">Dos docents de l\u2019Institut Antoni Cumella van participar en un Job Shadowing al Tiendeklasse Center Roskilde, Dinamarca, durant l\u2019abril de 2024. L\u2019objectiu era millorar la conviv\u00e8ncia escolar treballant la coeducaci\u00f3, la igualtat, la interculturalitat i la prevenci\u00f3 de la viol\u00e8ncia de g\u00e8nere. Els \u00e0mbits observats van ser: (1) coeducaci\u00f3, amb perspectiva de g\u00e8nere i LGTBIQ+ integrada; (2) gesti\u00f3 de conflictes des del vincle i la restauraci\u00f3; i (3) diversitat, vista com a font d\u2019aprenentatge. Tamb\u00e9 van con\u00e8ixer el model del des\u00e8 grau, un any addicional per madurar i reflexionar.<\/span><\/p>\n<p>&nbsp;<\/p>\n","protected":false},"excerpt":{"rendered":"<p>Durant el curs 2023-2024, dos professors de l\u2019Institut Antoni Cumella van participar en un projecte de &#8220;Job shadowing&#8221; a la Winterhude Reformschule d\u2019Hamburg. L\u2019experi\u00e8ncia va permetre compartir coneixements i enriquir la pr\u00e0ctica docent, centrant-se en la pedagogia reformadora basada en projectes i el foment de&hellip;  <a href=\"https:\/\/agora.xtec.cat\/iesacumella\/projecte-educatiu\/programa-erasmus\/job-shadowing\/\" title=\"Read Job-shadowing\">Llegeix m\u00e9s\u00bb<\/a><\/p>\n","protected":false},"author":1,"featured_media":0,"parent":3432,"menu_order":1,"comment_status":"closed","ping_status":"closed","template":"page-templates\/side-menu.php","meta":{"_bbp_topic_count":0,"_bbp_reply_count":0,"_bbp_total_topic_count":0,"_bbp_total_reply_count":0,"_bbp_voice_count":0,"_bbp_anonymous_reply_count":0,"_bbp_topic_count_hidden":0,"_bbp_reply_count_hidden":0,"_bbp_forum_subforum_count":0,"footnotes":""},"class_list":["post-9267","page","type-page","status-publish","hentry"],"post_mailing_queue_ids":[],"_links":{"self":[{"href":"https:\/\/agora.xtec.cat\/iesacumella\/wp-json\/wp\/v2\/pages\/9267","targetHints":{"allow":["GET"]}}],"collection":[{"href":"https:\/\/agora.xtec.cat\/iesacumella\/wp-json\/wp\/v2\/pages"}],"about":[{"href":"https:\/\/agora.xtec.cat\/iesacumella\/wp-json\/wp\/v2\/types\/page"}],"author":[{"embeddable":true,"href":"https:\/\/agora.xtec.cat\/iesacumella\/wp-json\/wp\/v2\/users\/1"}],"replies":[{"embeddable":true,"href":"https:\/\/agora.xtec.cat\/iesacumella\/wp-json\/wp\/v2\/comments?post=9267"}],"version-history":[{"count":5,"href":"https:\/\/agora.xtec.cat\/iesacumella\/wp-json\/wp\/v2\/pages\/9267\/revisions"}],"predecessor-version":[{"id":9341,"href":"https:\/\/agora.xtec.cat\/iesacumella\/wp-json\/wp\/v2\/pages\/9267\/revisions\/9341"}],"up":[{"embeddable":true,"href":"https:\/\/agora.xtec.cat\/iesacumella\/wp-json\/wp\/v2\/pages\/3432"}],"wp:attachment":[{"href":"https:\/\/agora.xtec.cat\/iesacumella\/wp-json\/wp\/v2\/media?parent=9267"}],"curies":[{"name":"wp","href":"https:\/\/api.w.org\/{rel}","templated":true}]}}

<p><span style="font-weight: 400;"><img loading="lazy" decoding="async" class="alignright size-medium wp-image-9338" src="https://agora.xtec.cat/iesacumella/wp-content/uploads/usu1642/2024/12/20230608_134559-229x300.jpg" alt="" width="229" height="300" srcset="https://agora.xtec.cat/iesacumella/wp-content/uploads/usu1642/2024/12/20230608_134559-229x300.jpg 229w, https://agora.xtec.cat/iesacumella/wp-content/uploads/usu1642/2024/12/20230608_134559-783x1024.jpg 783w, https://agora.xtec.cat/iesacumella/wp-content/uploads/usu1642/2024/12/20230608_134559-768x1004.jpg 768w, https://agora.xtec.cat/iesacumella/wp-content/uploads/usu1642/2024/12/20230608_134559-1175x1536.jpg 1175w, https://agora.xtec.cat/iesacumella/wp-content/uploads/usu1642/2024/12/20230608_134559-1566x2048.jpg 1566w, https://agora.xtec.cat/iesacumella/wp-content/uploads/usu1642/2024/12/20230608_134559-scaled.jpg 1958w" sizes="auto, (max-width: 229px) 100vw, 229px" />Durant el curs 2023-2024, dos professors de l’Institut Antoni Cumella van participar en un projecte de &#8220;Job shadowing&#8221; a la Winterhude Reformschule d’Hamburg. L’experiència va permetre compartir coneixements i enriquir la pràctica docent, centrant-se en la pedagogia reformadora basada en projectes i el foment de la lectura. Els professors van observar espais clau com la biblioteca, van explorar el mobiliari adaptat i van conèixer metodologies que promouen la creativitat, el pensament crític i la col·laboració. També es van abordar estratègies de coeducació i inclusió. L’intercanvi va enfortir les relacions entre escoles i va assentar les bases per a futures col·laboracions.</span></p>
<p><span style="font-weight: 400;">A l’abril del 2024, dues professores de l’institut  van realizar un Job Shadowing  a Montreuil-sur-mer (França). Durant una setmana, han observat de prop el treball de les professores “documentalistes” del Lycée Polyvalent Woillez al CDI/Biblioteca (Centre de documentation et information). La figura de professor-a documentalista és pròpia del sistema educatiu francès i és la persona que dona suport a l’alumnat en la recerca escolar, l’encarregat de la gestió de la biblioteca i del seu fons i a més n’és el referent cultural, és a dir, l’enllaç entre l’oferta cultural de la zona i l’alumnat. L’objectiu d’aquesta estada estava relacionat amb un dels objectius Erasmus + 2022-2027: Fomentar l’adquisició d’estratègies de comprensió lectora i hàbit lector. Les observacions a l’institut de França han estat molt interessants per fer que la biblioteca del centre i l’espai del pla lector segueixin creixent.</span></p>
<p><span style="font-weight: 400;">Dos docents de l’Institut Antoni Cumella van participar en un Job Shadowing al Tiendeklasse Center Roskilde, Dinamarca, durant l’abril de 2024. L’objectiu era millorar la convivència escolar treballant la coeducació, la igualtat, la interculturalitat i la prevenció de la violència de gènere. Els àmbits observats van ser: (1) coeducació, amb perspectiva de gènere i LGTBIQ+ integrada; (2) gestió de conflictes des del vincle i la restauració; i (3) diversitat, vista com a font d’aprenentatge. També van conèixer el model del desè grau, un any addicional per madurar i reflexionar.</span></p>
<p>&nbsp;</p>

<p>Durant el curs 2023-2024, dos professors de l’Institut Antoni Cumella van participar en un projecte de &#8220;Job shadowing&#8221; a la Winterhude Reformschule d’Hamburg. L’experiència va permetre compartir coneixements i enriquir la pràctica docent, centrant-se en la pedagogia reformadora basada en projectes i el foment de&hellip;  <a href="https://agora.xtec.cat/iesacumella/projecte-educatiu/programa-erasmus/job-shadowing/" title="Read Job-shadowing">Llegeix més»</a></p>
