{"id":9227,"date":"2024-10-17T08:48:13","date_gmt":"2024-10-17T06:48:13","guid":{"rendered":"https:\/\/agora.xtec.cat\/iesacumella\/?page_id=9227"},"modified":"2024-10-17T08:48:13","modified_gmt":"2024-10-17T06:48:13","slug":"atencio-digital-a-lalumnat","status":"publish","type":"page","link":"https:\/\/agora.xtec.cat\/iesacumella\/serveis\/atencio-digital-a-lalumnat\/","title":{"rendered":"Atenci\u00f3 digital a l&#8217;alumnat"},"content":{"rendered":"<p>L&#8217;horari d&#8217;atenci\u00f3 digital a l&#8217;alumnat \u00e9s el seg\u00fcent, al departament de Tecnologia (A003):<\/p>\n<ul>\n<li><strong>1r i 3r d\u2019ESO:<\/strong> dimecres de 10:45 a 11:15 h<\/li>\n<li><strong>2n, 4t d\u2019ESO, 1r i 2n Batxillerat:<\/strong> dimecres de 11:15 a 11:45 h<\/li>\n<\/ul>\n","protected":false},"excerpt":{"rendered":"<p>L&#8217;horari d&#8217;atenci\u00f3 digital a l&#8217;alumnat \u00e9s el seg\u00fcent, al departament de Tecnologia (A003):<\/p>\n<ul>\n<li>1r i 3r d\u2019ESO: dimecres de 10:45 a 11:15 h<\/li>\n<li>2n, 4t d\u2019ESO, 1r i 2n Batxillerat: dimecres de 11:15 a 11:45 h<\/li>\n<\/ul>\n","protected":false},"author":1,"featured_media":0,"parent":63,"menu_order":2,"comment_status":"closed","ping_status":"closed","template":"page-templates\/side-menu.php","meta":{"_bbp_topic_count":0,"_bbp_reply_count":0,"_bbp_total_topic_count":0,"_bbp_total_reply_count":0,"_bbp_voice_count":0,"_bbp_anonymous_reply_count":0,"_bbp_topic_count_hidden":0,"_bbp_reply_count_hidden":0,"_bbp_forum_subforum_count":0,"footnotes":""},"class_list":["post-9227","page","type-page","status-publish","hentry"],"post_mailing_queue_ids":[],"_links":{"self":[{"href":"https:\/\/agora.xtec.cat\/iesacumella\/wp-json\/wp\/v2\/pages\/9227","targetHints":{"allow":["GET"]}}],"collection":[{"href":"https:\/\/agora.xtec.cat\/iesacumella\/wp-json\/wp\/v2\/pages"}],"about":[{"href":"https:\/\/agora.xtec.cat\/iesacumella\/wp-json\/wp\/v2\/types\/page"}],"author":[{"embeddable":true,"href":"https:\/\/agora.xtec.cat\/iesacumella\/wp-json\/wp\/v2\/users\/1"}],"replies":[{"embeddable":true,"href":"https:\/\/agora.xtec.cat\/iesacumella\/wp-json\/wp\/v2\/comments?post=9227"}],"version-history":[{"count":1,"href":"https:\/\/agora.xtec.cat\/iesacumella\/wp-json\/wp\/v2\/pages\/9227\/revisions"}],"predecessor-version":[{"id":9228,"href":"https:\/\/agora.xtec.cat\/iesacumella\/wp-json\/wp\/v2\/pages\/9227\/revisions\/9228"}],"up":[{"embeddable":true,"href":"https:\/\/agora.xtec.cat\/iesacumella\/wp-json\/wp\/v2\/pages\/63"}],"wp:attachment":[{"href":"https:\/\/agora.xtec.cat\/iesacumella\/wp-json\/wp\/v2\/media?parent=9227"}],"curies":[{"name":"wp","href":"https:\/\/api.w.org\/{rel}","templated":true}]}}

Atenció digital a l&#8217;alumnat

<p>L&#8217;horari d&#8217;atenció digital a l&#8217;alumnat és el següent, al departament de Tecnologia (A003):</p>
<ul>
<li><strong>1r i 3r d’ESO:</strong> dimecres de 10:45 a 11:15 h</li>
<li><strong>2n, 4t d’ESO, 1r i 2n Batxillerat:</strong> dimecres de 11:15 a 11:45 h</li>
</ul>

<p>L&#8217;horari d&#8217;atenció digital a l&#8217;alumnat és el següent, al departament de Tecnologia (A003):</p>
<ul>
<li>1r i 3r d’ESO: dimecres de 10:45 a 11:15 h</li>
<li>2n, 4t d’ESO, 1r i 2n Batxillerat: dimecres de 11:15 a 11:45 h</li>
</ul>
