{"id":9124,"date":"2023-12-20T10:39:52","date_gmt":"2023-12-20T09:39:52","guid":{"rendered":"https:\/\/agora.xtec.cat\/iesacumella\/?page_id=9124"},"modified":"2024-11-26T12:07:01","modified_gmt":"2024-11-26T11:07:01","slug":"pla-de-formacio-dels-professionals-del-centre","status":"publish","type":"page","link":"https:\/\/agora.xtec.cat\/iesacumella\/projecte-educatiu\/pla-de-formacio-dels-professionals-del-centre\/","title":{"rendered":"Pla de formaci\u00f3 dels professionals del centre"},"content":{"rendered":"<p>El nostre centre participa i dissenya activitats de desenvolupament professional i participa en xarxes i grups de treball amb altres centres. Alguns d&#8217;aquests projectes i grups estables s\u00f3n els que compartim a continuaci\u00f3.<\/p>\n<p>A m\u00e9s, anualment diversos docents del centre tamb\u00e9 participen en observacions a pr\u00e0ctiques de refer\u00e8ncia arreu d&#8217;Europa a trav\u00e9s del <a href=\"https:\/\/agora.xtec.cat\/iesacumella\/projecte-educatiu\/programa-erasmus\/job-shadowing\/\">Job-shadowing del programa Erasmus+<\/a> i a <a href=\"https:\/\/agora.xtec.cat\/iesacumella\/projecte-educatiu\/programa-erasmus\/formacio-erasmus\/\">cursos de formaci\u00f3 del mateix programa<\/a>.<\/p>\n<h2>Xarxa de Compet\u00e8ncies<\/h2>\n<p><img loading=\"lazy\" decoding=\"async\" class=\"alignright wp-image-9128 size-full\" src=\"https:\/\/agora.xtec.cat\/iesacumella\/wp-content\/uploads\/usu1642\/2023\/12\/xdc.jpg\" alt=\"\" width=\"377\" height=\"133\" srcset=\"https:\/\/agora.xtec.cat\/iesacumella\/wp-content\/uploads\/usu1642\/2023\/12\/xdc.jpg 377w, https:\/\/agora.xtec.cat\/iesacumella\/wp-content\/uploads\/usu1642\/2023\/12\/xdc-300x106.jpg 300w\" sizes=\"auto, (max-width: 377px) 100vw, 377px\" \/>La Xarxa de Compet\u00e8ncies est\u00e0 formada per docents d&#8217;educaci\u00f3 infantil, prim\u00e0ria i secund\u00e0ria que reflexionen i actuen en equip per transformar l\u2019escola en un espai que afavoreixi l\u2019aprenentatge. El nostre institut hi participa des del curs 2020-2021. L&#8217;equip de docents es reuneix una tarda al mes per dissenyar activitats i projectes de centre, elaborar instruments de suport i compartir significats, coneixements i experi\u00e8ncies amb l&#8217;objectiu de millorar l&#8217;\u00e8xit educatiu del nostre alumnat.<\/p>\n<h2>Recercaula<\/h2>\n<p><img loading=\"lazy\" decoding=\"async\" class=\"alignright wp-image-9130 size-thumbnail\" src=\"https:\/\/agora.xtec.cat\/iesacumella\/wp-content\/uploads\/usu1642\/2023\/12\/recercaula-150x150.jpg\" alt=\"\" width=\"150\" height=\"150\" srcset=\"https:\/\/agora.xtec.cat\/iesacumella\/wp-content\/uploads\/usu1642\/2023\/12\/recercaula-150x150.jpg 150w, https:\/\/agora.xtec.cat\/iesacumella\/wp-content\/uploads\/usu1642\/2023\/12\/recercaula.jpg 225w\" sizes=\"auto, (max-width: 150px) 100vw, 150px\" \/>Participem a la primera edici\u00f3 del programa Recercaula (2023-2026). Es tracta d&#8217;un programa d&#8217;innovaci\u00f3 amb l&#8217;objectiu de fomentar la pr\u00e0ctica educativa basada en l&#8217;evid\u00e8ncia a trav\u00e9s de la metodologia de recerca acci\u00f3 i millorar la qualitat de l&#8217;ensenyament-aprenentatge a partir d&#8217;evid\u00e8ncies generades pels docents. El nostre equip de 6 docents ha iniciat una recerca amb l&#8217;objectiu de millorar l&#8217;\u00fas del <em>feedback<\/em> durant les activitats d&#8217;aprenentatge al centre. A m\u00e9s, s&#8217;ha engegat un seminari mensual per compartir articles de recerca en did\u00e0ctica amb els companys de la Xarxa de Compet\u00e8ncies.<\/p>\n<h2>Xarxa de Compet\u00e8ncia Lectora<\/h2>\n<p><img loading=\"lazy\" decoding=\"async\" class=\"alignright size-thumbnail wp-image-9286\" src=\"https:\/\/agora.xtec.cat\/iesacumella\/wp-content\/uploads\/usu1642\/2024\/11\/xcl-150x150.png\" alt=\"\" width=\"150\" height=\"150\" \/>El nostre institut participa a la Xarxa de compet\u00e8ncia lectora (XCL), una xarxa territorial (Maresme-Vall\u00e8s Oriental) que, mitjan\u00e7ant la reflexi\u00f3 docent, l&#8217;intercanvi de coneixements i de bones pr\u00e0ctiques, t\u00e9 com objectiu principal millorar la compet\u00e8ncia lectora de l&#8217;alumnat. \u00c9s per aix\u00f2 que durant les sessions de formaci\u00f3 interna on hi participa professorat del centre es comparteixen bones pr\u00e0ctiques de lectura amb la finalitat de divulgar-les i oferir i compartir materials, eines, estrat\u00e8gies i activitats per al desenvolupament de la compet\u00e8ncia lectora de la nostra comunitat educativa.<\/p>\n<h2>Grup de treball ReMA: Recerca Matem\u00e0tica Aplicada a l&#8217;Aula<\/h2>\n<p>El grup de <a href=\"https:\/\/grup-rema.github.io\/\">Recerca matem\u00e0tica aplicada a l&#8217;aula (ReMA)<\/a> \u00e9s un grup de treball de docents de matem\u00e0tiques de diversos centres interessats en la recerca en did\u00e0ctica de les matem\u00e0tiques i la seva aplicaci\u00f3 pr\u00e0ctica a l&#8217;aula. Actualment existeixen dos grups: el ReMA Vall\u00e8s (a Granollers) i ReMA Pirineu (a Puigcerd\u00e0). Professors del nostre centre participen i coordinen aquest grup des del seu inici (curs 2019-2020). El curs 2023-2024 tamb\u00e9 participem als <a href=\"https:\/\/serveiseducatius.xtec.cat\/cesire\/recurs-eco2\/nim-nodes-dimpuls-matematic\/\">Nodes d&#8217;Impuls Matem\u00e0tic<\/a>.<\/p>\n<h2>Estudi de classes: Laboratori de Matem\u00e0tiques i\u00a0<em>Thinking Classrooms in Mathematics<\/em><\/h2>\n<p>Els docents del Departament de Matem\u00e0tiques duen a terme des del curs 2024-2025 un projecte d&#8217;Estudi de classes (<em>Lesson Study<\/em>) centrat en la nova aula de Laboratori de Matem\u00e0tiques i l&#8217;enfocament plantejat per Peter Liljedahl a <em>Building Thinking Classrooms in Mathematics<\/em>. L&#8217;Estudi de classes \u00e9s un model de desenvolupament professional del professorat basat en una formaci\u00f3-acci\u00f3 col\u00b7laborativa que consisteix en el disseny i l&#8217;experimentaci\u00f3 d&#8217;una activitat d&#8217;aula, la seva observaci\u00f3 per part dels docents de tot el departament i una an\u00e0lisi cr\u00edtica posterior per finalitzar amb una proposta de millora.<\/p>\n","protected":false},"excerpt":{"rendered":"<p>El nostre centre participa i dissenya activitats de desenvolupament professional i participa en xarxes i grups de treball amb altres centres. Alguns d&#8217;aquests projectes i grups estables s\u00f3n els que compartim a continuaci\u00f3.<br \/>\nA m\u00e9s, anualment diversos docents del centre tamb\u00e9 participen en observacions a pr\u00e0ctiques&hellip;  <a href=\"https:\/\/agora.xtec.cat\/iesacumella\/projecte-educatiu\/pla-de-formacio-dels-professionals-del-centre\/\" title=\"Read Pla de formaci\u00f3 dels professionals del centre\">Llegeix m\u00e9s\u00bb<\/a><\/p>\n","protected":false},"author":1,"featured_media":0,"parent":57,"menu_order":10,"comment_status":"closed","ping_status":"closed","template":"page-templates\/side-menu.php","meta":{"_bbp_topic_count":0,"_bbp_reply_count":0,"_bbp_total_topic_count":0,"_bbp_total_reply_count":0,"_bbp_voice_count":0,"_bbp_anonymous_reply_count":0,"_bbp_topic_count_hidden":0,"_bbp_reply_count_hidden":0,"_bbp_forum_subforum_count":0,"footnotes":""},"class_list":["post-9124","page","type-page","status-publish","hentry"],"post_mailing_queue_ids":[],"_links":{"self":[{"href":"https:\/\/agora.xtec.cat\/iesacumella\/wp-json\/wp\/v2\/pages\/9124","targetHints":{"allow":["GET"]}}],"collection":[{"href":"https:\/\/agora.xtec.cat\/iesacumella\/wp-json\/wp\/v2\/pages"}],"about":[{"href":"https:\/\/agora.xtec.cat\/iesacumella\/wp-json\/wp\/v2\/types\/page"}],"author":[{"embeddable":true,"href":"https:\/\/agora.xtec.cat\/iesacumella\/wp-json\/wp\/v2\/users\/1"}],"replies":[{"embeddable":true,"href":"https:\/\/agora.xtec.cat\/iesacumella\/wp-json\/wp\/v2\/comments?post=9124"}],"version-history":[{"count":6,"href":"https:\/\/agora.xtec.cat\/iesacumella\/wp-json\/wp\/v2\/pages\/9124\/revisions"}],"predecessor-version":[{"id":9287,"href":"https:\/\/agora.xtec.cat\/iesacumella\/wp-json\/wp\/v2\/pages\/9124\/revisions\/9287"}],"up":[{"embeddable":true,"href":"https:\/\/agora.xtec.cat\/iesacumella\/wp-json\/wp\/v2\/pages\/57"}],"wp:attachment":[{"href":"https:\/\/agora.xtec.cat\/iesacumella\/wp-json\/wp\/v2\/media?parent=9124"}],"curies":[{"name":"wp","href":"https:\/\/api.w.org\/{rel}","templated":true}]}}

Pla de formació dels professionals del centre

<p>El nostre centre participa i dissenya activitats de desenvolupament professional i participa en xarxes i grups de treball amb altres centres. Alguns d&#8217;aquests projectes i grups estables són els que compartim a continuació.</p>
<p>A més, anualment diversos docents del centre també participen en observacions a pràctiques de referència arreu d&#8217;Europa a través del <a href="https://agora.xtec.cat/iesacumella/projecte-educatiu/programa-erasmus/job-shadowing/">Job-shadowing del programa Erasmus+</a> i a <a href="https://agora.xtec.cat/iesacumella/projecte-educatiu/programa-erasmus/formacio-erasmus/">cursos de formació del mateix programa</a>.</p>
<h2>Xarxa de Competències</h2>
<p><img loading="lazy" decoding="async" class="alignright wp-image-9128 size-full" src="https://agora.xtec.cat/iesacumella/wp-content/uploads/usu1642/2023/12/xdc.jpg" alt="" width="377" height="133" srcset="https://agora.xtec.cat/iesacumella/wp-content/uploads/usu1642/2023/12/xdc.jpg 377w, https://agora.xtec.cat/iesacumella/wp-content/uploads/usu1642/2023/12/xdc-300x106.jpg 300w" sizes="auto, (max-width: 377px) 100vw, 377px" />La Xarxa de Competències està formada per docents d&#8217;educació infantil, primària i secundària que reflexionen i actuen en equip per transformar l’escola en un espai que afavoreixi l’aprenentatge. El nostre institut hi participa des del curs 2020-2021. L&#8217;equip de docents es reuneix una tarda al mes per dissenyar activitats i projectes de centre, elaborar instruments de suport i compartir significats, coneixements i experiències amb l&#8217;objectiu de millorar l&#8217;èxit educatiu del nostre alumnat.</p>
<h2>Recercaula</h2>
<p><img loading="lazy" decoding="async" class="alignright wp-image-9130 size-thumbnail" src="https://agora.xtec.cat/iesacumella/wp-content/uploads/usu1642/2023/12/recercaula-150x150.jpg" alt="" width="150" height="150" srcset="https://agora.xtec.cat/iesacumella/wp-content/uploads/usu1642/2023/12/recercaula-150x150.jpg 150w, https://agora.xtec.cat/iesacumella/wp-content/uploads/usu1642/2023/12/recercaula.jpg 225w" sizes="auto, (max-width: 150px) 100vw, 150px" />Participem a la primera edició del programa Recercaula (2023-2026). Es tracta d&#8217;un programa d&#8217;innovació amb l&#8217;objectiu de fomentar la pràctica educativa basada en l&#8217;evidència a través de la metodologia de recerca acció i millorar la qualitat de l&#8217;ensenyament-aprenentatge a partir d&#8217;evidències generades pels docents. El nostre equip de 6 docents ha iniciat una recerca amb l&#8217;objectiu de millorar l&#8217;ús del <em>feedback</em> durant les activitats d&#8217;aprenentatge al centre. A més, s&#8217;ha engegat un seminari mensual per compartir articles de recerca en didàctica amb els companys de la Xarxa de Competències.</p>
<h2>Xarxa de Competència Lectora</h2>
<p><img loading="lazy" decoding="async" class="alignright size-thumbnail wp-image-9286" src="https://agora.xtec.cat/iesacumella/wp-content/uploads/usu1642/2024/11/xcl-150x150.png" alt="" width="150" height="150" />El nostre institut participa a la Xarxa de competència lectora (XCL), una xarxa territorial (Maresme-Vallès Oriental) que, mitjançant la reflexió docent, l&#8217;intercanvi de coneixements i de bones pràctiques, té com objectiu principal millorar la competència lectora de l&#8217;alumnat. És per això que durant les sessions de formació interna on hi participa professorat del centre es comparteixen bones pràctiques de lectura amb la finalitat de divulgar-les i oferir i compartir materials, eines, estratègies i activitats per al desenvolupament de la competència lectora de la nostra comunitat educativa.</p>
<h2>Grup de treball ReMA: Recerca Matemàtica Aplicada a l&#8217;Aula</h2>
<p>El grup de <a href="https://grup-rema.github.io/">Recerca matemàtica aplicada a l&#8217;aula (ReMA)</a> és un grup de treball de docents de matemàtiques de diversos centres interessats en la recerca en didàctica de les matemàtiques i la seva aplicació pràctica a l&#8217;aula. Actualment existeixen dos grups: el ReMA Vallès (a Granollers) i ReMA Pirineu (a Puigcerdà). Professors del nostre centre participen i coordinen aquest grup des del seu inici (curs 2019-2020). El curs 2023-2024 també participem als <a href="https://serveiseducatius.xtec.cat/cesire/recurs-eco2/nim-nodes-dimpuls-matematic/">Nodes d&#8217;Impuls Matemàtic</a>.</p>
<h2>Estudi de classes: Laboratori de Matemàtiques i <em>Thinking Classrooms in Mathematics</em></h2>
<p>Els docents del Departament de Matemàtiques duen a terme des del curs 2024-2025 un projecte d&#8217;Estudi de classes (<em>Lesson Study</em>) centrat en la nova aula de Laboratori de Matemàtiques i l&#8217;enfocament plantejat per Peter Liljedahl a <em>Building Thinking Classrooms in Mathematics</em>. L&#8217;Estudi de classes és un model de desenvolupament professional del professorat basat en una formació-acció col·laborativa que consisteix en el disseny i l&#8217;experimentació d&#8217;una activitat d&#8217;aula, la seva observació per part dels docents de tot el departament i una anàlisi crítica posterior per finalitzar amb una proposta de millora.</p>

<p>El nostre centre participa i dissenya activitats de desenvolupament professional i participa en xarxes i grups de treball amb altres centres. Alguns d&#8217;aquests projectes i grups estables són els que compartim a continuació.<br />
A més, anualment diversos docents del centre també participen en observacions a pràctiques&hellip;  <a href="https://agora.xtec.cat/iesacumella/projecte-educatiu/pla-de-formacio-dels-professionals-del-centre/" title="Read Pla de formació dels professionals del centre">Llegeix més»</a></p>
