{"id":9119,"date":"2023-11-16T11:11:43","date_gmt":"2023-11-16T10:11:43","guid":{"rendered":"https:\/\/agora.xtec.cat\/iesacumella\/?page_id=9119"},"modified":"2024-12-16T12:25:00","modified_gmt":"2024-12-16T11:25:00","slug":"next-stop-diversity-2023-2024","status":"publish","type":"page","link":"https:\/\/agora.xtec.cat\/iesacumella\/projecte-educatiu\/programa-erasmus\/next-stop-diversity-2023-2024\/","title":{"rendered":"Next stop: Diversity! (2023-2024)"},"content":{"rendered":"<p><b><img loading=\"lazy\" decoding=\"async\" class=\"alignright size-medium wp-image-9354\" src=\"https:\/\/agora.xtec.cat\/iesacumella\/wp-content\/uploads\/usu1642\/2024\/12\/LOGO-2-WINNER-3-300x300.png\" alt=\"\" width=\"300\" height=\"300\" srcset=\"https:\/\/agora.xtec.cat\/iesacumella\/wp-content\/uploads\/usu1642\/2024\/12\/LOGO-2-WINNER-3-300x300.png 300w, https:\/\/agora.xtec.cat\/iesacumella\/wp-content\/uploads\/usu1642\/2024\/12\/LOGO-2-WINNER-3-150x150.png 150w, https:\/\/agora.xtec.cat\/iesacumella\/wp-content\/uploads\/usu1642\/2024\/12\/LOGO-2-WINNER-3.png 500w\" sizes=\"auto, (max-width: 300px) 100vw, 300px\" \/>Objectiu:<\/b><span style=\"font-weight: 400;\"> Abordar la millora de la <\/span><b>conviv\u00e8ncia<\/b><span style=\"font-weight: 400;\"> treballant la interculturalitat, la igualtat, la <\/span><b>coeducaci\u00f3<\/b><span style=\"font-weight: 400;\"> i la prevenci\u00f3 de la viol\u00e8ncia de g\u00e8nere.<\/span><\/p>\n<p><b>Activitats:<\/b><span style=\"font-weight: 400;\"> Tallers sobre la diversitat, la coeducaci\u00f3 i la interculturalitat i creaci\u00f3 per part de l\u2019alumnat de campanyes de conscienciaci\u00f3 i sensibilitzaci\u00f3 i realitzaci\u00f3 de creacions\u00a0 art\u00edstiques relacionades amb l\u2019objectiu del projecte.\u00a0<\/span><\/p>\n<p><b>Mat\u00e8ries implicades:<\/b><span style=\"font-weight: 400;\"> Angl\u00e8s, Alemany, Socials i Projecte RCS<\/span><\/p>\n<p><b>Mobilitats: <\/b><span style=\"font-weight: 400;\">Hamburg, ALEMANIA (Gener 2024), Granollers (Febrer 2024), Cagliari IT\u00c0LIA (Abril 2024)<\/span><\/p>\n<p><b>Participants:<\/b><span style=\"font-weight: 400;\"> Tot el nivell de 4t d\u2019ESO. D\u2019aquests, 30 alumnes realitzen les mobilitats (20 a Hamburg, 10 a Cagliari).<\/span><\/p>\n<p><span style=\"font-weight: 400;\">La selecci\u00f3 de l\u2019alumnat participant a les mobilitats es fa seguint els seg\u00fcents criteris d\u2019inter\u00e8s i motivaci\u00f3 per participar a la mobilitat, entrevista personal, comprom\u00eds amb l\u2019objectiu associat a la mobilitat mostrant inter\u00e8s a les hores de les mat\u00e8ries que hi participen i implicaci\u00f3 amb el centre.<\/span><\/p>\n<p><b>Resultats del projecte:<\/b><a href=\"https:\/\/sites.google.com\/iesacumella.cat\/erasmus-2023-2024\/inici\"><span style=\"font-weight: 400;\"> Web del projecte Next stop: Diversity!<\/span><\/a><\/p>\n","protected":false},"excerpt":{"rendered":"<p>Objectiu: Abordar la millora de la conviv\u00e8ncia treballant la interculturalitat, la igualtat, la coeducaci\u00f3 i la prevenci\u00f3 de la viol\u00e8ncia de g\u00e8nere.<br \/>\nActivitats: Tallers sobre la diversitat, la coeducaci\u00f3 i la interculturalitat i creaci\u00f3 per part de l\u2019alumnat de campanyes de conscienciaci\u00f3 i sensibilitzaci\u00f3 i realitzaci\u00f3&hellip;  <a href=\"https:\/\/agora.xtec.cat\/iesacumella\/projecte-educatiu\/programa-erasmus\/next-stop-diversity-2023-2024\/\" title=\"Read Next stop: Diversity! (2023-2024)\">Llegeix m\u00e9s\u00bb<\/a><\/p>\n","protected":false},"author":1,"featured_media":0,"parent":3432,"menu_order":5,"comment_status":"closed","ping_status":"closed","template":"page-templates\/side-menu.php","meta":{"_bbp_topic_count":0,"_bbp_reply_count":0,"_bbp_total_topic_count":0,"_bbp_total_reply_count":0,"_bbp_voice_count":0,"_bbp_anonymous_reply_count":0,"_bbp_topic_count_hidden":0,"_bbp_reply_count_hidden":0,"_bbp_forum_subforum_count":0,"footnotes":""},"class_list":["post-9119","page","type-page","status-publish","hentry"],"post_mailing_queue_ids":[],"_links":{"self":[{"href":"https:\/\/agora.xtec.cat\/iesacumella\/wp-json\/wp\/v2\/pages\/9119","targetHints":{"allow":["GET"]}}],"collection":[{"href":"https:\/\/agora.xtec.cat\/iesacumella\/wp-json\/wp\/v2\/pages"}],"about":[{"href":"https:\/\/agora.xtec.cat\/iesacumella\/wp-json\/wp\/v2\/types\/page"}],"author":[{"embeddable":true,"href":"https:\/\/agora.xtec.cat\/iesacumella\/wp-json\/wp\/v2\/users\/1"}],"replies":[{"embeddable":true,"href":"https:\/\/agora.xtec.cat\/iesacumella\/wp-json\/wp\/v2\/comments?post=9119"}],"version-history":[{"count":3,"href":"https:\/\/agora.xtec.cat\/iesacumella\/wp-json\/wp\/v2\/pages\/9119\/revisions"}],"predecessor-version":[{"id":9355,"href":"https:\/\/agora.xtec.cat\/iesacumella\/wp-json\/wp\/v2\/pages\/9119\/revisions\/9355"}],"up":[{"embeddable":true,"href":"https:\/\/agora.xtec.cat\/iesacumella\/wp-json\/wp\/v2\/pages\/3432"}],"wp:attachment":[{"href":"https:\/\/agora.xtec.cat\/iesacumella\/wp-json\/wp\/v2\/media?parent=9119"}],"curies":[{"name":"wp","href":"https:\/\/api.w.org\/{rel}","templated":true}]}}

<p><b><img loading="lazy" decoding="async" class="alignright size-medium wp-image-9354" src="https://agora.xtec.cat/iesacumella/wp-content/uploads/usu1642/2024/12/LOGO-2-WINNER-3-300x300.png" alt="" width="300" height="300" srcset="https://agora.xtec.cat/iesacumella/wp-content/uploads/usu1642/2024/12/LOGO-2-WINNER-3-300x300.png 300w, https://agora.xtec.cat/iesacumella/wp-content/uploads/usu1642/2024/12/LOGO-2-WINNER-3-150x150.png 150w, https://agora.xtec.cat/iesacumella/wp-content/uploads/usu1642/2024/12/LOGO-2-WINNER-3.png 500w" sizes="auto, (max-width: 300px) 100vw, 300px" />Objectiu:</b><span style="font-weight: 400;"> Abordar la millora de la </span><b>convivència</b><span style="font-weight: 400;"> treballant la interculturalitat, la igualtat, la </span><b>coeducació</b><span style="font-weight: 400;"> i la prevenció de la violència de gènere.</span></p>
<p><b>Activitats:</b><span style="font-weight: 400;"> Tallers sobre la diversitat, la coeducació i la interculturalitat i creació per part de l’alumnat de campanyes de conscienciació i sensibilització i realització de creacions  artístiques relacionades amb l’objectiu del projecte. </span></p>
<p><b>Matèries implicades:</b><span style="font-weight: 400;"> Anglès, Alemany, Socials i Projecte RCS</span></p>
<p><b>Mobilitats: </b><span style="font-weight: 400;">Hamburg, ALEMANIA (Gener 2024), Granollers (Febrer 2024), Cagliari ITÀLIA (Abril 2024)</span></p>
<p><b>Participants:</b><span style="font-weight: 400;"> Tot el nivell de 4t d’ESO. D’aquests, 30 alumnes realitzen les mobilitats (20 a Hamburg, 10 a Cagliari).</span></p>
<p><span style="font-weight: 400;">La selecció de l’alumnat participant a les mobilitats es fa seguint els següents criteris d’interès i motivació per participar a la mobilitat, entrevista personal, compromís amb l’objectiu associat a la mobilitat mostrant interès a les hores de les matèries que hi participen i implicació amb el centre.</span></p>
<p><b>Resultats del projecte:</b><a href="https://sites.google.com/iesacumella.cat/erasmus-2023-2024/inici"><span style="font-weight: 400;"> Web del projecte Next stop: Diversity!</span></a></p>

<p>Objectiu: Abordar la millora de la convivència treballant la interculturalitat, la igualtat, la coeducació i la prevenció de la violència de gènere.<br />
Activitats: Tallers sobre la diversitat, la coeducació i la interculturalitat i creació per part de l’alumnat de campanyes de conscienciació i sensibilització i realització&hellip;  <a href="https://agora.xtec.cat/iesacumella/projecte-educatiu/programa-erasmus/next-stop-diversity-2023-2024/" title="Read Next stop: Diversity! (2023-2024)">Llegeix més»</a></p>
