{"id":9055,"date":"2023-07-20T10:32:05","date_gmt":"2023-07-20T08:32:05","guid":{"rendered":"https:\/\/agora.xtec.cat\/iesacumella\/?page_id=9055"},"modified":"2024-04-10T09:55:32","modified_gmt":"2024-04-10T07:55:32","slug":"cultura-digital","status":"publish","type":"page","link":"https:\/\/agora.xtec.cat\/iesacumella\/projecte-educatiu\/estrategia-digital-de-centre\/cultura-digital\/","title":{"rendered":"Cultura Digital"},"content":{"rendered":"<p>En aquesta secci\u00f3 es recullen tots els documents del centre que fan refer\u00e8ncia a aspectes de la cultura digital.<\/p>\n<h2>Infraestructura<\/h2>\n<p>Totes les aules del centre disposen de sistemes de projecci\u00f3 per a poder desenvolupar l\u2019aprenentatge amb eines digitals i virtuals. En els diferents espais del centre es pot accedir a la xarxa WiFi gencat_ENS_EDU, que d\u00f3na connexi\u00f3 inal\u00e0mbrica a Internet a tots els dispositius. A m\u00e9s, a la majoria de les aules es disposa de 3 punts d\u2019acc\u00e9s a trav\u00e9s de cable Ethernet.<\/p>\n<p>S\u2019aplica el model 1&#215;1 a tots els nivells (de 1r d\u2019ESO a 2n de Batxillerat). Tots els professors i alumnes tenen dispositius digitals proporcionats pel centre (chromebooks pels alumnes i port\u00e0tils amb Windows pels professors). Els gestiona la Coordinadora Digital a trav\u00e9s del GSuite del centre. La resta de dispositius\u00a0 que es troben en algunes de les aules (aula d\u2019inform\u00e0tica, Aula d\u2019acollida, SIEI, laboratori de Ci\u00e8ncies Naturals i carros de chromebook propis del centre) s\u00f3n gestionats directament per la Coordinadora Digital.<\/p>\n<p>&nbsp;<\/p>\n<h2>Plataforma digital<\/h2>\n<p>El centre disposa d&#8217;un domini G Suite for Education propi. D&#8217;aquesta manera, alumnat, professorat, personal d&#8217;administraci\u00f3 i fam\u00edlies disposen d&#8217;un usuari @iesacumella.cat.<\/p>\n<h2>Documentaci\u00f3<\/h2>\n<p>El centre organitza tota la documentaci\u00f3 en unitats compartides. Aquestes unitats es comparteixen exclusivament amb grups, de tal manera que en tot moment es controla qui t\u00e9 acc\u00e9s a la informaci\u00f3. Els documents s&#8217;organitzen a la unitat corresponent al grup que \u00e9s destinatari d\u2019aquell document. A m\u00e9s, la majoria de Departaments tamb\u00e9 tenen la seva pr\u00f2pia unitat compartida.<\/p>\n","protected":false},"excerpt":{"rendered":"<p>En aquesta secci\u00f3 es recullen tots els documents del centre que fan refer\u00e8ncia a aspectes de la cultura digital.<br \/>\nInfraestructura<br \/>\nTotes les aules del centre disposen de sistemes de projecci\u00f3 per a poder desenvolupar l\u2019aprenentatge amb eines digitals i virtuals. En els diferents espais del centre es&hellip;  <a href=\"https:\/\/agora.xtec.cat\/iesacumella\/projecte-educatiu\/estrategia-digital-de-centre\/cultura-digital\/\" title=\"Read Cultura Digital\">Llegeix m\u00e9s\u00bb<\/a><\/p>\n","protected":false},"author":1,"featured_media":0,"parent":8854,"menu_order":2,"comment_status":"closed","ping_status":"closed","template":"page-templates\/side-menu.php","meta":{"_bbp_topic_count":0,"_bbp_reply_count":0,"_bbp_total_topic_count":0,"_bbp_total_reply_count":0,"_bbp_voice_count":0,"_bbp_anonymous_reply_count":0,"_bbp_topic_count_hidden":0,"_bbp_reply_count_hidden":0,"_bbp_forum_subforum_count":0,"footnotes":""},"class_list":["post-9055","page","type-page","status-publish","hentry"],"post_mailing_queue_ids":[],"_links":{"self":[{"href":"https:\/\/agora.xtec.cat\/iesacumella\/wp-json\/wp\/v2\/pages\/9055","targetHints":{"allow":["GET"]}}],"collection":[{"href":"https:\/\/agora.xtec.cat\/iesacumella\/wp-json\/wp\/v2\/pages"}],"about":[{"href":"https:\/\/agora.xtec.cat\/iesacumella\/wp-json\/wp\/v2\/types\/page"}],"author":[{"embeddable":true,"href":"https:\/\/agora.xtec.cat\/iesacumella\/wp-json\/wp\/v2\/users\/1"}],"replies":[{"embeddable":true,"href":"https:\/\/agora.xtec.cat\/iesacumella\/wp-json\/wp\/v2\/comments?post=9055"}],"version-history":[{"count":4,"href":"https:\/\/agora.xtec.cat\/iesacumella\/wp-json\/wp\/v2\/pages\/9055\/revisions"}],"predecessor-version":[{"id":9160,"href":"https:\/\/agora.xtec.cat\/iesacumella\/wp-json\/wp\/v2\/pages\/9055\/revisions\/9160"}],"up":[{"embeddable":true,"href":"https:\/\/agora.xtec.cat\/iesacumella\/wp-json\/wp\/v2\/pages\/8854"}],"wp:attachment":[{"href":"https:\/\/agora.xtec.cat\/iesacumella\/wp-json\/wp\/v2\/media?parent=9055"}],"curies":[{"name":"wp","href":"https:\/\/api.w.org\/{rel}","templated":true}]}}

<p>En aquesta secció es recullen tots els documents del centre que fan referència a aspectes de la cultura digital.</p>
<h2>Infraestructura</h2>
<p>Totes les aules del centre disposen de sistemes de projecció per a poder desenvolupar l’aprenentatge amb eines digitals i virtuals. En els diferents espais del centre es pot accedir a la xarxa WiFi gencat_ENS_EDU, que dóna connexió inalàmbrica a Internet a tots els dispositius. A més, a la majoria de les aules es disposa de 3 punts d’accés a través de cable Ethernet.</p>
<p>S’aplica el model 1&#215;1 a tots els nivells (de 1r d’ESO a 2n de Batxillerat). Tots els professors i alumnes tenen dispositius digitals proporcionats pel centre (chromebooks pels alumnes i portàtils amb Windows pels professors). Els gestiona la Coordinadora Digital a través del GSuite del centre. La resta de dispositius  que es troben en algunes de les aules (aula d’informàtica, Aula d’acollida, SIEI, laboratori de Ciències Naturals i carros de chromebook propis del centre) són gestionats directament per la Coordinadora Digital.</p>
<p>&nbsp;</p>
<h2>Plataforma digital</h2>
<p>El centre disposa d&#8217;un domini G Suite for Education propi. D&#8217;aquesta manera, alumnat, professorat, personal d&#8217;administració i famílies disposen d&#8217;un usuari @iesacumella.cat.</p>
<h2>Documentació</h2>
<p>El centre organitza tota la documentació en unitats compartides. Aquestes unitats es comparteixen exclusivament amb grups, de tal manera que en tot moment es controla qui té accés a la informació. Els documents s&#8217;organitzen a la unitat corresponent al grup que és destinatari d’aquell document. A més, la majoria de Departaments també tenen la seva pròpia unitat compartida.</p>

<p>En aquesta secció es recullen tots els documents del centre que fan referència a aspectes de la cultura digital.<br />
Infraestructura<br />
Totes les aules del centre disposen de sistemes de projecció per a poder desenvolupar l’aprenentatge amb eines digitals i virtuals. En els diferents espais del centre es&hellip;  <a href="https://agora.xtec.cat/iesacumella/projecte-educatiu/estrategia-digital-de-centre/cultura-digital/" title="Read Cultura Digital">Llegeix més»</a></p>
