{"id":8854,"date":"2023-01-10T11:59:23","date_gmt":"2023-01-10T10:59:23","guid":{"rendered":"https:\/\/agora.xtec.cat\/iesacumella\/?page_id=8854"},"modified":"2023-07-20T11:01:03","modified_gmt":"2023-07-20T09:01:03","slug":"estrategia-digital-de-centre","status":"publish","type":"page","link":"https:\/\/agora.xtec.cat\/iesacumella\/projecte-educatiu\/estrategia-digital-de-centre\/","title":{"rendered":"Estrat\u00e8gia Digital de Centre"},"content":{"rendered":"<p>L\u2019Estrat\u00e8gia Digital de Centre (EDC) recull totes les accions que es realitzen en un centre, i les que es realitzaran a mitj\u00e0 termini, per aconseguir la m\u00e0xima compet\u00e8ncia digital de l\u2019alumnat, del professorat i del centre educatiu. T\u00e9 com a referent el <a href=\"https:\/\/educacio.gencat.cat\/ca\/departament\/linies-estrategiques\/pla-educacio-digital\/index.html\">Pla d\u2019educaci\u00f3 digital de Catalunya<\/a> (PEDC), on s\u2019indica la necessitat d\u2019assolir la fita d\u2019una societat digitalment competent, fent \u00e8mfasi en l\u2019equitat i tenint en compte l\u2019evoluci\u00f3 del context social i tecnol\u00f2gic. Es concreta en dues parts: l&#8217;<a href=\"https:\/\/agora.xtec.cat\/iesacumella\/projecte-educatiu\/estrategia-digital-de-centre\/estrategia-digital\/\">Estrat\u00e8gia Digita<\/a>l i la <a href=\"https:\/\/agora.xtec.cat\/iesacumella\/projecte-educatiu\/estrategia-digital-de-centre\/cultura-digital\/\">Cultura Digital<\/a>.<\/p>\n","protected":false},"excerpt":{"rendered":"<p>L\u2019Estrat\u00e8gia Digital de Centre (EDC) recull totes les accions que es realitzen en un centre, i les que es realitzaran a mitj\u00e0 termini, per aconseguir la m\u00e0xima compet\u00e8ncia digital de l\u2019alumnat, del professorat i del centre educatiu. T\u00e9 com a referent el <a href=\"https:\/\/educacio.gencat.cat\/ca\/departament\/linies-estrategiques\/pla-educacio-digital\/index.html\">Pla d\u2019educaci\u00f3&hellip;  <a href=\"https:\/\/agora.xtec.cat\/iesacumella\/projecte-educatiu\/estrategia-digital-de-centre\/\" title=\"Read Estrat\u00e8gia Digital de Centre\">Llegeix m\u00e9s\u00bb<\/a><\/p>\n","protected":false},"author":1,"featured_media":0,"parent":57,"menu_order":8,"comment_status":"closed","ping_status":"closed","template":"page-templates\/side-menu.php","meta":{"_bbp_topic_count":0,"_bbp_reply_count":0,"_bbp_total_topic_count":0,"_bbp_total_reply_count":0,"_bbp_voice_count":0,"_bbp_anonymous_reply_count":0,"_bbp_topic_count_hidden":0,"_bbp_reply_count_hidden":0,"_bbp_forum_subforum_count":0,"footnotes":""},"class_list":["post-8854","page","type-page","status-publish","hentry"],"post_mailing_queue_ids":[],"_links":{"self":[{"href":"https:\/\/agora.xtec.cat\/iesacumella\/wp-json\/wp\/v2\/pages\/8854","targetHints":{"allow":["GET"]}}],"collection":[{"href":"https:\/\/agora.xtec.cat\/iesacumella\/wp-json\/wp\/v2\/pages"}],"about":[{"href":"https:\/\/agora.xtec.cat\/iesacumella\/wp-json\/wp\/v2\/types\/page"}],"author":[{"embeddable":true,"href":"https:\/\/agora.xtec.cat\/iesacumella\/wp-json\/wp\/v2\/users\/1"}],"replies":[{"embeddable":true,"href":"https:\/\/agora.xtec.cat\/iesacumella\/wp-json\/wp\/v2\/comments?post=8854"}],"version-history":[{"count":3,"href":"https:\/\/agora.xtec.cat\/iesacumella\/wp-json\/wp\/v2\/pages\/8854\/revisions"}],"predecessor-version":[{"id":9057,"href":"https:\/\/agora.xtec.cat\/iesacumella\/wp-json\/wp\/v2\/pages\/8854\/revisions\/9057"}],"up":[{"embeddable":true,"href":"https:\/\/agora.xtec.cat\/iesacumella\/wp-json\/wp\/v2\/pages\/57"}],"wp:attachment":[{"href":"https:\/\/agora.xtec.cat\/iesacumella\/wp-json\/wp\/v2\/media?parent=8854"}],"curies":[{"name":"wp","href":"https:\/\/api.w.org\/{rel}","templated":true}]}}

Estratègia Digital de Centre

<p>L’Estratègia Digital de Centre (EDC) recull totes les accions que es realitzen en un centre, i les que es realitzaran a mitjà termini, per aconseguir la màxima competència digital de l’alumnat, del professorat i del centre educatiu. Té com a referent el <a href="https://educacio.gencat.cat/ca/departament/linies-estrategiques/pla-educacio-digital/index.html">Pla d’educació digital de Catalunya</a> (PEDC), on s’indica la necessitat d’assolir la fita d’una societat digitalment competent, fent èmfasi en l’equitat i tenint en compte l’evolució del context social i tecnològic. Es concreta en dues parts: l&#8217;<a href="https://agora.xtec.cat/iesacumella/projecte-educatiu/estrategia-digital-de-centre/estrategia-digital/">Estratègia Digita</a>l i la <a href="https://agora.xtec.cat/iesacumella/projecte-educatiu/estrategia-digital-de-centre/cultura-digital/">Cultura Digital</a>.</p>

<p>L’Estratègia Digital de Centre (EDC) recull totes les accions que es realitzen en un centre, i les que es realitzaran a mitjà termini, per aconseguir la màxima competència digital de l’alumnat, del professorat i del centre educatiu. Té com a referent el <a href="https://educacio.gencat.cat/ca/departament/linies-estrategiques/pla-educacio-digital/index.html">Pla d’educació&hellip;  <a href="https://agora.xtec.cat/iesacumella/projecte-educatiu/estrategia-digital-de-centre/" title="Read Estratègia Digital de Centre">Llegeix més»</a></p>
