{"id":8767,"date":"2022-10-25T11:38:10","date_gmt":"2022-10-25T09:38:10","guid":{"rendered":"https:\/\/agora.xtec.cat\/iesacumella\/?page_id=8767"},"modified":"2024-11-22T14:07:05","modified_gmt":"2024-11-22T13:07:05","slug":"gamification-in-interdisciplinary-education","status":"publish","type":"page","link":"https:\/\/agora.xtec.cat\/iesacumella\/projecte-educatiu\/programa-erasmus\/gamification-in-interdisciplinary-education\/","title":{"rendered":"Gamification in interdisciplinary education (2019-2022)"},"content":{"rendered":"<p>Aquest projecte Erasmus+ es va iniciar al setembre de 2019, va romandre aturat durant un any per la pand\u00e8mia de covid-19 i va finalitzar el juny de 2022. El projecte es va centrar en la <em>gamificaci\u00f3<\/em> com a eina motivadora per a l&#8217;aprenentatge. Els mateixos alumnes participants al projecte van crear jocs digitals educatius de diversos temes: cultura, matem\u00e0tiques, hist\u00f2ria, ci\u00e8ncies, geografia, art i aprenentatge de les lleng\u00fces. En aquest projecte hi van participar 6 pa\u00efsos, incloent-hi el nostre institut: B\u00e8lgica, Rep\u00fablica Txeca, It\u00e0lia, Hongria i Portugal. Durant el projecte es van fer sis mobilitats: una d&#8217;elles a Granollers, on vam acollir una trentena d&#8217;alumnes de tots els pa\u00efsos, i les altres cinc als altres pa\u00efsos participants, on un grup de 6 o 7 alumnes del nostre institut (d\u2019entre 15 i 17 anys) i dos docents va viatjar per posar en pr\u00e0ctica les compet\u00e8ncies digitals al mateix temps que es van endinsar en les diferents cultures de cada pa\u00eds.<br \/>\nDurant tot el projecte l\u2019alumnat del centre va poder seguir les diferents etapes des de l\u2019Erasmus Corner i les xarxes socials del centre (Instagram, Twitter i Facebook). I com a resultat final del projecte disposem d\u2019<a href=\"https:\/\/gamifiedproject.wixsite.com\/mysite\">una p\u00e0gina web amb 360 jocs digitals<\/a> sobre totes les tem\u00e0tiques per utilitzar amb tot l\u2019alumnat del centre sempre que es vulgui.<\/p>\n","protected":false},"excerpt":{"rendered":"<p>Aquest projecte Erasmus+ es va iniciar al setembre de 2019, va romandre aturat durant un any per la pand\u00e8mia de covid-19 i va finalitzar el juny de 2022. El projecte es va centrar en la gamificaci\u00f3 com a eina motivadora per a l&#8217;aprenentatge. Els mateixos&hellip;  <a href=\"https:\/\/agora.xtec.cat\/iesacumella\/projecte-educatiu\/programa-erasmus\/gamification-in-interdisciplinary-education\/\" title=\"Read Gamification in interdisciplinary education (2019-2022)\">Llegeix m\u00e9s\u00bb<\/a><\/p>\n","protected":false},"author":1,"featured_media":0,"parent":3432,"menu_order":3,"comment_status":"closed","ping_status":"closed","template":"page-templates\/side-menu.php","meta":{"_bbp_topic_count":0,"_bbp_reply_count":0,"_bbp_total_topic_count":0,"_bbp_total_reply_count":0,"_bbp_voice_count":0,"_bbp_anonymous_reply_count":0,"_bbp_topic_count_hidden":0,"_bbp_reply_count_hidden":0,"_bbp_forum_subforum_count":0,"footnotes":""},"class_list":["post-8767","page","type-page","status-publish","hentry"],"post_mailing_queue_ids":[],"_links":{"self":[{"href":"https:\/\/agora.xtec.cat\/iesacumella\/wp-json\/wp\/v2\/pages\/8767","targetHints":{"allow":["GET"]}}],"collection":[{"href":"https:\/\/agora.xtec.cat\/iesacumella\/wp-json\/wp\/v2\/pages"}],"about":[{"href":"https:\/\/agora.xtec.cat\/iesacumella\/wp-json\/wp\/v2\/types\/page"}],"author":[{"embeddable":true,"href":"https:\/\/agora.xtec.cat\/iesacumella\/wp-json\/wp\/v2\/users\/1"}],"replies":[{"embeddable":true,"href":"https:\/\/agora.xtec.cat\/iesacumella\/wp-json\/wp\/v2\/comments?post=8767"}],"version-history":[{"count":2,"href":"https:\/\/agora.xtec.cat\/iesacumella\/wp-json\/wp\/v2\/pages\/8767\/revisions"}],"predecessor-version":[{"id":8770,"href":"https:\/\/agora.xtec.cat\/iesacumella\/wp-json\/wp\/v2\/pages\/8767\/revisions\/8770"}],"up":[{"embeddable":true,"href":"https:\/\/agora.xtec.cat\/iesacumella\/wp-json\/wp\/v2\/pages\/3432"}],"wp:attachment":[{"href":"https:\/\/agora.xtec.cat\/iesacumella\/wp-json\/wp\/v2\/media?parent=8767"}],"curies":[{"name":"wp","href":"https:\/\/api.w.org\/{rel}","templated":true}]}}

<p>Aquest projecte Erasmus+ es va iniciar al setembre de 2019, va romandre aturat durant un any per la pandèmia de covid-19 i va finalitzar el juny de 2022. El projecte es va centrar en la <em>gamificació</em> com a eina motivadora per a l&#8217;aprenentatge. Els mateixos alumnes participants al projecte van crear jocs digitals educatius de diversos temes: cultura, matemàtiques, història, ciències, geografia, art i aprenentatge de les llengües. En aquest projecte hi van participar 6 països, incloent-hi el nostre institut: Bèlgica, República Txeca, Itàlia, Hongria i Portugal. Durant el projecte es van fer sis mobilitats: una d&#8217;elles a Granollers, on vam acollir una trentena d&#8217;alumnes de tots els països, i les altres cinc als altres països participants, on un grup de 6 o 7 alumnes del nostre institut (d’entre 15 i 17 anys) i dos docents va viatjar per posar en pràctica les competències digitals al mateix temps que es van endinsar en les diferents cultures de cada país.<br />
Durant tot el projecte l’alumnat del centre va poder seguir les diferents etapes des de l’Erasmus Corner i les xarxes socials del centre (Instagram, Twitter i Facebook). I com a resultat final del projecte disposem d’<a href="https://gamifiedproject.wixsite.com/mysite">una pàgina web amb 360 jocs digitals</a> sobre totes les temàtiques per utilitzar amb tot l’alumnat del centre sempre que es vulgui.</p>

<p>Aquest projecte Erasmus+ es va iniciar al setembre de 2019, va romandre aturat durant un any per la pandèmia de covid-19 i va finalitzar el juny de 2022. El projecte es va centrar en la gamificació com a eina motivadora per a l&#8217;aprenentatge. Els mateixos&hellip;  <a href="https://agora.xtec.cat/iesacumella/projecte-educatiu/programa-erasmus/gamification-in-interdisciplinary-education/" title="Read Gamification in interdisciplinary education (2019-2022)">Llegeix més»</a></p>
