{"id":8583,"date":"2022-05-31T12:05:19","date_gmt":"2022-05-31T10:05:19","guid":{"rendered":"https:\/\/agora.xtec.cat\/iesacumella\/?page_id=8583"},"modified":"2022-05-31T12:05:38","modified_gmt":"2022-05-31T10:05:38","slug":"ambit-practic-i-tastet-doficis","status":"publish","type":"page","link":"https:\/\/agora.xtec.cat\/iesacumella\/projecte-educatiu\/ambit-practic-i-tastet-doficis\/","title":{"rendered":"\u00c0mbit Pr\u00e0ctic i Tastet d&#8217;Oficis"},"content":{"rendered":"<p>A 3r i 4t d&#8217;ESO, alguns alumnes poden seguir un Programa de Diversificaci\u00f3 Curricular destinat a ajudar a assolir les compet\u00e8ncies b\u00e0siques de l&#8217;etapa. El Programa t\u00e9 dues formes: \u00c0mbit Pr\u00e0ctic i Tastet d&#8217;Oficis.<\/p>\n<p>A 3r d&#8217;ESO, els alumnes que segueixen el Programa de Diversificaci\u00f3 Curricular s&#8217;incorporen 8 hores setmanals a l&#8217;<strong>\u00c0mbit pr\u00e0ctic<\/strong>, que presenta a l&#8217;alumnat l&#8217;oportunitat de treballar en un context m\u00e9s pr\u00e0ctic i a la vegada refor\u00e7ar certes compet\u00e8ncies b\u00e0siques i h\u00e0bits de treball. L\u2019\u00c0mbit pr\u00e0ctic est\u00e0 orientat al treball dels \u00e0mbits social, cient\u00edfic i tecnol\u00f2gic i gira a l\u2019entorn del projecte d\u2019hort, de serveis de taller al centre i del programa de Suport Vital B\u00e0sic.. Inclou tamb\u00e9 un refor\u00e7 de les mat\u00e8ries instrumentals i preparaci\u00f3 espec\u00edfica de les proves d\u2019acc\u00e9s a grau mitj\u00e0. Es treballa en un grup redu\u00eft de 10 alumnes per facilitar-ne l\u2019atenci\u00f3. Participar de l\u2019\u00c0mbit pr\u00e0ctic no implica separar-se del grup ordinari i va lligat a la signatura d\u2019un programa individualitzat per cada alumne participant.<\/p>\n<p>A 4t d&#8217;ESO, els alumnes poden continuar 8 hores setmanals a l&#8217;\u00c0mbit pr\u00e0ctic o b\u00e9 incorporar-se al Tastet d&#8217;oficis, que consisteix en pr\u00e0ctiques en empreses de la ciutat.<\/p>\n","protected":false},"excerpt":{"rendered":"<p>A 3r i 4t d&#8217;ESO, alguns alumnes poden seguir un Programa de Diversificaci\u00f3 Curricular destinat a ajudar a assolir les compet\u00e8ncies b\u00e0siques de l&#8217;etapa. El Programa t\u00e9 dues formes: \u00c0mbit Pr\u00e0ctic i Tastet d&#8217;Oficis.<br \/>\nA 3r d&#8217;ESO, els alumnes que segueixen el Programa de Diversificaci\u00f3 Curricular&hellip;  <a href=\"https:\/\/agora.xtec.cat\/iesacumella\/projecte-educatiu\/ambit-practic-i-tastet-doficis\/\" title=\"Read \u00c0mbit Pr\u00e0ctic i Tastet d&#8217;Oficis\">Llegeix m\u00e9s\u00bb<\/a><\/p>\n","protected":false},"author":1,"featured_media":0,"parent":57,"menu_order":9,"comment_status":"closed","ping_status":"closed","template":"page-templates\/side-menu.php","meta":{"_bbp_topic_count":0,"_bbp_reply_count":0,"_bbp_total_topic_count":0,"_bbp_total_reply_count":0,"_bbp_voice_count":0,"_bbp_anonymous_reply_count":0,"_bbp_topic_count_hidden":0,"_bbp_reply_count_hidden":0,"_bbp_forum_subforum_count":0,"footnotes":""},"class_list":["post-8583","page","type-page","status-publish","hentry"],"post_mailing_queue_ids":[],"_links":{"self":[{"href":"https:\/\/agora.xtec.cat\/iesacumella\/wp-json\/wp\/v2\/pages\/8583","targetHints":{"allow":["GET"]}}],"collection":[{"href":"https:\/\/agora.xtec.cat\/iesacumella\/wp-json\/wp\/v2\/pages"}],"about":[{"href":"https:\/\/agora.xtec.cat\/iesacumella\/wp-json\/wp\/v2\/types\/page"}],"author":[{"embeddable":true,"href":"https:\/\/agora.xtec.cat\/iesacumella\/wp-json\/wp\/v2\/users\/1"}],"replies":[{"embeddable":true,"href":"https:\/\/agora.xtec.cat\/iesacumella\/wp-json\/wp\/v2\/comments?post=8583"}],"version-history":[{"count":1,"href":"https:\/\/agora.xtec.cat\/iesacumella\/wp-json\/wp\/v2\/pages\/8583\/revisions"}],"predecessor-version":[{"id":8584,"href":"https:\/\/agora.xtec.cat\/iesacumella\/wp-json\/wp\/v2\/pages\/8583\/revisions\/8584"}],"up":[{"embeddable":true,"href":"https:\/\/agora.xtec.cat\/iesacumella\/wp-json\/wp\/v2\/pages\/57"}],"wp:attachment":[{"href":"https:\/\/agora.xtec.cat\/iesacumella\/wp-json\/wp\/v2\/media?parent=8583"}],"curies":[{"name":"wp","href":"https:\/\/api.w.org\/{rel}","templated":true}]}}

Àmbit Pràctic i Tastet d&#8217;Oficis

<p>A 3r i 4t d&#8217;ESO, alguns alumnes poden seguir un Programa de Diversificació Curricular destinat a ajudar a assolir les competències bàsiques de l&#8217;etapa. El Programa té dues formes: Àmbit Pràctic i Tastet d&#8217;Oficis.</p>
<p>A 3r d&#8217;ESO, els alumnes que segueixen el Programa de Diversificació Curricular s&#8217;incorporen 8 hores setmanals a l&#8217;<strong>Àmbit pràctic</strong>, que presenta a l&#8217;alumnat l&#8217;oportunitat de treballar en un context més pràctic i a la vegada reforçar certes competències bàsiques i hàbits de treball. L’Àmbit pràctic està orientat al treball dels àmbits social, científic i tecnològic i gira a l’entorn del projecte d’hort, de serveis de taller al centre i del programa de Suport Vital Bàsic.. Inclou també un reforç de les matèries instrumentals i preparació específica de les proves d’accés a grau mitjà. Es treballa en un grup reduït de 10 alumnes per facilitar-ne l’atenció. Participar de l’Àmbit pràctic no implica separar-se del grup ordinari i va lligat a la signatura d’un programa individualitzat per cada alumne participant.</p>
<p>A 4t d&#8217;ESO, els alumnes poden continuar 8 hores setmanals a l&#8217;Àmbit pràctic o bé incorporar-se al Tastet d&#8217;oficis, que consisteix en pràctiques en empreses de la ciutat.</p>

<p>A 3r i 4t d&#8217;ESO, alguns alumnes poden seguir un Programa de Diversificació Curricular destinat a ajudar a assolir les competències bàsiques de l&#8217;etapa. El Programa té dues formes: Àmbit Pràctic i Tastet d&#8217;Oficis.<br />
A 3r d&#8217;ESO, els alumnes que segueixen el Programa de Diversificació Curricular&hellip;  <a href="https://agora.xtec.cat/iesacumella/projecte-educatiu/ambit-practic-i-tastet-doficis/" title="Read Àmbit Pràctic i Tastet d&#8217;Oficis">Llegeix més»</a></p>
