{"id":8494,"date":"2022-04-07T09:39:28","date_gmt":"2022-04-07T07:39:28","guid":{"rendered":"https:\/\/agora.xtec.cat\/iesacumella\/?page_id=8494"},"modified":"2022-04-07T11:48:36","modified_gmt":"2022-04-07T09:48:36","slug":"accio-lila","status":"publish","type":"page","link":"https:\/\/agora.xtec.cat\/iesacumella\/projecte-educatiu\/accio-lila\/","title":{"rendered":"Acci\u00f3 lila"},"content":{"rendered":"<p>L&#8217;<strong>Acci\u00f3 lila<\/strong> de l&#8217;Institut Antoni Cumella est\u00e0 formada per un grup d&#8217;alumnes que, des de una mirada feminista, duen a terme accions per defensar la igualtat entre tots i totes, lluitant contra els estereotips de g\u00e8nere, racials i culturals. Ens reunim a l&#8217;hora del pati en l&#8217;espai acci\u00f3 i fem micro formacions sobre hist\u00f2ria del feminisme, viol\u00e8ncia de g\u00e8nere, viol\u00e8ncia sexual, a m\u00e9s de parlar sobre qualsevol situaci\u00f3 que es produeix a l&#8217;Institut que tingui a veure amb aquests temes.<\/p>\n<p>Celebrem efem\u00e8rides visibilitzant les fites de les dones, de les minories socials com el col\u00b7lectiu LGBIQ+ o les persones racialitzades, amb la intenci\u00f3 de fomentar la igualtat en totes les persones independentment del seu g\u00e8nere, origen, religi\u00f3, o orientaci\u00f3 del desig sexual.<\/p>\n<p>Participem en projectes de coeducaci\u00f3 fora del centre, com el projecte de la UAB, i creixem cada curs amb noves idees e iniciatives.<\/p>\n<p><strong>Not\u00edcies i recerca relacionades:<\/strong><\/p>\n<ul>\n<li><a href=\"https:\/\/agora.xtec.cat\/iesacumella\/portada\/general\/laccio-lila-de-linsacumella-referent-a-catalunya\/\">L&#8217;Acci\u00f3 Lila de l&#8217;Insitut Antoni Cumella, referent a Catalunya<\/a><\/li>\n<li><a href=\"http:\/\/competenciasyepd.edualter.org\/ca\/practiques\/accio-lila-a-l-institut-antoni-cumella-de-granollers\">Pr\u00e0ctiques de refer\u00e8ncia (Edualter): L&#8217;Acci\u00f3 Lila de l&#8217;Institut Antoni Cumella de Granollers<\/a><\/li>\n<li><a href=\"http:\/\/competenciesiepd.blog.pangea.org\/files\/2021\/11\/Coeducacio_Catalunya_OK_alta.pdf\">La Coeducaci\u00f3 a Catalunya. Pr\u00e0ctiques de refer\u00e8ncia i reptes<\/a><\/li>\n<\/ul>\n","protected":false},"excerpt":{"rendered":"<p>L&#8217;Acci\u00f3 lila de l&#8217;Institut Antoni Cumella est\u00e0 formada per un grup d&#8217;alumnes que, des de una mirada feminista, duen a terme accions per defensar la igualtat entre tots i totes, lluitant contra els estereotips de g\u00e8nere, racials i culturals. Ens reunim a l&#8217;hora del pati&hellip;  <a href=\"https:\/\/agora.xtec.cat\/iesacumella\/projecte-educatiu\/accio-lila\/\" title=\"Read Acci\u00f3 lila\">Llegeix m\u00e9s\u00bb<\/a><\/p>\n","protected":false},"author":1,"featured_media":0,"parent":57,"menu_order":6,"comment_status":"closed","ping_status":"closed","template":"page-templates\/side-menu.php","meta":{"_bbp_topic_count":0,"_bbp_reply_count":0,"_bbp_total_topic_count":0,"_bbp_total_reply_count":0,"_bbp_voice_count":0,"_bbp_anonymous_reply_count":0,"_bbp_topic_count_hidden":0,"_bbp_reply_count_hidden":0,"_bbp_forum_subforum_count":0,"footnotes":""},"class_list":["post-8494","page","type-page","status-publish","hentry"],"post_mailing_queue_ids":[],"_links":{"self":[{"href":"https:\/\/agora.xtec.cat\/iesacumella\/wp-json\/wp\/v2\/pages\/8494","targetHints":{"allow":["GET"]}}],"collection":[{"href":"https:\/\/agora.xtec.cat\/iesacumella\/wp-json\/wp\/v2\/pages"}],"about":[{"href":"https:\/\/agora.xtec.cat\/iesacumella\/wp-json\/wp\/v2\/types\/page"}],"author":[{"embeddable":true,"href":"https:\/\/agora.xtec.cat\/iesacumella\/wp-json\/wp\/v2\/users\/1"}],"replies":[{"embeddable":true,"href":"https:\/\/agora.xtec.cat\/iesacumella\/wp-json\/wp\/v2\/comments?post=8494"}],"version-history":[{"count":2,"href":"https:\/\/agora.xtec.cat\/iesacumella\/wp-json\/wp\/v2\/pages\/8494\/revisions"}],"predecessor-version":[{"id":8509,"href":"https:\/\/agora.xtec.cat\/iesacumella\/wp-json\/wp\/v2\/pages\/8494\/revisions\/8509"}],"up":[{"embeddable":true,"href":"https:\/\/agora.xtec.cat\/iesacumella\/wp-json\/wp\/v2\/pages\/57"}],"wp:attachment":[{"href":"https:\/\/agora.xtec.cat\/iesacumella\/wp-json\/wp\/v2\/media?parent=8494"}],"curies":[{"name":"wp","href":"https:\/\/api.w.org\/{rel}","templated":true}]}}

Acció lila

<p>L&#8217;<strong>Acció lila</strong> de l&#8217;Institut Antoni Cumella està formada per un grup d&#8217;alumnes que, des de una mirada feminista, duen a terme accions per defensar la igualtat entre tots i totes, lluitant contra els estereotips de gènere, racials i culturals. Ens reunim a l&#8217;hora del pati en l&#8217;espai acció i fem micro formacions sobre història del feminisme, violència de gènere, violència sexual, a més de parlar sobre qualsevol situació que es produeix a l&#8217;Institut que tingui a veure amb aquests temes.</p>
<p>Celebrem efemèrides visibilitzant les fites de les dones, de les minories socials com el col·lectiu LGBIQ+ o les persones racialitzades, amb la intenció de fomentar la igualtat en totes les persones independentment del seu gènere, origen, religió, o orientació del desig sexual.</p>
<p>Participem en projectes de coeducació fora del centre, com el projecte de la UAB, i creixem cada curs amb noves idees e iniciatives.</p>
<p><strong>Notícies i recerca relacionades:</strong></p>
<ul>
<li><a href="https://agora.xtec.cat/iesacumella/portada/general/laccio-lila-de-linsacumella-referent-a-catalunya/">L&#8217;Acció Lila de l&#8217;Insitut Antoni Cumella, referent a Catalunya</a></li>
<li><a href="http://competenciasyepd.edualter.org/ca/practiques/accio-lila-a-l-institut-antoni-cumella-de-granollers">Pràctiques de referència (Edualter): L&#8217;Acció Lila de l&#8217;Institut Antoni Cumella de Granollers</a></li>
<li><a href="http://competenciesiepd.blog.pangea.org/files/2021/11/Coeducacio_Catalunya_OK_alta.pdf">La Coeducació a Catalunya. Pràctiques de referència i reptes</a></li>
</ul>

<p>L&#8217;Acció lila de l&#8217;Institut Antoni Cumella està formada per un grup d&#8217;alumnes que, des de una mirada feminista, duen a terme accions per defensar la igualtat entre tots i totes, lluitant contra els estereotips de gènere, racials i culturals. Ens reunim a l&#8217;hora del pati&hellip;  <a href="https://agora.xtec.cat/iesacumella/projecte-educatiu/accio-lila/" title="Read Acció lila">Llegeix més»</a></p>
