{"id":8377,"date":"2022-02-15T17:08:09","date_gmt":"2022-02-15T16:08:09","guid":{"rendered":"https:\/\/agora.xtec.cat\/iesacumella\/?page_id=8377"},"modified":"2023-01-16T14:13:26","modified_gmt":"2023-01-16T13:13:26","slug":"club-de-debat","status":"publish","type":"page","link":"https:\/\/agora.xtec.cat\/iesacumella\/projecte-educatiu\/club-de-debat\/","title":{"rendered":"Club de debat"},"content":{"rendered":"<p><a href=\"https:\/\/agora.xtec.cat\/iesacumella\/wp-content\/uploads\/usu1642\/2022\/02\/debat.png\"><img loading=\"lazy\" decoding=\"async\" class=\"alignright wp-image-8362 size-medium\" src=\"https:\/\/agora.xtec.cat\/iesacumella\/wp-content\/uploads\/usu1642\/2022\/02\/debat-300x181.png\" alt=\"\" width=\"300\" height=\"181\" srcset=\"https:\/\/agora.xtec.cat\/iesacumella\/wp-content\/uploads\/usu1642\/2022\/02\/debat-300x181.png 300w, https:\/\/agora.xtec.cat\/iesacumella\/wp-content\/uploads\/usu1642\/2022\/02\/debat-1024x619.png 1024w, https:\/\/agora.xtec.cat\/iesacumella\/wp-content\/uploads\/usu1642\/2022\/02\/debat-768x464.png 768w, https:\/\/agora.xtec.cat\/iesacumella\/wp-content\/uploads\/usu1642\/2022\/02\/debat.png 1280w\" sizes=\"auto, (max-width: 300px) 100vw, 300px\" \/><\/a>El club de debat de l&#8217;Institut Antoni Cumella es reuneix cada dijous i divendres de 10:45 a 11:15. Hi solen participar alumnes dels \u00faltims cursos d&#8217;ESO i Batxillerat, coordinats per una docent del centre. Els alumnes de 4t d&#8217;ESO i 1r de Batxillerat participen a la <a href=\"https:\/\/www.vives.org\/programes\/estudiants\/lliga-debat-secundaria-batxillerat\/\"><strong>Lliga de Debat de Secund\u00e0ria i Batxillerat<\/strong> de la Xarxa Vives<\/a>. Els de 3r no poden participar a la lliga, per\u00f2 formen part del club per aprendre com funciona i comen\u00e7ar a preparar-se pel seg\u00fcent curs. Al club treballem:<\/p>\n<ol>\n<li>Qu\u00e8 \u00e9s un debat? Arguments, contra-arguments, fonts, creences&#8230; Despr\u00e9s d&#8217;una pluja de idees comencem a investigar les diferents vies per defensar ambdues tesis, i d&#8217;aquestes n&#8217;escollim tres o quatre, aquelles que considerem m\u00e9s v\u00e0lides per desenvolupar-les.<\/li>\n<li>Com son les normes de la Lliga de Debat i estrat\u00e8gies que podem seguir.<\/li>\n<li>T\u00e8cniques d&#8217;orat\u00f2ria i relaxaci\u00f3 a partir del material cedit per la mateixa Xarxa Vives<\/li>\n<li>Com passar d&#8217;opinar a construir un discurs argumentatiu.<\/li>\n<li>Durant la Lliga, tenim el <em>feedback<\/em> dels jutges que ens ajuda molt a aprendre qu\u00e8 demanen i com valoren la nostra tasca, amb els punts forts i febles. Per tant, durant els dies que dura la Lliga, treballem incansablement per millorar, i de vegades hem de canviar totalment d&#8217;argument o estrat\u00e8gia.<\/li>\n<\/ol>\n<p>Durant la Lliga, tamb\u00e9 anem a escoltar altres debats, agafem idees, i aprenem dels iguals (dels seus encerts i dels seus errors), valorem les seves idees i elaborem estrat\u00e8gies de refutaci\u00f3 o contra-argumentaci\u00f3.<\/p>\n<figure class=\"figure wp-caption aligncenter\"><a href=\"https:\/\/agora.xtec.cat\/iesacumella\/wp-content\/uploads\/usu1642\/2022\/02\/debat2022.jpg\"><img loading=\"lazy\" decoding=\"async\" class=\"wp-image-8385\" src=\"https:\/\/agora.xtec.cat\/iesacumella\/wp-content\/uploads\/usu1642\/2022\/02\/debat2022-300x300.jpg\" alt=\"\" width=\"600\" height=\"600\" srcset=\"https:\/\/agora.xtec.cat\/iesacumella\/wp-content\/uploads\/usu1642\/2022\/02\/debat2022-300x300.jpg 300w, https:\/\/agora.xtec.cat\/iesacumella\/wp-content\/uploads\/usu1642\/2022\/02\/debat2022-1024x1024.jpg 1024w, https:\/\/agora.xtec.cat\/iesacumella\/wp-content\/uploads\/usu1642\/2022\/02\/debat2022-150x150.jpg 150w, https:\/\/agora.xtec.cat\/iesacumella\/wp-content\/uploads\/usu1642\/2022\/02\/debat2022-768x768.jpg 768w, https:\/\/agora.xtec.cat\/iesacumella\/wp-content\/uploads\/usu1642\/2022\/02\/debat2022-1536x1536.jpg 1536w, https:\/\/agora.xtec.cat\/iesacumella\/wp-content\/uploads\/usu1642\/2022\/02\/debat2022.jpg 1800w\" sizes=\"auto, (max-width: 600px) 100vw, 600px\" \/><\/a><figcaption class=\"wp-caption-text\">Participants del club a la Lliga de debat 2022.<\/figcaption><\/figure>\n<h2>Not\u00edcies relacionades:<\/h2>\n<ul>\n<li><a href=\"https:\/\/radiogranollers.alacarta.cat\/la-informacio-de-serveis\/capitol\/punt-informatiu-11-30-09-02-2022\">Entrevista de R\u00e0dio Granollers a Danna Echeverry, alumna de 4t d&#8217;ESO de l&#8217;Institut Antoni Cumella participant a la Lliga de Debat 2022<\/a>.<\/li>\n<\/ul>\n","protected":false},"excerpt":{"rendered":"<p><a href=\"https:\/\/agora.xtec.cat\/iesacumella\/wp-content\/uploads\/usu1642\/2022\/02\/debat.png\"><\/a>El club de debat de l&#8217;Institut Antoni Cumella es reuneix cada dijous i divendres de 10:45 a 11:15. Hi solen participar alumnes dels \u00faltims cursos d&#8217;ESO i Batxillerat, coordinats per una docent del centre. Els alumnes de 4t d&#8217;ESO i 1r de Batxillerat participen&hellip;  <a href=\"https:\/\/agora.xtec.cat\/iesacumella\/projecte-educatiu\/club-de-debat\/\" title=\"Read Club de debat\">Llegeix m\u00e9s\u00bb<\/a><\/p>\n","protected":false},"author":1,"featured_media":0,"parent":57,"menu_order":7,"comment_status":"closed","ping_status":"closed","template":"page-templates\/side-menu.php","meta":{"_bbp_topic_count":0,"_bbp_reply_count":0,"_bbp_total_topic_count":0,"_bbp_total_reply_count":0,"_bbp_voice_count":0,"_bbp_anonymous_reply_count":0,"_bbp_topic_count_hidden":0,"_bbp_reply_count_hidden":0,"_bbp_forum_subforum_count":0,"footnotes":""},"class_list":["post-8377","page","type-page","status-publish","hentry"],"post_mailing_queue_ids":[],"_links":{"self":[{"href":"https:\/\/agora.xtec.cat\/iesacumella\/wp-json\/wp\/v2\/pages\/8377","targetHints":{"allow":["GET"]}}],"collection":[{"href":"https:\/\/agora.xtec.cat\/iesacumella\/wp-json\/wp\/v2\/pages"}],"about":[{"href":"https:\/\/agora.xtec.cat\/iesacumella\/wp-json\/wp\/v2\/types\/page"}],"author":[{"embeddable":true,"href":"https:\/\/agora.xtec.cat\/iesacumella\/wp-json\/wp\/v2\/users\/1"}],"replies":[{"embeddable":true,"href":"https:\/\/agora.xtec.cat\/iesacumella\/wp-json\/wp\/v2\/comments?post=8377"}],"version-history":[{"count":3,"href":"https:\/\/agora.xtec.cat\/iesacumella\/wp-json\/wp\/v2\/pages\/8377\/revisions"}],"predecessor-version":[{"id":8903,"href":"https:\/\/agora.xtec.cat\/iesacumella\/wp-json\/wp\/v2\/pages\/8377\/revisions\/8903"}],"up":[{"embeddable":true,"href":"https:\/\/agora.xtec.cat\/iesacumella\/wp-json\/wp\/v2\/pages\/57"}],"wp:attachment":[{"href":"https:\/\/agora.xtec.cat\/iesacumella\/wp-json\/wp\/v2\/media?parent=8377"}],"curies":[{"name":"wp","href":"https:\/\/api.w.org\/{rel}","templated":true}]}}

<p><a href="https://agora.xtec.cat/iesacumella/wp-content/uploads/usu1642/2022/02/debat.png"><img loading="lazy" decoding="async" class="alignright wp-image-8362 size-medium" src="https://agora.xtec.cat/iesacumella/wp-content/uploads/usu1642/2022/02/debat-300x181.png" alt="" width="300" height="181" srcset="https://agora.xtec.cat/iesacumella/wp-content/uploads/usu1642/2022/02/debat-300x181.png 300w, https://agora.xtec.cat/iesacumella/wp-content/uploads/usu1642/2022/02/debat-1024x619.png 1024w, https://agora.xtec.cat/iesacumella/wp-content/uploads/usu1642/2022/02/debat-768x464.png 768w, https://agora.xtec.cat/iesacumella/wp-content/uploads/usu1642/2022/02/debat.png 1280w" sizes="auto, (max-width: 300px) 100vw, 300px" /></a>El club de debat de l&#8217;Institut Antoni Cumella es reuneix cada dijous i divendres de 10:45 a 11:15. Hi solen participar alumnes dels últims cursos d&#8217;ESO i Batxillerat, coordinats per una docent del centre. Els alumnes de 4t d&#8217;ESO i 1r de Batxillerat participen a la <a href="https://www.vives.org/programes/estudiants/lliga-debat-secundaria-batxillerat/"><strong>Lliga de Debat de Secundària i Batxillerat</strong> de la Xarxa Vives</a>. Els de 3r no poden participar a la lliga, però formen part del club per aprendre com funciona i començar a preparar-se pel següent curs. Al club treballem:</p>
<ol>
<li>Què és un debat? Arguments, contra-arguments, fonts, creences&#8230; Després d&#8217;una pluja de idees comencem a investigar les diferents vies per defensar ambdues tesis, i d&#8217;aquestes n&#8217;escollim tres o quatre, aquelles que considerem més vàlides per desenvolupar-les.</li>
<li>Com son les normes de la Lliga de Debat i estratègies que podem seguir.</li>
<li>Tècniques d&#8217;oratòria i relaxació a partir del material cedit per la mateixa Xarxa Vives</li>
<li>Com passar d&#8217;opinar a construir un discurs argumentatiu.</li>
<li>Durant la Lliga, tenim el <em>feedback</em> dels jutges que ens ajuda molt a aprendre què demanen i com valoren la nostra tasca, amb els punts forts i febles. Per tant, durant els dies que dura la Lliga, treballem incansablement per millorar, i de vegades hem de canviar totalment d&#8217;argument o estratègia.</li>
</ol>
<p>Durant la Lliga, també anem a escoltar altres debats, agafem idees, i aprenem dels iguals (dels seus encerts i dels seus errors), valorem les seves idees i elaborem estratègies de refutació o contra-argumentació.</p>
<figure class="figure wp-caption aligncenter"><a href="https://agora.xtec.cat/iesacumella/wp-content/uploads/usu1642/2022/02/debat2022.jpg"><img loading="lazy" decoding="async" class="wp-image-8385" src="https://agora.xtec.cat/iesacumella/wp-content/uploads/usu1642/2022/02/debat2022-300x300.jpg" alt="" width="600" height="600" srcset="https://agora.xtec.cat/iesacumella/wp-content/uploads/usu1642/2022/02/debat2022-300x300.jpg 300w, https://agora.xtec.cat/iesacumella/wp-content/uploads/usu1642/2022/02/debat2022-1024x1024.jpg 1024w, https://agora.xtec.cat/iesacumella/wp-content/uploads/usu1642/2022/02/debat2022-150x150.jpg 150w, https://agora.xtec.cat/iesacumella/wp-content/uploads/usu1642/2022/02/debat2022-768x768.jpg 768w, https://agora.xtec.cat/iesacumella/wp-content/uploads/usu1642/2022/02/debat2022-1536x1536.jpg 1536w, https://agora.xtec.cat/iesacumella/wp-content/uploads/usu1642/2022/02/debat2022.jpg 1800w" sizes="auto, (max-width: 600px) 100vw, 600px" /></a><figcaption class="wp-caption-text">Participants del club a la Lliga de debat 2022.</figcaption></figure>
<h2>Notícies relacionades:</h2>
<ul>
<li><a href="https://radiogranollers.alacarta.cat/la-informacio-de-serveis/capitol/punt-informatiu-11-30-09-02-2022">Entrevista de Ràdio Granollers a Danna Echeverry, alumna de 4t d&#8217;ESO de l&#8217;Institut Antoni Cumella participant a la Lliga de Debat 2022</a>.</li>
</ul>

<p><a href="https://agora.xtec.cat/iesacumella/wp-content/uploads/usu1642/2022/02/debat.png"></a>El club de debat de l&#8217;Institut Antoni Cumella es reuneix cada dijous i divendres de 10:45 a 11:15. Hi solen participar alumnes dels últims cursos d&#8217;ESO i Batxillerat, coordinats per una docent del centre. Els alumnes de 4t d&#8217;ESO i 1r de Batxillerat participen&hellip;  <a href="https://agora.xtec.cat/iesacumella/projecte-educatiu/club-de-debat/" title="Read Club de debat">Llegeix més»</a></p>
