{"id":8307,"date":"2022-02-03T10:36:53","date_gmt":"2022-02-03T09:36:53","guid":{"rendered":"https:\/\/agora.xtec.cat\/iesacumella\/?page_id=8307"},"modified":"2023-11-06T11:43:47","modified_gmt":"2023-11-06T10:43:47","slug":"biblioteca-escolar","status":"publish","type":"page","link":"https:\/\/agora.xtec.cat\/iesacumella\/projecte-educatiu\/biblioteca-escolar\/","title":{"rendered":"Biblioteca escolar"},"content":{"rendered":"<p>L\u2019Institut Antoni Cumella disposa d\u2019una biblioteca escolar, coordinada per la Comissi\u00f3 de Biblioteca. Actualment la biblioteca ha iniciat el pr\u00e9stec despr\u00e9s d&#8217;un proc\u00e9s de renovaci\u00f3 i catalogaci\u00f3 del fons, amb l\u2019objectiu que tot l\u2019alumnat hi pugui trobar una lectura que sigui del seu inter\u00e8s. S\u2019hi pot trobar material en catal\u00e0, castell\u00e0, angl\u00e8s i franc\u00e8s, i propostes de tots els departaments del centre. La biblioteca est\u00e0 oberta en horari de pati i de franja de lectura.<\/p>\n<p>Podeu consultar el <a href=\"https:\/\/aplicacions.gestioeducativa.gencat.cat\/epergam\/web\/biblioteca.jsp?codi=08017931\">cat\u00e0leg eP\u00e8rgam de la biblioteca del centre<\/a> a l&#8217;enlla\u00e7 seg\u00fcent:<\/p>\n<p><a href=\"https:\/\/aplicacions.gestioeducativa.gencat.cat\/epergam\/web\/biblioteca.jsp?codi=08017931\"><img loading=\"lazy\" decoding=\"async\" class=\"aligncenter size-full wp-image-8308\" src=\"https:\/\/agora.xtec.cat\/iesacumella\/wp-content\/uploads\/usu1642\/2022\/02\/logo-epergam-redo-150x150-1.png\" alt=\"\" width=\"150\" height=\"150\" \/><\/a><\/p>\n<p>L&#8217;Institut i les biblioteques municipals de Granollers (Can Pedrals i Roca Umbert) col\u00b7laboren a trav\u00e9s de vistes i assessoraments.<\/p>\n","protected":false},"excerpt":{"rendered":"<p>L\u2019Institut Antoni Cumella disposa d\u2019una biblioteca escolar, coordinada per la Comissi\u00f3 de Biblioteca. Actualment la biblioteca ha iniciat el pr\u00e9stec despr\u00e9s d&#8217;un proc\u00e9s de renovaci\u00f3 i catalogaci\u00f3 del fons, amb l\u2019objectiu que tot l\u2019alumnat hi pugui trobar una lectura que sigui del seu inter\u00e8s. S\u2019hi&hellip;  <a href=\"https:\/\/agora.xtec.cat\/iesacumella\/projecte-educatiu\/biblioteca-escolar\/\" title=\"Read Biblioteca escolar\">Llegeix m\u00e9s\u00bb<\/a><\/p>\n","protected":false},"author":1,"featured_media":0,"parent":57,"menu_order":4,"comment_status":"closed","ping_status":"closed","template":"page-templates\/side-menu.php","meta":{"_bbp_topic_count":0,"_bbp_reply_count":0,"_bbp_total_topic_count":0,"_bbp_total_reply_count":0,"_bbp_voice_count":0,"_bbp_anonymous_reply_count":0,"_bbp_topic_count_hidden":0,"_bbp_reply_count_hidden":0,"_bbp_forum_subforum_count":0,"footnotes":""},"class_list":["post-8307","page","type-page","status-publish","hentry"],"post_mailing_queue_ids":[],"_links":{"self":[{"href":"https:\/\/agora.xtec.cat\/iesacumella\/wp-json\/wp\/v2\/pages\/8307","targetHints":{"allow":["GET"]}}],"collection":[{"href":"https:\/\/agora.xtec.cat\/iesacumella\/wp-json\/wp\/v2\/pages"}],"about":[{"href":"https:\/\/agora.xtec.cat\/iesacumella\/wp-json\/wp\/v2\/types\/page"}],"author":[{"embeddable":true,"href":"https:\/\/agora.xtec.cat\/iesacumella\/wp-json\/wp\/v2\/users\/1"}],"replies":[{"embeddable":true,"href":"https:\/\/agora.xtec.cat\/iesacumella\/wp-json\/wp\/v2\/comments?post=8307"}],"version-history":[{"count":5,"href":"https:\/\/agora.xtec.cat\/iesacumella\/wp-json\/wp\/v2\/pages\/8307\/revisions"}],"predecessor-version":[{"id":9116,"href":"https:\/\/agora.xtec.cat\/iesacumella\/wp-json\/wp\/v2\/pages\/8307\/revisions\/9116"}],"up":[{"embeddable":true,"href":"https:\/\/agora.xtec.cat\/iesacumella\/wp-json\/wp\/v2\/pages\/57"}],"wp:attachment":[{"href":"https:\/\/agora.xtec.cat\/iesacumella\/wp-json\/wp\/v2\/media?parent=8307"}],"curies":[{"name":"wp","href":"https:\/\/api.w.org\/{rel}","templated":true}]}}

<p>L’Institut Antoni Cumella disposa d’una biblioteca escolar, coordinada per la Comissió de Biblioteca. Actualment la biblioteca ha iniciat el préstec després d&#8217;un procés de renovació i catalogació del fons, amb l’objectiu que tot l’alumnat hi pugui trobar una lectura que sigui del seu interès. S’hi pot trobar material en català, castellà, anglès i francès, i propostes de tots els departaments del centre. La biblioteca està oberta en horari de pati i de franja de lectura.</p>
<p>Podeu consultar el <a href="https://aplicacions.gestioeducativa.gencat.cat/epergam/web/biblioteca.jsp?codi=08017931">catàleg ePèrgam de la biblioteca del centre</a> a l&#8217;enllaç següent:</p>
<p><a href="https://aplicacions.gestioeducativa.gencat.cat/epergam/web/biblioteca.jsp?codi=08017931"><img loading="lazy" decoding="async" class="aligncenter size-full wp-image-8308" src="https://agora.xtec.cat/iesacumella/wp-content/uploads/usu1642/2022/02/logo-epergam-redo-150x150-1.png" alt="" width="150" height="150" /></a></p>
<p>L&#8217;Institut i les biblioteques municipals de Granollers (Can Pedrals i Roca Umbert) col·laboren a través de vistes i assessoraments.</p>

<p>L’Institut Antoni Cumella disposa d’una biblioteca escolar, coordinada per la Comissió de Biblioteca. Actualment la biblioteca ha iniciat el préstec després d&#8217;un procés de renovació i catalogació del fons, amb l’objectiu que tot l’alumnat hi pugui trobar una lectura que sigui del seu interès. S’hi&hellip;  <a href="https://agora.xtec.cat/iesacumella/projecte-educatiu/biblioteca-escolar/" title="Read Biblioteca escolar">Llegeix més»</a></p>
