{"id":8268,"date":"2022-01-28T10:34:49","date_gmt":"2022-01-28T09:34:49","guid":{"rendered":"https:\/\/agora.xtec.cat\/iesacumella\/?page_id=8268"},"modified":"2023-01-12T09:48:39","modified_gmt":"2023-01-12T08:48:39","slug":"treball-de-recerca-de-batxillerat","status":"publish","type":"page","link":"https:\/\/agora.xtec.cat\/iesacumella\/estudis\/treball-de-recerca-de-batxillerat\/","title":{"rendered":"Treball de Recerca de Batxillerat"},"content":{"rendered":"<p>Tot l\u2019alumnat de Batxillerat ha de fer un Treball de Recerca. Aquest treball es computa entre les mat\u00e8ries de segon curs, tot i que la seva realitzaci\u00f3 comen\u00e7a ja al primer curs. Representa el 10% de la qualificaci\u00f3 final de Batxillerat. El Treball de Recerca, que t\u00e9 car\u00e0cter individual, consisteix en un conjunt d\u2019activitats estructurades i orientades amb vista a la investigaci\u00f3 que realitza l\u2019alumnat en un \u00e0mbit que ha escollit i ha delimitat, amb l\u2019orientaci\u00f3 del professorat. Aix\u00f2 implica tant la realitzaci\u00f3 d\u2019activitats de laboratori o de camp com activitats de documentaci\u00f3 bibliogr\u00e0fica.<\/p>\n<p>A l&#8217;Institut Antoni Cumella cada treball s&#8217;ha d&#8217;emmarcar en una de les cinc seg\u00fcents tipologies d&#8217;investigaci\u00f3:<\/p>\n<ul>\n<li>Treball descriptiu o de catalogaci\u00f3.<\/li>\n<li>Treball explicatiu<\/li>\n<li>Treball comparatiu<\/li>\n<li>Estudi de cas<\/li>\n<li>Disseny d&#8217;un prototip<\/li>\n<\/ul>\n<p>L&#8217;alumnat pot proposar el seu tema de recerca, que acabar\u00e0 de concretar amb ajut del seu tutor, o escollir-ne un dels proposats pels Departaments did\u00e0ctics.<\/p>\n<p>Cada alumne est\u00e0 tutoritzat de manera individual per un docent del centre. A m\u00e9s, tamb\u00e9 es treballen dins del grup-classe eines i estrat\u00e8gies de recerca com l&#8217;elaboraci\u00f3 de la pregunta i els objectius de recerca, les conclusions, l&#8217;enquesta, l&#8217;entrevista, l&#8217;experiment.<\/p>\n<p><a href=\"https:\/\/sites.google.com\/iesacumella.cat\/treball-de-recerca\/\">Web del Treball de Recerca a l&#8217;Institut Antoni Cumellla<\/a><\/p>\n","protected":false},"excerpt":{"rendered":"<p>Tot l\u2019alumnat de Batxillerat ha de fer un Treball de Recerca. Aquest treball es computa entre les mat\u00e8ries de segon curs, tot i que la seva realitzaci\u00f3 comen\u00e7a ja al primer curs. Representa el 10% de la qualificaci\u00f3 final de Batxillerat. El Treball de Recerca,&hellip;  <a href=\"https:\/\/agora.xtec.cat\/iesacumella\/estudis\/treball-de-recerca-de-batxillerat\/\" title=\"Read Treball de Recerca de Batxillerat\">Llegeix m\u00e9s\u00bb<\/a><\/p>\n","protected":false},"author":1,"featured_media":0,"parent":195,"menu_order":4,"comment_status":"closed","ping_status":"closed","template":"page-templates\/side-menu.php","meta":{"_bbp_topic_count":0,"_bbp_reply_count":0,"_bbp_total_topic_count":0,"_bbp_total_reply_count":0,"_bbp_voice_count":0,"_bbp_anonymous_reply_count":0,"_bbp_topic_count_hidden":0,"_bbp_reply_count_hidden":0,"_bbp_forum_subforum_count":0,"footnotes":""},"class_list":["post-8268","page","type-page","status-publish","hentry"],"post_mailing_queue_ids":[],"_links":{"self":[{"href":"https:\/\/agora.xtec.cat\/iesacumella\/wp-json\/wp\/v2\/pages\/8268","targetHints":{"allow":["GET"]}}],"collection":[{"href":"https:\/\/agora.xtec.cat\/iesacumella\/wp-json\/wp\/v2\/pages"}],"about":[{"href":"https:\/\/agora.xtec.cat\/iesacumella\/wp-json\/wp\/v2\/types\/page"}],"author":[{"embeddable":true,"href":"https:\/\/agora.xtec.cat\/iesacumella\/wp-json\/wp\/v2\/users\/1"}],"replies":[{"embeddable":true,"href":"https:\/\/agora.xtec.cat\/iesacumella\/wp-json\/wp\/v2\/comments?post=8268"}],"version-history":[{"count":3,"href":"https:\/\/agora.xtec.cat\/iesacumella\/wp-json\/wp\/v2\/pages\/8268\/revisions"}],"predecessor-version":[{"id":8866,"href":"https:\/\/agora.xtec.cat\/iesacumella\/wp-json\/wp\/v2\/pages\/8268\/revisions\/8866"}],"up":[{"embeddable":true,"href":"https:\/\/agora.xtec.cat\/iesacumella\/wp-json\/wp\/v2\/pages\/195"}],"wp:attachment":[{"href":"https:\/\/agora.xtec.cat\/iesacumella\/wp-json\/wp\/v2\/media?parent=8268"}],"curies":[{"name":"wp","href":"https:\/\/api.w.org\/{rel}","templated":true}]}}

<p>Tot l’alumnat de Batxillerat ha de fer un Treball de Recerca. Aquest treball es computa entre les matèries de segon curs, tot i que la seva realització comença ja al primer curs. Representa el 10% de la qualificació final de Batxillerat. El Treball de Recerca, que té caràcter individual, consisteix en un conjunt d’activitats estructurades i orientades amb vista a la investigació que realitza l’alumnat en un àmbit que ha escollit i ha delimitat, amb l’orientació del professorat. Això implica tant la realització d’activitats de laboratori o de camp com activitats de documentació bibliogràfica.</p>
<p>A l&#8217;Institut Antoni Cumella cada treball s&#8217;ha d&#8217;emmarcar en una de les cinc següents tipologies d&#8217;investigació:</p>
<ul>
<li>Treball descriptiu o de catalogació.</li>
<li>Treball explicatiu</li>
<li>Treball comparatiu</li>
<li>Estudi de cas</li>
<li>Disseny d&#8217;un prototip</li>
</ul>
<p>L&#8217;alumnat pot proposar el seu tema de recerca, que acabarà de concretar amb ajut del seu tutor, o escollir-ne un dels proposats pels Departaments didàctics.</p>
<p>Cada alumne està tutoritzat de manera individual per un docent del centre. A més, també es treballen dins del grup-classe eines i estratègies de recerca com l&#8217;elaboració de la pregunta i els objectius de recerca, les conclusions, l&#8217;enquesta, l&#8217;entrevista, l&#8217;experiment.</p>
<p><a href="https://sites.google.com/iesacumella.cat/treball-de-recerca/">Web del Treball de Recerca a l&#8217;Institut Antoni Cumellla</a></p>

<p>Tot l’alumnat de Batxillerat ha de fer un Treball de Recerca. Aquest treball es computa entre les matèries de segon curs, tot i que la seva realització comença ja al primer curs. Representa el 10% de la qualificació final de Batxillerat. El Treball de Recerca,&hellip;  <a href="https://agora.xtec.cat/iesacumella/estudis/treball-de-recerca-de-batxillerat/" title="Read Treball de Recerca de Batxillerat">Llegeix més»</a></p>
