{"id":8207,"date":"2021-12-02T09:04:30","date_gmt":"2021-12-02T08:04:30","guid":{"rendered":"https:\/\/agora.xtec.cat\/iesacumella\/?page_id=8207"},"modified":"2023-01-12T10:04:30","modified_gmt":"2023-01-12T09:04:30","slug":"siei","status":"publish","type":"page","link":"https:\/\/agora.xtec.cat\/iesacumella\/projecte-educatiu\/siei\/","title":{"rendered":"Suport Intensiu a l&#8217;Educaci\u00f3 Inclusiva"},"content":{"rendered":"<p>L&#8217;Institut Antoni Cumella disposa d&#8217;un Suport Intensiu a l&#8217;Educaci\u00f3 Inclusiva (SIEI) des de fa m\u00e9s de 10 anys. Els SIEI <span style=\"font-weight: 400;\">s\u00f3n dotacions extraordin\u00e0ries de professionals que s&#8217;incorporen a les plantilles d\u2019escoles i instituts com a recursos intensius per atendre els alumnes amb necessitats educatives especials que ho necessitin. L&#8217;alumnat que rep el SIEI comparteix la major part del seu horari amb el seu grup de refer\u00e8ncia amb diversos suports, com ara codoc\u00e8ncia amb professionals del SIEI o d&#8217;altres docents o grups desdoblats. A m\u00e9s, aquest alumnat disposa d&#8217;una hora setmanal d&#8217;atenci\u00f3 individual amb el seu docent referent i una altra hora setmanal de treball conjunt amb els altres companys del suport.<\/span><\/p>\n<ul>\n<li><a href=\"https:\/\/sites.google.com\/iesacumella.cat\/siei\/p%C3%A0gina-principal\">P\u00e0gina SIEI &#8211; Projecte Est<\/a><\/li>\n<\/ul>\n","protected":false},"excerpt":{"rendered":"<p>L&#8217;Institut Antoni Cumella disposa d&#8217;un Suport Intensiu a l&#8217;Educaci\u00f3 Inclusiva (SIEI) des de fa m\u00e9s de 10 anys. Els SIEI s\u00f3n dotacions extraordin\u00e0ries de professionals que s&#8217;incorporen a les plantilles d\u2019escoles i instituts com a recursos intensius per atendre els alumnes amb necessitats educatives especials&hellip;  <a href=\"https:\/\/agora.xtec.cat\/iesacumella\/projecte-educatiu\/siei\/\" title=\"Read Suport Intensiu a l&#8217;Educaci\u00f3 Inclusiva\">Llegeix m\u00e9s\u00bb<\/a><\/p>\n","protected":false},"author":1,"featured_media":0,"parent":57,"menu_order":10,"comment_status":"closed","ping_status":"closed","template":"page-templates\/side-menu.php","meta":{"_bbp_topic_count":0,"_bbp_reply_count":0,"_bbp_total_topic_count":0,"_bbp_total_reply_count":0,"_bbp_voice_count":0,"_bbp_anonymous_reply_count":0,"_bbp_topic_count_hidden":0,"_bbp_reply_count_hidden":0,"_bbp_forum_subforum_count":0,"footnotes":""},"class_list":["post-8207","page","type-page","status-publish","hentry"],"post_mailing_queue_ids":[],"_links":{"self":[{"href":"https:\/\/agora.xtec.cat\/iesacumella\/wp-json\/wp\/v2\/pages\/8207","targetHints":{"allow":["GET"]}}],"collection":[{"href":"https:\/\/agora.xtec.cat\/iesacumella\/wp-json\/wp\/v2\/pages"}],"about":[{"href":"https:\/\/agora.xtec.cat\/iesacumella\/wp-json\/wp\/v2\/types\/page"}],"author":[{"embeddable":true,"href":"https:\/\/agora.xtec.cat\/iesacumella\/wp-json\/wp\/v2\/users\/1"}],"replies":[{"embeddable":true,"href":"https:\/\/agora.xtec.cat\/iesacumella\/wp-json\/wp\/v2\/comments?post=8207"}],"version-history":[{"count":2,"href":"https:\/\/agora.xtec.cat\/iesacumella\/wp-json\/wp\/v2\/pages\/8207\/revisions"}],"predecessor-version":[{"id":8871,"href":"https:\/\/agora.xtec.cat\/iesacumella\/wp-json\/wp\/v2\/pages\/8207\/revisions\/8871"}],"up":[{"embeddable":true,"href":"https:\/\/agora.xtec.cat\/iesacumella\/wp-json\/wp\/v2\/pages\/57"}],"wp:attachment":[{"href":"https:\/\/agora.xtec.cat\/iesacumella\/wp-json\/wp\/v2\/media?parent=8207"}],"curies":[{"name":"wp","href":"https:\/\/api.w.org\/{rel}","templated":true}]}}

Suport Intensiu a l&#8217;Educació Inclusiva

<p>L&#8217;Institut Antoni Cumella disposa d&#8217;un Suport Intensiu a l&#8217;Educació Inclusiva (SIEI) des de fa més de 10 anys. Els SIEI <span style="font-weight: 400;">són dotacions extraordinàries de professionals que s&#8217;incorporen a les plantilles d’escoles i instituts com a recursos intensius per atendre els alumnes amb necessitats educatives especials que ho necessitin. L&#8217;alumnat que rep el SIEI comparteix la major part del seu horari amb el seu grup de referència amb diversos suports, com ara codocència amb professionals del SIEI o d&#8217;altres docents o grups desdoblats. A més, aquest alumnat disposa d&#8217;una hora setmanal d&#8217;atenció individual amb el seu docent referent i una altra hora setmanal de treball conjunt amb els altres companys del suport.</span></p>
<ul>
<li><a href="https://sites.google.com/iesacumella.cat/siei/p%C3%A0gina-principal">Pàgina SIEI &#8211; Projecte Est</a></li>
</ul>

<p>L&#8217;Institut Antoni Cumella disposa d&#8217;un Suport Intensiu a l&#8217;Educació Inclusiva (SIEI) des de fa més de 10 anys. Els SIEI són dotacions extraordinàries de professionals que s&#8217;incorporen a les plantilles d’escoles i instituts com a recursos intensius per atendre els alumnes amb necessitats educatives especials&hellip;  <a href="https://agora.xtec.cat/iesacumella/projecte-educatiu/siei/" title="Read Suport Intensiu a l&#8217;Educació Inclusiva">Llegeix més»</a></p>
