{"id":81,"date":"2014-09-18T10:38:05","date_gmt":"2014-09-18T10:38:05","guid":{"rendered":"http:\/\/agora.xtec.cat\/iesacumella\/?page_id=81"},"modified":"2025-10-06T08:55:12","modified_gmt":"2025-10-06T06:55:12","slug":"secretaria","status":"publish","type":"page","link":"https:\/\/agora.xtec.cat\/iesacumella\/serveis\/secretaria\/","title":{"rendered":"Secretaria"},"content":{"rendered":"<p>A la Secretaria de l&#8217;institut podeu realitzar tr\u00e0mits administratius com sol\u00b7licituds de certificats o canvis de matr\u00edcula i resoldre qualsevol dubte que tingueu. Actualment els tr\u00e0mits es realitzen preferentment per via telem\u00e0tica a <a href=\"mailto:secretaria@iesacumella.cat\">secretaria@iesacumella.cat<\/a><\/p>\n<h2>Horari d&#8217;atenci\u00f3<\/h2>\n<ul>\n<li>Mat\u00ed: dilluns, dimecres i divendres de 08:30h a 12:00h.<\/li>\n<li>Tarda: dimarts i dijous de 16:30h a 18:00h.<\/li>\n<\/ul>\n<p><em>Els matins de 10:30h a 12:00h i els dimarts de 16:30h a 17h \u00e9s horari d&#8217;atenci\u00f3 preferent per l&#8217;alumnat del centre.<\/em><\/p>\n<p>Contacte:<\/p>\n<ul>\n<li>93 516 3896<\/li>\n<li><a href=\"mailto:secretaria@iesacumella.cat\">secretaria@iesacumella.cat<\/a><\/li>\n<\/ul>\n<h2>Documents i sol\u00b7licituds<\/h2>\n<p>La llista completa de documents i sol\u00b7licituds la podeu trobar <a href=\"https:\/\/agora.xtec.cat\/iesacumella\/docs\/\">aqu\u00ed<\/a>.<\/p>\n<ul>\n<li><a href=\"https:\/\/agora.xtec.cat\/iesacumella\/docs\/sollicitud-del-certificat-dequivalencia-de-nivell-c-de-catala\/\">Sol\u00b7licitud del certificat d&#8217;equival\u00e8ncia de nivell C de catal\u00e0<\/a><\/li>\n<\/ul>\n","protected":false},"excerpt":{"rendered":"<p>A la Secretaria de l&#8217;institut podeu realitzar tr\u00e0mits administratius com sol\u00b7licituds de certificats o canvis de matr\u00edcula i resoldre qualsevol dubte que tingueu. Actualment els tr\u00e0mits es realitzen preferentment per via telem\u00e0tica a <a href=\"mailto:secretaria@iesacumella.cat\">secretaria@iesacumella.cat<\/a><br \/>\nHorari d&#8217;atenci\u00f3<\/p>\n<ul>\n<li>Mat\u00ed: dilluns, dimecres i divendres de 08:30h a 12:00h.<\/li>\n<li>Tarda: dimarts&hellip;  <a href=\"https:\/\/agora.xtec.cat\/iesacumella\/serveis\/secretaria\/\" title=\"Read Secretaria\">Llegeix m\u00e9s\u00bb<\/a><br \/>\n","protected":false},"author":1,"featured_media":0,"parent":63,"menu_order":0,"comment_status":"closed","ping_status":"closed","template":"page-templates\/side-menu.php","meta":{"_bbp_topic_count":0,"_bbp_reply_count":0,"_bbp_total_topic_count":0,"_bbp_total_reply_count":0,"_bbp_voice_count":0,"_bbp_anonymous_reply_count":0,"_bbp_topic_count_hidden":0,"_bbp_reply_count_hidden":0,"_bbp_forum_subforum_count":0,"footnotes":""},"class_list":["post-81","page","type-page","status-publish","hentry"],"post_mailing_queue_ids":[],"_links":{"self":[{"href":"https:\/\/agora.xtec.cat\/iesacumella\/wp-json\/wp\/v2\/pages\/81","targetHints":{"allow":["GET"]}}],"collection":[{"href":"https:\/\/agora.xtec.cat\/iesacumella\/wp-json\/wp\/v2\/pages"}],"about":[{"href":"https:\/\/agora.xtec.cat\/iesacumella\/wp-json\/wp\/v2\/types\/page"}],"author":[{"embeddable":true,"href":"https:\/\/agora.xtec.cat\/iesacumella\/wp-json\/wp\/v2\/users\/1"}],"replies":[{"embeddable":true,"href":"https:\/\/agora.xtec.cat\/iesacumella\/wp-json\/wp\/v2\/comments?post=81"}],"version-history":[{"count":5,"href":"https:\/\/agora.xtec.cat\/iesacumella\/wp-json\/wp\/v2\/pages\/81\/revisions"}],"predecessor-version":[{"id":9644,"href":"https:\/\/agora.xtec.cat\/iesacumella\/wp-json\/wp\/v2\/pages\/81\/revisions\/9644"}],"up":[{"embeddable":true,"href":"https:\/\/agora.xtec.cat\/iesacumella\/wp-json\/wp\/v2\/pages\/63"}],"wp:attachment":[{"href":"https:\/\/agora.xtec.cat\/iesacumella\/wp-json\/wp\/v2\/media?parent=81"}],"curies":[{"name":"wp","href":"https:\/\/api.w.org\/{rel}","templated":true}]}}

<p>A la Secretaria de l&#8217;institut podeu realitzar tràmits administratius com sol·licituds de certificats o canvis de matrícula i resoldre qualsevol dubte que tingueu. Actualment els tràmits es realitzen preferentment per via telemàtica a <a href="mailto:secretaria@iesacumella.cat">secretaria@iesacumella.cat</a></p>
<h2>Horari d&#8217;atenció</h2>
<ul>
<li>Matí: dilluns, dimecres i divendres de 08:30h a 12:00h.</li>
<li>Tarda: dimarts i dijous de 16:30h a 18:00h.</li>
</ul>
<p><em>Els matins de 10:30h a 12:00h i els dimarts de 16:30h a 17h és horari d&#8217;atenció preferent per l&#8217;alumnat del centre.</em></p>
<p>Contacte:</p>
<ul>
<li>93 516 3896</li>
<li><a href="mailto:secretaria@iesacumella.cat">secretaria@iesacumella.cat</a></li>
</ul>
<h2>Documents i sol·licituds</h2>
<p>La llista completa de documents i sol·licituds la podeu trobar <a href="https://agora.xtec.cat/iesacumella/docs/">aquí</a>.</p>
<ul>
<li><a href="https://agora.xtec.cat/iesacumella/docs/sollicitud-del-certificat-dequivalencia-de-nivell-c-de-catala/">Sol·licitud del certificat d&#8217;equivalència de nivell C de català</a></li>
</ul>

<p>A la Secretaria de l&#8217;institut podeu realitzar tràmits administratius com sol·licituds de certificats o canvis de matrícula i resoldre qualsevol dubte que tingueu. Actualment els tràmits es realitzen preferentment per via telemàtica a <a href="mailto:secretaria@iesacumella.cat">secretaria@iesacumella.cat</a><br />
Horari d&#8217;atenció</p>
<ul>
<li>Matí: dilluns, dimecres i divendres de 08:30h a 12:00h.</li>
<li>Tarda: dimarts&hellip;  <a href="https://agora.xtec.cat/iesacumella/serveis/secretaria/" title="Read Secretaria">Llegeix més»</a><br />
