{"id":57,"date":"2014-09-17T17:01:07","date_gmt":"2014-09-17T17:01:07","guid":{"rendered":"http:\/\/agora.xtec.cat\/iesacumella\/?page_id=57"},"modified":"2023-01-12T09:49:45","modified_gmt":"2023-01-12T08:49:45","slug":"projecte-educatiu","status":"publish","type":"page","link":"https:\/\/agora.xtec.cat\/iesacumella\/projecte-educatiu\/","title":{"rendered":"Projecte educatiu"},"content":{"rendered":"<p>L\u2019objectiu general de l\u2019Institut Antoni Cumella \u00e9s l\u2019aprenentatge i el desenvolupament dels nostres alumnes en tots els aspectes per tal que es puguin convertir en membres actius d\u2019una societat m\u00e9s justa i democr\u00e0tica, cohesionada i inclusiva.<\/p>\n<p>Per assolir aquest objectiu ens centrem en diversos objectius espec\u00edfics que es guien pels vectors clau del nostre sistema educatiu:<\/p>\n<ul>\n<li>Formar els nostres alumnes a trav\u00e9s d\u2019un aprenentatge profund i interconnectat.<\/li>\n<li>Desenvolupar la compet\u00e8ncia comunicativa i ling\u00fc\u00edstica com a eina i recurs per comprendre la realitat, expressar el pensament, raonar, transmetre el coneixement i una determinada manera de veure i entendre el m\u00f3n i relacionar-se amb els altres, amb \u00e8mfasi en el pluriling\u00fcisme<\/li>\n<li>Atendre tot l&#8217;alumnat a trav\u00e9s de la universalitzaci\u00f3 i personalitzaci\u00f3 de l&#8217;aprenentatge.<\/li>\n<li>Incorporar la coeducaci\u00f3 com a criteri rector a tots els nivells i modalitats per afavorir el desenvolupament de les persones al marge dels estereotips i rols en funci\u00f3 del sexe, l&#8217;orientaci\u00f3 sexual, la identitat o l&#8217;expressi\u00f3 de g\u00e8nere.<\/li>\n<li>Participar implicant-se en l&#8217;entorn i la societat, per millorar-la i transformar-la.<\/li>\n<li>Desenvolupar un model de gesti\u00f3 basat en la qualitat i la millora continua.<\/li>\n<li>Esdevenir un centre aprenent a trav\u00e9s de la formaci\u00f3, el desenvolupament de projectes de centre i la relaci\u00f3 amb les xarxes educatives i amb l\u2019entorn.<\/li>\n<\/ul>\n<p>Organitzem el centre i l\u2019aprenentatge a trav\u00e9s dels seg\u00fcents criteris pedag\u00f2gics:<\/p>\n<ul>\n<li>Les agrupacions de l&#8217;alumnat s\u00f3n sempre <strong>heterog\u00e8nies<\/strong>.<\/li>\n<li>L&#8217;\u00fas combinat de <strong>metodologies diverses<\/strong>, sempre amb una intencionalitat clara orientada a un aprenentatge profund i relacionat, i que inclouen la instrucci\u00f3 directa, el treball cooperatiu, l\u2019aprenentatge basat en problemes i en projectes, la resoluci\u00f3 de reptes propis de les mat\u00e8ries i de l\u2019entorn, i l\u2019\u00fas de situacions d\u2019aprenentatge riques.<\/li>\n<li>Una dedicaci\u00f3 de 30 minuts diaris per als <strong>projectes de lectura<\/strong>, la millora de la <strong>comprensi\u00f3 lectora<\/strong> i el foment de l\u2019<strong>h\u00e0bit lector<\/strong>.<\/li>\n<li>L\u2019\u00fas eficient dels recursos de personal i d\u2019espai per a la <strong>reducci\u00f3 de la r\u00e0tio en els grups ordinaris<\/strong> sempre que sigui possible, i de manera espec\u00edfica als cursos inicials de l\u2019Educaci\u00f3 Secund\u00e0ria Obligat\u00f2ria.<\/li>\n<li>La coordinaci\u00f3 i formaci\u00f3 docent a trav\u00e9s dels <strong>equips de tutors setmanals <\/strong>amb la participaci\u00f3 d&#8217;un membre de l&#8217;Equip directiu i del Departament d&#8217;orientaci\u00f3, dels <strong>equips docents setmanals<\/strong>, les diverses <strong>comissions<\/strong> tant de docents com mixtes (docents-alumnes), <strong>grups de treball<\/strong> i a trav\u00e9s tamb\u00e9 de <strong>formacions del claustre<\/strong> enfocades a l\u2019assoliment dels objectius del Projecte Educatiu.<\/li>\n<\/ul>\n","protected":false},"excerpt":{"rendered":"<p>L\u2019objectiu general de l\u2019Institut Antoni Cumella \u00e9s l\u2019aprenentatge i el desenvolupament dels nostres alumnes en tots els aspectes per tal que es puguin convertir en membres actius d\u2019una societat m\u00e9s justa i democr\u00e0tica, cohesionada i inclusiva.<br \/>\nPer assolir aquest objectiu ens centrem en diversos objectius espec\u00edfics&hellip;  <a href=\"https:\/\/agora.xtec.cat\/iesacumella\/projecte-educatiu\/\" title=\"Read Projecte educatiu\">Llegeix m\u00e9s\u00bb<\/a><\/p>\n","protected":false},"author":1,"featured_media":0,"parent":0,"menu_order":0,"comment_status":"closed","ping_status":"closed","template":"page-templates\/side-menu.php","meta":{"_bbp_topic_count":0,"_bbp_reply_count":0,"_bbp_total_topic_count":0,"_bbp_total_reply_count":0,"_bbp_voice_count":0,"_bbp_anonymous_reply_count":0,"_bbp_topic_count_hidden":0,"_bbp_reply_count_hidden":0,"_bbp_forum_subforum_count":0,"footnotes":""},"class_list":["post-57","page","type-page","status-publish","hentry"],"post_mailing_queue_ids":[],"_links":{"self":[{"href":"https:\/\/agora.xtec.cat\/iesacumella\/wp-json\/wp\/v2\/pages\/57","targetHints":{"allow":["GET"]}}],"collection":[{"href":"https:\/\/agora.xtec.cat\/iesacumella\/wp-json\/wp\/v2\/pages"}],"about":[{"href":"https:\/\/agora.xtec.cat\/iesacumella\/wp-json\/wp\/v2\/types\/page"}],"author":[{"embeddable":true,"href":"https:\/\/agora.xtec.cat\/iesacumella\/wp-json\/wp\/v2\/users\/1"}],"replies":[{"embeddable":true,"href":"https:\/\/agora.xtec.cat\/iesacumella\/wp-json\/wp\/v2\/comments?post=57"}],"version-history":[{"count":3,"href":"https:\/\/agora.xtec.cat\/iesacumella\/wp-json\/wp\/v2\/pages\/57\/revisions"}],"predecessor-version":[{"id":8867,"href":"https:\/\/agora.xtec.cat\/iesacumella\/wp-json\/wp\/v2\/pages\/57\/revisions\/8867"}],"wp:attachment":[{"href":"https:\/\/agora.xtec.cat\/iesacumella\/wp-json\/wp\/v2\/media?parent=57"}],"curies":[{"name":"wp","href":"https:\/\/api.w.org\/{rel}","templated":true}]}}

<p>L’objectiu general de l’Institut Antoni Cumella és l’aprenentatge i el desenvolupament dels nostres alumnes en tots els aspectes per tal que es puguin convertir en membres actius d’una societat més justa i democràtica, cohesionada i inclusiva.</p>
<p>Per assolir aquest objectiu ens centrem en diversos objectius específics que es guien pels vectors clau del nostre sistema educatiu:</p>
<ul>
<li>Formar els nostres alumnes a través d’un aprenentatge profund i interconnectat.</li>
<li>Desenvolupar la competència comunicativa i lingüística com a eina i recurs per comprendre la realitat, expressar el pensament, raonar, transmetre el coneixement i una determinada manera de veure i entendre el món i relacionar-se amb els altres, amb èmfasi en el plurilingüisme</li>
<li>Atendre tot l&#8217;alumnat a través de la universalització i personalització de l&#8217;aprenentatge.</li>
<li>Incorporar la coeducació com a criteri rector a tots els nivells i modalitats per afavorir el desenvolupament de les persones al marge dels estereotips i rols en funció del sexe, l&#8217;orientació sexual, la identitat o l&#8217;expressió de gènere.</li>
<li>Participar implicant-se en l&#8217;entorn i la societat, per millorar-la i transformar-la.</li>
<li>Desenvolupar un model de gestió basat en la qualitat i la millora continua.</li>
<li>Esdevenir un centre aprenent a través de la formació, el desenvolupament de projectes de centre i la relació amb les xarxes educatives i amb l’entorn.</li>
</ul>
<p>Organitzem el centre i l’aprenentatge a través dels següents criteris pedagògics:</p>
<ul>
<li>Les agrupacions de l&#8217;alumnat són sempre <strong>heterogènies</strong>.</li>
<li>L&#8217;ús combinat de <strong>metodologies diverses</strong>, sempre amb una intencionalitat clara orientada a un aprenentatge profund i relacionat, i que inclouen la instrucció directa, el treball cooperatiu, l’aprenentatge basat en problemes i en projectes, la resolució de reptes propis de les matèries i de l’entorn, i l’ús de situacions d’aprenentatge riques.</li>
<li>Una dedicació de 30 minuts diaris per als <strong>projectes de lectura</strong>, la millora de la <strong>comprensió lectora</strong> i el foment de l’<strong>hàbit lector</strong>.</li>
<li>L’ús eficient dels recursos de personal i d’espai per a la <strong>reducció de la ràtio en els grups ordinaris</strong> sempre que sigui possible, i de manera específica als cursos inicials de l’Educació Secundària Obligatòria.</li>
<li>La coordinació i formació docent a través dels <strong>equips de tutors setmanals </strong>amb la participació d&#8217;un membre de l&#8217;Equip directiu i del Departament d&#8217;orientació, dels <strong>equips docents setmanals</strong>, les diverses <strong>comissions</strong> tant de docents com mixtes (docents-alumnes), <strong>grups de treball</strong> i a través també de <strong>formacions del claustre</strong> enfocades a l’assoliment dels objectius del Projecte Educatiu.</li>
</ul>

<p>L’objectiu general de l’Institut Antoni Cumella és l’aprenentatge i el desenvolupament dels nostres alumnes en tots els aspectes per tal que es puguin convertir en membres actius d’una societat més justa i democràtica, cohesionada i inclusiva.<br />
Per assolir aquest objectiu ens centrem en diversos objectius específics&hellip;  <a href="https://agora.xtec.cat/iesacumella/projecte-educatiu/" title="Read Projecte educatiu">Llegeix més»</a></p>
