{"id":5459,"date":"2018-05-08T17:19:49","date_gmt":"2018-05-08T15:19:49","guid":{"rendered":"http:\/\/agora.xtec.cat\/iesacumella\/?page_id=5459"},"modified":"2023-01-31T09:46:24","modified_gmt":"2023-01-31T08:46:24","slug":"batxillerat-nocturn","status":"publish","type":"page","link":"https:\/\/agora.xtec.cat\/iesacumella\/estudis\/batxillerat-nocturn\/","title":{"rendered":"Batxillerat nocturn"},"content":{"rendered":"<p>L&#8217;Institut Antoni Cumella ofereix una l\u00ednia de Batxillerat nocturn de la modalitat social-human\u00edstica. Es tracta de l&#8217;\u00fanic centre del Vall\u00e8s Oriental i Maresme amb aquesta oferta educativa. Els alumnes que vulguin cursar la modalitat cient\u00edficotecnol\u00f2gica tamb\u00e9 ho poden fer, cursant les mat\u00e8ries pr\u00f2pies de la modalitat a trav\u00e9s de l&#8217;IOC. Per les seves caracter\u00edstiques, el Batxillerat nocturn permet una atenci\u00f3 molt m\u00e9s personalitzada de cada alumne, amb un ambient divers i una mitjana d&#8217;edat jove.<\/p>\n<p>Caracter\u00edstiques del batxillerat nocturn:<\/p>\n<ul>\n<li>Poden matricular-se de Batxillerat nocturn els alumnes que tinguin 18 anys o m\u00e9s i els que, en edat compresa entre 16 i 18 anys, acreditin i justifiquin, per motius laborals o altres, la impossibilitat de seguir estudis en r\u00e8gim di\u00fcrn.<\/li>\n<li>Els alumnes tenen la possibilitat de cursar el Batxillerat en dos o tres anys.<\/li>\n<li>Els alumnes es matriculen nom\u00e9s de les mat\u00e8ries no superades, i poden combinar-les amb algunes de segon.<\/li>\n<li>A nocturn es suprimeix del curr\u00edculum la mat\u00e8ria comuna \u00abEducaci\u00f3 f\u00edsica\u00bb.<\/li>\n<li>Els alumnes que acreditin un m\u00ednim de 280 hores d\u2019experi\u00e8ncia laboral poden sol\u00b7licitar l&#8217;exempci\u00f3 de la mat\u00e8ria optativa de segon curs \u00abEstada a l&#8217;empresa\u00bb.<\/li>\n<li>Els estudiants que tinguin el t\u00edtol d\u2019un Cicle Formatiu de Grau mitj\u00e0 o superior poden sol\u00b7licitar l\u2019exempci\u00f3 del Treball de recerca i de les mat\u00e8ries optatives (una a primer curs i l\u2019altra a segon).<\/li>\n<li>Els alumnes amb dedicaci\u00f3 significativa a l\u2019esport, i que figuren en el programa de tecnificaci\u00f3 (ARC) de la federaci\u00f3 catalana corresponent, poden sol\u00b7licitar que se\u2019ls apliqui un pla individual que inclogui l\u2019exempci\u00f3 de mat\u00e8ries optatives<a href=\"http:\/\/agora.xtec.cat\/iesacumella\/wp-content\/uploads\/usu1642\/2018\/05\/cartell-2-2018-001-800x400.jpg\"><img loading=\"lazy\" decoding=\"async\" class=\"alignnone size-full wp-image-5421\" src=\"http:\/\/agora.xtec.cat\/iesacumella\/wp-content\/uploads\/usu1642\/2018\/05\/cartell-2-2018-001-800x400.jpg\" alt=\"\" width=\"800\" height=\"400\" srcset=\"https:\/\/agora.xtec.cat\/iesacumella\/wp-content\/uploads\/usu1642\/2018\/05\/cartell-2-2018-001-800x400.jpg 800w, https:\/\/agora.xtec.cat\/iesacumella\/wp-content\/uploads\/usu1642\/2018\/05\/cartell-2-2018-001-800x400-300x150.jpg 300w, https:\/\/agora.xtec.cat\/iesacumella\/wp-content\/uploads\/usu1642\/2018\/05\/cartell-2-2018-001-800x400-768x384.jpg 768w\" sizes=\"auto, (max-width: 800px) 100vw, 800px\" \/><\/a><\/li>\n<\/ul>\n<h2>1r de Batxillerat<\/h2>\n<p>Les <strong>mat\u00e8ries comunes<\/strong> de 1r de Batxillerat nocturn s\u00f3n:<\/p>\n<ul>\n<li>Llengua Catalana i Literatura I (2h)<\/li>\n<li>Llengua Castellana i Literatura I (2h)<\/li>\n<li>Llengua Estrangera: Angl\u00e8s I (3h)<\/li>\n<li>Filosofia (2h)<\/li>\n<li>Tutoria (1h)<\/li>\n<\/ul>\n<p>La resta de mat\u00e8ries s&#8217;organitzen en franges. Cada alumne ha d&#8217;escollir una mat\u00e8ria de cada franja, tenint en compte que cal cursar la mat\u00e8ria de modalitat obligat\u00f2ria (en el cas de la modalitat d&#8217;humanitats i ci\u00e8ncies socials es pot escollir entre <strong>Matem\u00e0tiques Aplicades a les Ci\u00e8ncies Socials I<\/strong> o <strong>Llengua i Cultura Llatines I<\/strong>) i un m\u00ednim de dues mat\u00e8ries de modalitat. A la franja de la 3a mat\u00e8ria de modalitat i mat\u00e8ria optativa l&#8217;alumne pot escollir qualsevol mat\u00e8ria, independentment de la modalitat que cursi.<\/p>\n<table style=\"border-collapse: collapse; width: 100%; height: 128px;\">\n<tbody>\n<tr style=\"height: 48px;\">\n<td style=\"width: 14.2857%; height: 48px; text-align: center;\"><strong>Modalitat (3h)<\/strong><\/td>\n<td style=\"width: 14.2857%; height: 48px; text-align: center;\"><strong>Mat\u00e8ria de modalitat obligat\u00f2ria (3h)<\/strong><\/td>\n<td style=\"width: 14.2857%; height: 48px; text-align: center;\"><strong>Mat\u00e8ria de modalitat 1 (3h)<\/strong><\/td>\n<td style=\"width: 14.2857%; height: 48px; text-align: center;\"><strong>Mat\u00e8ria de modalitat 2 (3h)<\/strong><\/td>\n<td style=\"width: 14.2857%; height: 48px; text-align: center;\"><strong>Optativa 1 (3h)<\/strong><\/td>\n<td style=\"width: 14.2857%; height: 48px; text-align: center;\"><strong>Optativa 2 (3h)<\/strong><\/td>\n<td style=\"width: 14.2857%; height: 48px; text-align: center;\"><strong>Optativa 3 (3h)<\/strong><\/td>\n<\/tr>\n<tr style=\"height: 48px;\">\n<td style=\"width: 14.2857%; background-color: #3b8526; height: 80px;\" rowspan=\"2\"><strong>Humanitats i ci\u00e8ncies socials<\/strong><\/td>\n<td style=\"width: 14.2857%; height: 48px; background-color: #81b872;\">Matem\u00e0tiques Aplicades a les Ci\u00e8ncies Socials I<\/td>\n<td style=\"width: 14.2857%; height: 48px; background-color: #81b872;\">Economia<\/td>\n<td style=\"width: 14.2857%; height: 80px; background-color: #81b872;\" rowspan=\"2\">Hist\u00f2ria del M\u00f3n Contemporani<\/td>\n<td style=\"width: 14.2857%; height: 80px;\" rowspan=\"2\">Funcionament de l&#8217;Empresa<\/td>\n<td style=\"width: 14.2857%; height: 80px;\" rowspan=\"2\">Creaci\u00f3 Liter\u00e0ria<\/td>\n<td style=\"width: 14.2857%; height: 80px;\" rowspan=\"2\">Ciutadania, Pol\u00edtica i Dret<\/td>\n<\/tr>\n<tr style=\"height: 32px;\">\n<td style=\"width: 14.2857%; height: 32px; background-color: #81b872;\">Llengua i Cultura Llatines I<\/td>\n<td style=\"width: 14.2857%; height: 32px; background-color: #81b872;\">Literatura Universal<\/td>\n<\/tr>\n<\/tbody>\n<\/table>\n<h2>2n de Batxillerat<\/h2>\n<p>Les <strong>mat\u00e8ries comunes<\/strong> de 2n de Batxillerat s\u00f3n:<\/p>\n<ul>\n<li>Llengua Catalana i Literatura II<\/li>\n<li>Llengua Castellana i Literatura II<\/li>\n<li>Llengua Estrangera: Angl\u00e8s II<\/li>\n<li>Hist\u00f2ria<\/li>\n<li>Hist\u00f2ria de la Filosofia<\/li>\n<li>Tutoria<\/li>\n<\/ul>\n<p>La resta de mat\u00e8ries s&#8217;organitzen en franges. Cada alumne ha d&#8217;escollir una mat\u00e8ria de cada franja, tenint en compte que cal cursar la mat\u00e8ria de modalitat obligat\u00f2ria (en el cas de la modalitat d&#8217;humanitats i ci\u00e8ncies socials es pot escollir entre <strong>Matem\u00e0tiques Aplicades a les Ci\u00e8ncies Socials II<\/strong> o <strong>Llengua i Cultura Llatines II<\/strong>) i un m\u00ednim de dues mat\u00e8ries de modalitat. A la franja de la 3a mat\u00e8ria de modalitat i mat\u00e8ria optativa l&#8217;alumne pot escollir qualsevol mat\u00e8ria, independentment de la modalitat que cursi.<\/p>\n<table style=\"border-collapse: collapse; width: 100%; height: 113px;\">\n<tbody>\n<tr style=\"height: 48px;\">\n<td style=\"width: 20%; height: 48px; text-align: center;\"><strong>Modalitat (4h)<\/strong><\/td>\n<td style=\"width: 20%; height: 48px; text-align: center;\"><strong>Mat\u00e8ria de modalitat obligat\u00f2ria (4h)<\/strong><\/td>\n<td style=\"width: 20%; height: 48px; text-align: center;\"><strong>Mat\u00e8ria de modalitat 1 (4h)<\/strong><\/td>\n<td style=\"width: 20%; height: 48px; text-align: center;\"><strong>Mat\u00e8ria de modalitat 2 (4h)<\/strong><\/td>\n<td style=\"width: 20%; height: 48px; text-align: center;\"><strong>Mat\u00e8ria de modalitat 3 \/ Optativa (4h)<\/strong><\/td>\n<\/tr>\n<tr style=\"height: 32px;\">\n<td style=\"width: 20%; height: 65px; background-color: #3b8526;\" rowspan=\"2\"><strong>Humanitats i ci\u00e8ncies socials<\/strong><\/td>\n<td style=\"height: 33px; background-color: #81b872; width: 20%;\">Matem\u00e0tiques Aplicades a les Ci\u00e8ncies Socials II<\/td>\n<td style=\"width: 20%; height: 33px; background-color: #81b872;\">Empresa i Disseny de Models de Negoci<\/td>\n<td style=\"width: 20%; height: 65px; background-color: #81b872;\" rowspan=\"2\">Geografia<\/td>\n<td style=\"width: 20%; height: 65px;\" rowspan=\"2\">Developing Your English<\/td>\n<\/tr>\n<tr style=\"height: 32px;\">\n<td style=\"width: 20%; height: 32px; background-color: #81b872;\">Llengua i Cultura Llatines II<\/td>\n<td style=\"width: 20%; height: 32px; background-color: #81b872;\">Literatura Catalana<\/td>\n<\/tr>\n<\/tbody>\n<\/table>\n","protected":false},"excerpt":{"rendered":"<p>L&#8217;Institut Antoni Cumella ofereix una l\u00ednia de Batxillerat nocturn de la modalitat social-human\u00edstica. Es tracta de l&#8217;\u00fanic centre del Vall\u00e8s Oriental i Maresme amb aquesta oferta educativa. Els alumnes que vulguin cursar la modalitat cient\u00edficotecnol\u00f2gica tamb\u00e9 ho poden fer, cursant les mat\u00e8ries pr\u00f2pies de la&hellip;  <a href=\"https:\/\/agora.xtec.cat\/iesacumella\/estudis\/batxillerat-nocturn\/\" title=\"Read Batxillerat nocturn\">Llegeix m\u00e9s\u00bb<\/a><\/p>\n","protected":false},"author":1,"featured_media":0,"parent":195,"menu_order":3,"comment_status":"closed","ping_status":"closed","template":"page-templates\/side-menu.php","meta":{"_bbp_topic_count":0,"_bbp_reply_count":0,"_bbp_total_topic_count":0,"_bbp_total_reply_count":0,"_bbp_voice_count":0,"_bbp_anonymous_reply_count":0,"_bbp_topic_count_hidden":0,"_bbp_reply_count_hidden":0,"_bbp_forum_subforum_count":0,"footnotes":""},"class_list":["post-5459","page","type-page","status-publish","hentry"],"post_mailing_queue_ids":[],"_links":{"self":[{"href":"https:\/\/agora.xtec.cat\/iesacumella\/wp-json\/wp\/v2\/pages\/5459","targetHints":{"allow":["GET"]}}],"collection":[{"href":"https:\/\/agora.xtec.cat\/iesacumella\/wp-json\/wp\/v2\/pages"}],"about":[{"href":"https:\/\/agora.xtec.cat\/iesacumella\/wp-json\/wp\/v2\/types\/page"}],"author":[{"embeddable":true,"href":"https:\/\/agora.xtec.cat\/iesacumella\/wp-json\/wp\/v2\/users\/1"}],"replies":[{"embeddable":true,"href":"https:\/\/agora.xtec.cat\/iesacumella\/wp-json\/wp\/v2\/comments?post=5459"}],"version-history":[{"count":3,"href":"https:\/\/agora.xtec.cat\/iesacumella\/wp-json\/wp\/v2\/pages\/5459\/revisions"}],"predecessor-version":[{"id":8920,"href":"https:\/\/agora.xtec.cat\/iesacumella\/wp-json\/wp\/v2\/pages\/5459\/revisions\/8920"}],"up":[{"embeddable":true,"href":"https:\/\/agora.xtec.cat\/iesacumella\/wp-json\/wp\/v2\/pages\/195"}],"wp:attachment":[{"href":"https:\/\/agora.xtec.cat\/iesacumella\/wp-json\/wp\/v2\/media?parent=5459"}],"curies":[{"name":"wp","href":"https:\/\/api.w.org\/{rel}","templated":true}]}}

<p>L&#8217;Institut Antoni Cumella ofereix una línia de Batxillerat nocturn de la modalitat social-humanística. Es tracta de l&#8217;únic centre del Vallès Oriental i Maresme amb aquesta oferta educativa. Els alumnes que vulguin cursar la modalitat científicotecnològica també ho poden fer, cursant les matèries pròpies de la modalitat a través de l&#8217;IOC. Per les seves característiques, el Batxillerat nocturn permet una atenció molt més personalitzada de cada alumne, amb un ambient divers i una mitjana d&#8217;edat jove.</p>
<p>Característiques del batxillerat nocturn:</p>
<ul>
<li>Poden matricular-se de Batxillerat nocturn els alumnes que tinguin 18 anys o més i els que, en edat compresa entre 16 i 18 anys, acreditin i justifiquin, per motius laborals o altres, la impossibilitat de seguir estudis en règim diürn.</li>
<li>Els alumnes tenen la possibilitat de cursar el Batxillerat en dos o tres anys.</li>
<li>Els alumnes es matriculen només de les matèries no superades, i poden combinar-les amb algunes de segon.</li>
<li>A nocturn es suprimeix del currículum la matèria comuna «Educació física».</li>
<li>Els alumnes que acreditin un mínim de 280 hores d’experiència laboral poden sol·licitar l&#8217;exempció de la matèria optativa de segon curs «Estada a l&#8217;empresa».</li>
<li>Els estudiants que tinguin el títol d’un Cicle Formatiu de Grau mitjà o superior poden sol·licitar l’exempció del Treball de recerca i de les matèries optatives (una a primer curs i l’altra a segon).</li>
<li>Els alumnes amb dedicació significativa a l’esport, i que figuren en el programa de tecnificació (ARC) de la federació catalana corresponent, poden sol·licitar que se’ls apliqui un pla individual que inclogui l’exempció de matèries optatives<a href="http://agora.xtec.cat/iesacumella/wp-content/uploads/usu1642/2018/05/cartell-2-2018-001-800x400.jpg"><img loading="lazy" decoding="async" class="alignnone size-full wp-image-5421" src="http://agora.xtec.cat/iesacumella/wp-content/uploads/usu1642/2018/05/cartell-2-2018-001-800x400.jpg" alt="" width="800" height="400" srcset="https://agora.xtec.cat/iesacumella/wp-content/uploads/usu1642/2018/05/cartell-2-2018-001-800x400.jpg 800w, https://agora.xtec.cat/iesacumella/wp-content/uploads/usu1642/2018/05/cartell-2-2018-001-800x400-300x150.jpg 300w, https://agora.xtec.cat/iesacumella/wp-content/uploads/usu1642/2018/05/cartell-2-2018-001-800x400-768x384.jpg 768w" sizes="auto, (max-width: 800px) 100vw, 800px" /></a></li>
</ul>
<h2>1r de Batxillerat</h2>
<p>Les <strong>matèries comunes</strong> de 1r de Batxillerat nocturn són:</p>
<ul>
<li>Llengua Catalana i Literatura I (2h)</li>
<li>Llengua Castellana i Literatura I (2h)</li>
<li>Llengua Estrangera: Anglès I (3h)</li>
<li>Filosofia (2h)</li>
<li>Tutoria (1h)</li>
</ul>
<p>La resta de matèries s&#8217;organitzen en franges. Cada alumne ha d&#8217;escollir una matèria de cada franja, tenint en compte que cal cursar la matèria de modalitat obligatòria (en el cas de la modalitat d&#8217;humanitats i ciències socials es pot escollir entre <strong>Matemàtiques Aplicades a les Ciències Socials I</strong> o <strong>Llengua i Cultura Llatines I</strong>) i un mínim de dues matèries de modalitat. A la franja de la 3a matèria de modalitat i matèria optativa l&#8217;alumne pot escollir qualsevol matèria, independentment de la modalitat que cursi.</p>
<table style="border-collapse: collapse; width: 100%; height: 128px;">
<tbody>
<tr style="height: 48px;">
<td style="width: 14.2857%; height: 48px; text-align: center;"><strong>Modalitat (3h)</strong></td>
<td style="width: 14.2857%; height: 48px; text-align: center;"><strong>Matèria de modalitat obligatòria (3h)</strong></td>
<td style="width: 14.2857%; height: 48px; text-align: center;"><strong>Matèria de modalitat 1 (3h)</strong></td>
<td style="width: 14.2857%; height: 48px; text-align: center;"><strong>Matèria de modalitat 2 (3h)</strong></td>
<td style="width: 14.2857%; height: 48px; text-align: center;"><strong>Optativa 1 (3h)</strong></td>
<td style="width: 14.2857%; height: 48px; text-align: center;"><strong>Optativa 2 (3h)</strong></td>
<td style="width: 14.2857%; height: 48px; text-align: center;"><strong>Optativa 3 (3h)</strong></td>
</tr>
<tr style="height: 48px;">
<td style="width: 14.2857%; background-color: #3b8526; height: 80px;" rowspan="2"><strong>Humanitats i ciències socials</strong></td>
<td style="width: 14.2857%; height: 48px; background-color: #81b872;">Matemàtiques Aplicades a les Ciències Socials I</td>
<td style="width: 14.2857%; height: 48px; background-color: #81b872;">Economia</td>
<td style="width: 14.2857%; height: 80px; background-color: #81b872;" rowspan="2">Història del Món Contemporani</td>
<td style="width: 14.2857%; height: 80px;" rowspan="2">Funcionament de l&#8217;Empresa</td>
<td style="width: 14.2857%; height: 80px;" rowspan="2">Creació Literària</td>
<td style="width: 14.2857%; height: 80px;" rowspan="2">Ciutadania, Política i Dret</td>
</tr>
<tr style="height: 32px;">
<td style="width: 14.2857%; height: 32px; background-color: #81b872;">Llengua i Cultura Llatines I</td>
<td style="width: 14.2857%; height: 32px; background-color: #81b872;">Literatura Universal</td>
</tr>
</tbody>
</table>
<h2>2n de Batxillerat</h2>
<p>Les <strong>matèries comunes</strong> de 2n de Batxillerat són:</p>
<ul>
<li>Llengua Catalana i Literatura II</li>
<li>Llengua Castellana i Literatura II</li>
<li>Llengua Estrangera: Anglès II</li>
<li>Història</li>
<li>Història de la Filosofia</li>
<li>Tutoria</li>
</ul>
<p>La resta de matèries s&#8217;organitzen en franges. Cada alumne ha d&#8217;escollir una matèria de cada franja, tenint en compte que cal cursar la matèria de modalitat obligatòria (en el cas de la modalitat d&#8217;humanitats i ciències socials es pot escollir entre <strong>Matemàtiques Aplicades a les Ciències Socials II</strong> o <strong>Llengua i Cultura Llatines II</strong>) i un mínim de dues matèries de modalitat. A la franja de la 3a matèria de modalitat i matèria optativa l&#8217;alumne pot escollir qualsevol matèria, independentment de la modalitat que cursi.</p>
<table style="border-collapse: collapse; width: 100%; height: 113px;">
<tbody>
<tr style="height: 48px;">
<td style="width: 20%; height: 48px; text-align: center;"><strong>Modalitat (4h)</strong></td>
<td style="width: 20%; height: 48px; text-align: center;"><strong>Matèria de modalitat obligatòria (4h)</strong></td>
<td style="width: 20%; height: 48px; text-align: center;"><strong>Matèria de modalitat 1 (4h)</strong></td>
<td style="width: 20%; height: 48px; text-align: center;"><strong>Matèria de modalitat 2 (4h)</strong></td>
<td style="width: 20%; height: 48px; text-align: center;"><strong>Matèria de modalitat 3 / Optativa (4h)</strong></td>
</tr>
<tr style="height: 32px;">
<td style="width: 20%; height: 65px; background-color: #3b8526;" rowspan="2"><strong>Humanitats i ciències socials</strong></td>
<td style="height: 33px; background-color: #81b872; width: 20%;">Matemàtiques Aplicades a les Ciències Socials II</td>
<td style="width: 20%; height: 33px; background-color: #81b872;">Empresa i Disseny de Models de Negoci</td>
<td style="width: 20%; height: 65px; background-color: #81b872;" rowspan="2">Geografia</td>
<td style="width: 20%; height: 65px;" rowspan="2">Developing Your English</td>
</tr>
<tr style="height: 32px;">
<td style="width: 20%; height: 32px; background-color: #81b872;">Llengua i Cultura Llatines II</td>
<td style="width: 20%; height: 32px; background-color: #81b872;">Literatura Catalana</td>
</tr>
</tbody>
</table>

<p>L&#8217;Institut Antoni Cumella ofereix una línia de Batxillerat nocturn de la modalitat social-humanística. Es tracta de l&#8217;únic centre del Vallès Oriental i Maresme amb aquesta oferta educativa. Els alumnes que vulguin cursar la modalitat científicotecnològica també ho poden fer, cursant les matèries pròpies de la&hellip;  <a href="https://agora.xtec.cat/iesacumella/estudis/batxillerat-nocturn/" title="Read Batxillerat nocturn">Llegeix més»</a></p>
