{"id":43,"date":"2014-09-17T16:45:07","date_gmt":"2014-09-17T16:45:07","guid":{"rendered":"http:\/\/agora.xtec.cat\/iesacumella\/?page_id=43"},"modified":"2022-02-24T13:59:58","modified_gmt":"2022-02-24T12:59:58","slug":"consell-escolar","status":"publish","type":"page","link":"https:\/\/agora.xtec.cat\/iesacumella\/institut\/consell-escolar\/","title":{"rendered":"Consell escolar"},"content":{"rendered":"<p>El Consell Escolar \u00e9s l&#8217;\u00f2rgan de govern del centre educatiu, ja sigui de prim\u00e0ria o secund\u00e0ria. Est\u00e0 format per representants del personal docent, del personal d&#8217;administraci\u00f3 i serveis, dels pares i mares, de l&#8217;associaci\u00f3 de fam\u00edlies d&#8217;alumnes, dels alumnes i d&#8217;un representant de l&#8217;Ajuntament. Els representants surten elegits per votaci\u00f3.<\/p>\n<p>Les seves funcions s\u00f3n, entre d&#8217;altres:<\/p>\n<ul>\n<li>Aprovar el pressupost del centre, fer-ne el seguiment i aprovar-ne la liquidaci\u00f3.<\/li>\n<li>Aprovar el reglament de r\u00e8gim intern del centre.<\/li>\n<li>Promoure la conservaci\u00f3 i renovaci\u00f3 de les instal\u00b7lacions i material escolar.<\/li>\n<li>Analitzar i valorar el funcionament general del centre, l&#8217;evoluci\u00f3 del rendiment escolar.<\/li>\n<li>Elaborar un informe que s&#8217;inclou en la mem\u00f2ria anual.<\/li>\n<\/ul>\n","protected":false},"excerpt":{"rendered":"<p>El Consell Escolar \u00e9s l&#8217;\u00f2rgan de govern del centre educatiu, ja sigui de prim\u00e0ria o secund\u00e0ria. Est\u00e0 format per representants del personal docent, del personal d&#8217;administraci\u00f3 i serveis, dels pares i mares, de l&#8217;associaci\u00f3 de fam\u00edlies d&#8217;alumnes, dels alumnes i d&#8217;un representant de l&#8217;Ajuntament. Els&hellip;  <a href=\"https:\/\/agora.xtec.cat\/iesacumella\/institut\/consell-escolar\/\" title=\"Read Consell escolar\">Llegeix m\u00e9s\u00bb<\/a><\/p>\n","protected":false},"author":1,"featured_media":0,"parent":27,"menu_order":40,"comment_status":"closed","ping_status":"closed","template":"page-templates\/side-menu.php","meta":{"_bbp_topic_count":0,"_bbp_reply_count":0,"_bbp_total_topic_count":0,"_bbp_total_reply_count":0,"_bbp_voice_count":0,"_bbp_anonymous_reply_count":0,"_bbp_topic_count_hidden":0,"_bbp_reply_count_hidden":0,"_bbp_forum_subforum_count":0,"footnotes":""},"class_list":["post-43","page","type-page","status-publish","hentry"],"post_mailing_queue_ids":[],"_links":{"self":[{"href":"https:\/\/agora.xtec.cat\/iesacumella\/wp-json\/wp\/v2\/pages\/43","targetHints":{"allow":["GET"]}}],"collection":[{"href":"https:\/\/agora.xtec.cat\/iesacumella\/wp-json\/wp\/v2\/pages"}],"about":[{"href":"https:\/\/agora.xtec.cat\/iesacumella\/wp-json\/wp\/v2\/types\/page"}],"author":[{"embeddable":true,"href":"https:\/\/agora.xtec.cat\/iesacumella\/wp-json\/wp\/v2\/users\/1"}],"replies":[{"embeddable":true,"href":"https:\/\/agora.xtec.cat\/iesacumella\/wp-json\/wp\/v2\/comments?post=43"}],"version-history":[{"count":4,"href":"https:\/\/agora.xtec.cat\/iesacumella\/wp-json\/wp\/v2\/pages\/43\/revisions"}],"predecessor-version":[{"id":8426,"href":"https:\/\/agora.xtec.cat\/iesacumella\/wp-json\/wp\/v2\/pages\/43\/revisions\/8426"}],"up":[{"embeddable":true,"href":"https:\/\/agora.xtec.cat\/iesacumella\/wp-json\/wp\/v2\/pages\/27"}],"wp:attachment":[{"href":"https:\/\/agora.xtec.cat\/iesacumella\/wp-json\/wp\/v2\/media?parent=43"}],"curies":[{"name":"wp","href":"https:\/\/api.w.org\/{rel}","templated":true}]}}

<p>El Consell Escolar és l&#8217;òrgan de govern del centre educatiu, ja sigui de primària o secundària. Està format per representants del personal docent, del personal d&#8217;administració i serveis, dels pares i mares, de l&#8217;associació de famílies d&#8217;alumnes, dels alumnes i d&#8217;un representant de l&#8217;Ajuntament. Els representants surten elegits per votació.</p>
<p>Les seves funcions són, entre d&#8217;altres:</p>
<ul>
<li>Aprovar el pressupost del centre, fer-ne el seguiment i aprovar-ne la liquidació.</li>
<li>Aprovar el reglament de règim intern del centre.</li>
<li>Promoure la conservació i renovació de les instal·lacions i material escolar.</li>
<li>Analitzar i valorar el funcionament general del centre, l&#8217;evolució del rendiment escolar.</li>
<li>Elaborar un informe que s&#8217;inclou en la memòria anual.</li>
</ul>

<p>El Consell Escolar és l&#8217;òrgan de govern del centre educatiu, ja sigui de primària o secundària. Està format per representants del personal docent, del personal d&#8217;administració i serveis, dels pares i mares, de l&#8217;associació de famílies d&#8217;alumnes, dels alumnes i d&#8217;un representant de l&#8217;Ajuntament. Els&hellip;  <a href="https://agora.xtec.cat/iesacumella/institut/consell-escolar/" title="Read Consell escolar">Llegeix més»</a></p>
