{"id":3432,"date":"2016-09-24T11:28:04","date_gmt":"2016-09-24T10:28:04","guid":{"rendered":"http:\/\/blog.iesacumella.cat\/?page_id=3432"},"modified":"2024-12-16T12:24:18","modified_gmt":"2024-12-16T11:24:18","slug":"programa-erasmus","status":"publish","type":"page","link":"https:\/\/agora.xtec.cat\/iesacumella\/projecte-educatiu\/programa-erasmus\/","title":{"rendered":"Programa Erasmus+"},"content":{"rendered":"<p><img loading=\"lazy\" decoding=\"async\" class=\"alignright wp-image-9347 size-medium\" src=\"https:\/\/agora.xtec.cat\/iesacumella\/wp-content\/uploads\/usu1642\/2024\/12\/LOGO-ERASMUS-co-funded-EN-1536x335-1-300x65.png\" alt=\"\" width=\"300\" height=\"65\" srcset=\"https:\/\/agora.xtec.cat\/iesacumella\/wp-content\/uploads\/usu1642\/2024\/12\/LOGO-ERASMUS-co-funded-EN-1536x335-1-300x65.png 300w, https:\/\/agora.xtec.cat\/iesacumella\/wp-content\/uploads\/usu1642\/2024\/12\/LOGO-ERASMUS-co-funded-EN-1536x335-1-1024x223.png 1024w, https:\/\/agora.xtec.cat\/iesacumella\/wp-content\/uploads\/usu1642\/2024\/12\/LOGO-ERASMUS-co-funded-EN-1536x335-1-768x168.png 768w, https:\/\/agora.xtec.cat\/iesacumella\/wp-content\/uploads\/usu1642\/2024\/12\/LOGO-ERASMUS-co-funded-EN-1536x335-1.png 1536w\" sizes=\"auto, (max-width: 300px) 100vw, 300px\" \/> <img loading=\"lazy\" decoding=\"async\" class=\"alignright size-medium wp-image-9349\" src=\"https:\/\/agora.xtec.cat\/iesacumella\/wp-content\/uploads\/usu1642\/2024\/12\/logo_sepie-300x111.gif\" alt=\"\" width=\"300\" height=\"111\" \/>L\u2019Institut Antoni Cumella ha participat des del 2016 en diversos projectes del programa Erasmus+ (\u201cThe virtual universe we want\u201d, \u201cGamification in interdisciplinary education\u201d, \u201cTime to read, time to have fun\u201d), amb diversos centres educatius europeus. El nostre institut disposa de l\u2019acreditaci\u00f3 com a centre Erasmus+ pel per\u00edode 2022-2027, que inclou la mobilitat d&#8217;alumnes i docents. Amb el programa Erasmus+ oferim contextos pluriling\u00fces reals als alumnes que participen a les mobilitats i a tots els alumnes del centre, que acullen alumnes visitants, per tal que els alumnes puguin posar en pr\u00e0ctica les seves compet\u00e8ncies comunicatives en les lleng\u00fces que s&#8217;aprenen al centre: angl\u00e8s, franc\u00e8s i alemany. Tamb\u00e9 promovem la cooperaci\u00f3 i intercanvi de bones pr\u00e0ctiques entre els docents participants i la resta del claustre.<\/p>\n<p>De manera general els projectes es realitzen amb l&#8217;alumnat de 4t d&#8217;ESO.<\/p>\n<h2>Objectius<\/h2>\n<p>Pel per\u00edode 2022-2027 ens hem marcat com a objectius del pla Erasmus+:<\/p>\n<ol>\n<li>Fomentar l&#8217;adquisici\u00f3 d&#8217;estrat\u00e8gies de <span style=\"color: #4285f4;\"><strong>comprensi\u00f3 lectora i h\u00e0bit lector<\/strong><\/span>.<\/li>\n<li>Abordar la millora de la <span style=\"color: #e85642;\"><strong>conviv\u00e8ncia<\/strong><\/span> treballant la interculturalitat, la igualtat, la <span style=\"color: #e85642;\"><strong>coeducaci\u00f3<\/strong><\/span> i la prevenci\u00f3 de la viol\u00e8ncia de g\u00e8nere.<\/li>\n<li>Fomentar les pr\u00e0ctiques educatives basades en els <span style=\"color: #6aa84f;\"><strong>treballs d&#8217;investigaci\u00f3<\/strong><\/span> per part de tot l&#8217;alumnat en tots els nivells, amb l&#8217;objectiu de resoldre <span style=\"color: #6aa84f;\"><strong>reptes<\/strong><\/span> plantejats per l&#8217;entorn.<\/li>\n<li>Implementar l&#8217;<span style=\"color: #e8c300;\"><strong>aprenentatge cooperatiu<\/strong><\/span> com a projecte institucional del conjunt del professorat per facilitar la inclusi\u00f3.<\/li>\n<li>Coordinar els processos d&#8217;ensenyament-aprenentatge de la <span style=\"color: #a64d79;\"><strong>compet\u00e8ncia digital<\/strong><\/span> a tots els nivells per millorar la cerca i contrast d&#8217;informaci\u00f3 digital i la responsabilitat en l&#8217;\u00fas de les TIC.<\/li>\n<\/ol>\n<h2>Projectes realitzats amb l&#8217;alumnat<\/h2>\n<ul>\n<li>The virtual universe we want (2017-2019)<\/li>\n<li><a href=\"https:\/\/agora.xtec.cat\/iesacumella\/projecte-educatiu\/programa-erasmus\/gamification-in-interdisciplinary-education\/\">Gamification in interdisciplinary education (2019-2022)<\/a><\/li>\n<li><a href=\"https:\/\/agora.xtec.cat\/iesacumella\/projecte-educatiu\/programa-erasmus\/time-to-read-time-to-have-fun-2022-2023\/\">Time to read, time to have fun (2022-2023)<\/a><\/li>\n<li><a href=\"https:\/\/agora.xtec.cat\/iesacumella\/projecte-educatiu\/programa-erasmus\/next-stop-diversity-2023-2024\/\">Next stop: Diversity! (2023-2024)<\/a><\/li>\n<li>Projecte de recerca a l&#8217;aula (2024-2025)<\/li>\n<\/ul>\n<h2>Job-shadowing<\/h2>\n<p>Com a part del programa Erasmus+, parelles de docents realitzen estades d&#8217;una setmana en centres dels pa\u00efsos participants per tal d&#8217;observar de primera m\u00e0 pr\u00e0ctiques de refer\u00e8ncia relacionades amb els objectius Erasmus+ del nostre centre. Podeu consultar les estades realitzades <a href=\"https:\/\/agora.xtec.cat\/iesacumella\/projecte-educatiu\/programa-erasmus\/job-shadowing\/\">aqu\u00ed<\/a>.<\/p>\n<h2>Formaci\u00f3<\/h2>\n<p>Cada any tamb\u00e9 es realitzen <a href=\"https:\/\/agora.xtec.cat\/iesacumella\/projecte-educatiu\/programa-erasmus\/formacio-erasmus\/\">cursos de formaci\u00f3 a l&#8217;estiu relacionats amb els objectius Erasmus+<\/a>.<\/p>\n<h2>Previsi\u00f3 de futurs projectes<\/h2>\n<ul>\n<li>Aprenentatge cooperatiu (2025-2026)<\/li>\n<li>Cerca i contrast d&#8217;informaci\u00f3 digital (2026-2027)<\/li>\n<\/ul>\n<h2>Difusi\u00f3<\/h2>\n<h3>International Corner<\/h3>\n<p>Al vest\u00edbul de l\u2019institut hi ha un espai dedicat als projectes internacionals del centre \u00a0 anomenat International Corner. All\u00e0 es publiquen totes les informacions referents al Programa Erasmus+: les mobilitats d\u2019alumnat aix\u00ed com les mobilitats de professorat (Job-Shadowing i cursos de formaci\u00f3).<\/p>\n<p><img loading=\"lazy\" decoding=\"async\" class=\"aligncenter wp-image-9344\" src=\"https:\/\/agora.xtec.cat\/iesacumella\/wp-content\/uploads\/usu1642\/2024\/12\/20240426_135422-300x191.jpg\" alt=\"\" width=\"600\" height=\"381\" srcset=\"https:\/\/agora.xtec.cat\/iesacumella\/wp-content\/uploads\/usu1642\/2024\/12\/20240426_135422-300x191.jpg 300w, https:\/\/agora.xtec.cat\/iesacumella\/wp-content\/uploads\/usu1642\/2024\/12\/20240426_135422-1024x651.jpg 1024w, https:\/\/agora.xtec.cat\/iesacumella\/wp-content\/uploads\/usu1642\/2024\/12\/20240426_135422-768x488.jpg 768w, https:\/\/agora.xtec.cat\/iesacumella\/wp-content\/uploads\/usu1642\/2024\/12\/20240426_135422-1536x976.jpg 1536w, https:\/\/agora.xtec.cat\/iesacumella\/wp-content\/uploads\/usu1642\/2024\/12\/20240426_135422-2048x1302.jpg 2048w\" sizes=\"auto, (max-width: 600px) 100vw, 600px\" \/><img loading=\"lazy\" decoding=\"async\" class=\"aligncenter wp-image-9345\" src=\"https:\/\/agora.xtec.cat\/iesacumella\/wp-content\/uploads\/usu1642\/2024\/12\/20241017_112737-1024x791.jpg\" alt=\"\" width=\"600\" height=\"463\" srcset=\"https:\/\/agora.xtec.cat\/iesacumella\/wp-content\/uploads\/usu1642\/2024\/12\/20241017_112737-1024x791.jpg 1024w, https:\/\/agora.xtec.cat\/iesacumella\/wp-content\/uploads\/usu1642\/2024\/12\/20241017_112737-300x232.jpg 300w, https:\/\/agora.xtec.cat\/iesacumella\/wp-content\/uploads\/usu1642\/2024\/12\/20241017_112737-768x593.jpg 768w, https:\/\/agora.xtec.cat\/iesacumella\/wp-content\/uploads\/usu1642\/2024\/12\/20241017_112737-1536x1186.jpg 1536w, https:\/\/agora.xtec.cat\/iesacumella\/wp-content\/uploads\/usu1642\/2024\/12\/20241017_112737-2048x1581.jpg 2048w\" sizes=\"auto, (max-width: 600px) 100vw, 600px\" \/><\/p>\n<h3><span style=\"font-weight: 400;\">Erasmus Days<\/span><\/h3>\n<p><span style=\"font-weight: 400;\">Cada octubre t\u00e9 lloc la Jornada <\/span><b><i>Al Vall\u00e8s Oriental ens movem per Europa <\/i><\/b><span style=\"font-weight: 400;\">a La Porxada de Granollers. Es tracta d&#8217;una jornada per donar visibilitat als projectes Erasmus+ que els centres educatius de la nostra zona (Granollers, Canovelles, Les Franqueses i la Roca del Vall\u00e8s) estan duent a terme i per acostar a la ciutadania, les fam\u00edlies i l&#8217;alumnat <\/span><span style=\"font-weight: 400;\">els beneficis i les oportunitats que ofereixen els programes de mobilitat Erasmus+. Podreu trobar estands de cada centre educatiu on us explicaran els seus projectes.<\/span><\/p>\n<h3><span style=\"font-weight: 400;\">Xarxes socials<\/span><\/h3>\n<p><span style=\"font-weight: 400;\">Tamb\u00e9 podeu consultar les nostres xarxes socials per estar al dia de tota la informaci\u00f3 relacionada amb els nostres projectes internacionals.<\/span><\/p>\n<ul>\n<li>X: <a href=\"https:\/\/x.com\/INSACumella\">@INSACumella<\/a><\/li>\n<li>Instagram: <a href=\"https:\/\/instagram.com\/insacumella\">@insacumella<\/a><\/li>\n<\/ul>\n","protected":false},"excerpt":{"rendered":"<p> L\u2019Institut Antoni Cumella ha participat des del 2016 en diversos projectes del programa Erasmus+ (\u201cThe virtual universe we want\u201d, \u201cGamification in interdisciplinary education\u201d, \u201cTime to read, time to have fun\u201d), amb diversos centres educatius europeus. El nostre institut disposa de l\u2019acreditaci\u00f3 com a centre&hellip;  <a href=\"https:\/\/agora.xtec.cat\/iesacumella\/projecte-educatiu\/programa-erasmus\/\" title=\"Read Programa Erasmus+\">Llegeix m\u00e9s\u00bb<\/a><\/p>\n","protected":false},"author":1,"featured_media":0,"parent":57,"menu_order":3,"comment_status":"closed","ping_status":"closed","template":"page-templates\/side-menu.php","meta":{"_bbp_topic_count":0,"_bbp_reply_count":0,"_bbp_total_topic_count":0,"_bbp_total_reply_count":0,"_bbp_voice_count":0,"_bbp_anonymous_reply_count":0,"_bbp_topic_count_hidden":0,"_bbp_reply_count_hidden":0,"_bbp_forum_subforum_count":0,"footnotes":""},"class_list":["post-3432","page","type-page","status-publish","hentry"],"post_mailing_queue_ids":[],"_links":{"self":[{"href":"https:\/\/agora.xtec.cat\/iesacumella\/wp-json\/wp\/v2\/pages\/3432","targetHints":{"allow":["GET"]}}],"collection":[{"href":"https:\/\/agora.xtec.cat\/iesacumella\/wp-json\/wp\/v2\/pages"}],"about":[{"href":"https:\/\/agora.xtec.cat\/iesacumella\/wp-json\/wp\/v2\/types\/page"}],"author":[{"embeddable":true,"href":"https:\/\/agora.xtec.cat\/iesacumella\/wp-json\/wp\/v2\/users\/1"}],"replies":[{"embeddable":true,"href":"https:\/\/agora.xtec.cat\/iesacumella\/wp-json\/wp\/v2\/comments?post=3432"}],"version-history":[{"count":7,"href":"https:\/\/agora.xtec.cat\/iesacumella\/wp-json\/wp\/v2\/pages\/3432\/revisions"}],"predecessor-version":[{"id":9353,"href":"https:\/\/agora.xtec.cat\/iesacumella\/wp-json\/wp\/v2\/pages\/3432\/revisions\/9353"}],"up":[{"embeddable":true,"href":"https:\/\/agora.xtec.cat\/iesacumella\/wp-json\/wp\/v2\/pages\/57"}],"wp:attachment":[{"href":"https:\/\/agora.xtec.cat\/iesacumella\/wp-json\/wp\/v2\/media?parent=3432"}],"curies":[{"name":"wp","href":"https:\/\/api.w.org\/{rel}","templated":true}]}}

<p><img loading="lazy" decoding="async" class="alignright wp-image-9347 size-medium" src="https://agora.xtec.cat/iesacumella/wp-content/uploads/usu1642/2024/12/LOGO-ERASMUS-co-funded-EN-1536x335-1-300x65.png" alt="" width="300" height="65" srcset="https://agora.xtec.cat/iesacumella/wp-content/uploads/usu1642/2024/12/LOGO-ERASMUS-co-funded-EN-1536x335-1-300x65.png 300w, https://agora.xtec.cat/iesacumella/wp-content/uploads/usu1642/2024/12/LOGO-ERASMUS-co-funded-EN-1536x335-1-1024x223.png 1024w, https://agora.xtec.cat/iesacumella/wp-content/uploads/usu1642/2024/12/LOGO-ERASMUS-co-funded-EN-1536x335-1-768x168.png 768w, https://agora.xtec.cat/iesacumella/wp-content/uploads/usu1642/2024/12/LOGO-ERASMUS-co-funded-EN-1536x335-1.png 1536w" sizes="auto, (max-width: 300px) 100vw, 300px" /> <img loading="lazy" decoding="async" class="alignright size-medium wp-image-9349" src="https://agora.xtec.cat/iesacumella/wp-content/uploads/usu1642/2024/12/logo_sepie-300x111.gif" alt="" width="300" height="111" />L’Institut Antoni Cumella ha participat des del 2016 en diversos projectes del programa Erasmus+ (“The virtual universe we want”, “Gamification in interdisciplinary education”, “Time to read, time to have fun”), amb diversos centres educatius europeus. El nostre institut disposa de l’acreditació com a centre Erasmus+ pel període 2022-2027, que inclou la mobilitat d&#8217;alumnes i docents. Amb el programa Erasmus+ oferim contextos plurilingües reals als alumnes que participen a les mobilitats i a tots els alumnes del centre, que acullen alumnes visitants, per tal que els alumnes puguin posar en pràctica les seves competències comunicatives en les llengües que s&#8217;aprenen al centre: anglès, francès i alemany. També promovem la cooperació i intercanvi de bones pràctiques entre els docents participants i la resta del claustre.</p>
<p>De manera general els projectes es realitzen amb l&#8217;alumnat de 4t d&#8217;ESO.</p>
<h2>Objectius</h2>
<p>Pel període 2022-2027 ens hem marcat com a objectius del pla Erasmus+:</p>
<ol>
<li>Fomentar l&#8217;adquisició d&#8217;estratègies de <span style="color: #4285f4;"><strong>comprensió lectora i hàbit lector</strong></span>.</li>
<li>Abordar la millora de la <span style="color: #e85642;"><strong>convivència</strong></span> treballant la interculturalitat, la igualtat, la <span style="color: #e85642;"><strong>coeducació</strong></span> i la prevenció de la violència de gènere.</li>
<li>Fomentar les pràctiques educatives basades en els <span style="color: #6aa84f;"><strong>treballs d&#8217;investigació</strong></span> per part de tot l&#8217;alumnat en tots els nivells, amb l&#8217;objectiu de resoldre <span style="color: #6aa84f;"><strong>reptes</strong></span> plantejats per l&#8217;entorn.</li>
<li>Implementar l&#8217;<span style="color: #e8c300;"><strong>aprenentatge cooperatiu</strong></span> com a projecte institucional del conjunt del professorat per facilitar la inclusió.</li>
<li>Coordinar els processos d&#8217;ensenyament-aprenentatge de la <span style="color: #a64d79;"><strong>competència digital</strong></span> a tots els nivells per millorar la cerca i contrast d&#8217;informació digital i la responsabilitat en l&#8217;ús de les TIC.</li>
</ol>
<h2>Projectes realitzats amb l&#8217;alumnat</h2>
<ul>
<li>The virtual universe we want (2017-2019)</li>
<li><a href="https://agora.xtec.cat/iesacumella/projecte-educatiu/programa-erasmus/gamification-in-interdisciplinary-education/">Gamification in interdisciplinary education (2019-2022)</a></li>
<li><a href="https://agora.xtec.cat/iesacumella/projecte-educatiu/programa-erasmus/time-to-read-time-to-have-fun-2022-2023/">Time to read, time to have fun (2022-2023)</a></li>
<li><a href="https://agora.xtec.cat/iesacumella/projecte-educatiu/programa-erasmus/next-stop-diversity-2023-2024/">Next stop: Diversity! (2023-2024)</a></li>
<li>Projecte de recerca a l&#8217;aula (2024-2025)</li>
</ul>
<h2>Job-shadowing</h2>
<p>Com a part del programa Erasmus+, parelles de docents realitzen estades d&#8217;una setmana en centres dels països participants per tal d&#8217;observar de primera mà pràctiques de referència relacionades amb els objectius Erasmus+ del nostre centre. Podeu consultar les estades realitzades <a href="https://agora.xtec.cat/iesacumella/projecte-educatiu/programa-erasmus/job-shadowing/">aquí</a>.</p>
<h2>Formació</h2>
<p>Cada any també es realitzen <a href="https://agora.xtec.cat/iesacumella/projecte-educatiu/programa-erasmus/formacio-erasmus/">cursos de formació a l&#8217;estiu relacionats amb els objectius Erasmus+</a>.</p>
<h2>Previsió de futurs projectes</h2>
<ul>
<li>Aprenentatge cooperatiu (2025-2026)</li>
<li>Cerca i contrast d&#8217;informació digital (2026-2027)</li>
</ul>
<h2>Difusió</h2>
<h3>International Corner</h3>
<p>Al vestíbul de l’institut hi ha un espai dedicat als projectes internacionals del centre   anomenat International Corner. Allà es publiquen totes les informacions referents al Programa Erasmus+: les mobilitats d’alumnat així com les mobilitats de professorat (Job-Shadowing i cursos de formació).</p>
<p><img loading="lazy" decoding="async" class="aligncenter wp-image-9344" src="https://agora.xtec.cat/iesacumella/wp-content/uploads/usu1642/2024/12/20240426_135422-300x191.jpg" alt="" width="600" height="381" srcset="https://agora.xtec.cat/iesacumella/wp-content/uploads/usu1642/2024/12/20240426_135422-300x191.jpg 300w, https://agora.xtec.cat/iesacumella/wp-content/uploads/usu1642/2024/12/20240426_135422-1024x651.jpg 1024w, https://agora.xtec.cat/iesacumella/wp-content/uploads/usu1642/2024/12/20240426_135422-768x488.jpg 768w, https://agora.xtec.cat/iesacumella/wp-content/uploads/usu1642/2024/12/20240426_135422-1536x976.jpg 1536w, https://agora.xtec.cat/iesacumella/wp-content/uploads/usu1642/2024/12/20240426_135422-2048x1302.jpg 2048w" sizes="auto, (max-width: 600px) 100vw, 600px" /><img loading="lazy" decoding="async" class="aligncenter wp-image-9345" src="https://agora.xtec.cat/iesacumella/wp-content/uploads/usu1642/2024/12/20241017_112737-1024x791.jpg" alt="" width="600" height="463" srcset="https://agora.xtec.cat/iesacumella/wp-content/uploads/usu1642/2024/12/20241017_112737-1024x791.jpg 1024w, https://agora.xtec.cat/iesacumella/wp-content/uploads/usu1642/2024/12/20241017_112737-300x232.jpg 300w, https://agora.xtec.cat/iesacumella/wp-content/uploads/usu1642/2024/12/20241017_112737-768x593.jpg 768w, https://agora.xtec.cat/iesacumella/wp-content/uploads/usu1642/2024/12/20241017_112737-1536x1186.jpg 1536w, https://agora.xtec.cat/iesacumella/wp-content/uploads/usu1642/2024/12/20241017_112737-2048x1581.jpg 2048w" sizes="auto, (max-width: 600px) 100vw, 600px" /></p>
<h3><span style="font-weight: 400;">Erasmus Days</span></h3>
<p><span style="font-weight: 400;">Cada octubre té lloc la Jornada </span><b><i>Al Vallès Oriental ens movem per Europa </i></b><span style="font-weight: 400;">a La Porxada de Granollers. Es tracta d&#8217;una jornada per donar visibilitat als projectes Erasmus+ que els centres educatius de la nostra zona (Granollers, Canovelles, Les Franqueses i la Roca del Vallès) estan duent a terme i per acostar a la ciutadania, les famílies i l&#8217;alumnat </span><span style="font-weight: 400;">els beneficis i les oportunitats que ofereixen els programes de mobilitat Erasmus+. Podreu trobar estands de cada centre educatiu on us explicaran els seus projectes.</span></p>
<h3><span style="font-weight: 400;">Xarxes socials</span></h3>
<p><span style="font-weight: 400;">També podeu consultar les nostres xarxes socials per estar al dia de tota la informació relacionada amb els nostres projectes internacionals.</span></p>
<ul>
<li>X: <a href="https://x.com/INSACumella">@INSACumella</a></li>
<li>Instagram: <a href="https://instagram.com/insacumella">@insacumella</a></li>
</ul>

<p> L’Institut Antoni Cumella ha participat des del 2016 en diversos projectes del programa Erasmus+ (“The virtual universe we want”, “Gamification in interdisciplinary education”, “Time to read, time to have fun”), amb diversos centres educatius europeus. El nostre institut disposa de l’acreditació com a centre&hellip;  <a href="https://agora.xtec.cat/iesacumella/projecte-educatiu/programa-erasmus/" title="Read Programa Erasmus+">Llegeix més»</a></p>
