{"id":27,"date":"2014-09-17T16:24:03","date_gmt":"2014-09-17T14:24:03","guid":{"rendered":"http:\/\/agora.xtec.cat\/iesacumella\/?page_id=27"},"modified":"2022-02-24T14:01:18","modified_gmt":"2022-02-24T13:01:18","slug":"institut","status":"publish","type":"page","link":"https:\/\/agora.xtec.cat\/iesacumella\/institut\/","title":{"rendered":"El nostre Institut"},"content":{"rendered":"<p><span style=\"font-weight: 400;\">L\u2019Institut Antoni Cumella \u00e9s un centre educatiu p\u00fablic de Granollers, situat al barri dels Instituts, que s\u2019implica en la vida social i cultural de la ciutat. L\u2019Institut ofereix els estudis d\u2019<\/span><b>Educaci\u00f3 Secund\u00e0ria Obligat\u00f2ria<\/b><span style=\"font-weight: 400;\"> i de <\/span><b>Batxillerat<\/b><span style=\"font-weight: 400;\"> en les modalitats <\/span><b>cientificotecnol\u00f2gica<\/b><span style=\"font-weight: 400;\">, <\/span><b>social-human\u00edstica<\/b><span style=\"font-weight: 400;\"> i <\/span><b>general<\/b><span style=\"font-weight: 400;\"> en el torn de mat\u00ed, i social-human\u00edstica en <\/span><b>torn de tarda<\/b><span style=\"font-weight: 400;\">.<\/span><\/p>\n<p><span style=\"font-weight: 400;\">El nostres objectius s\u00f3n:<\/span><\/p>\n<ol>\n<li style=\"font-weight: 400;\" aria-level=\"1\"><span style=\"font-weight: 400;\">Atendre les necessitats educatives de tot l\u2019alumnat.<\/span><\/li>\n<li style=\"font-weight: 400;\" aria-level=\"1\"><span style=\"font-weight: 400;\">Fomentar l\u2019\u00fas de les lleng\u00fces estrangeres i la lectura.<\/span><\/li>\n<li style=\"font-weight: 400;\" aria-level=\"1\"><span style=\"font-weight: 400;\">Aprofundir en l\u2019aprenentatge a trav\u00e9s de metodologies actives.<\/span><\/li>\n<li style=\"font-weight: 400;\" aria-level=\"1\"><span style=\"font-weight: 400;\">Fomentar la participaci\u00f3 de la comunitat educativa.<\/span><\/li>\n<\/ol>\n","protected":false},"excerpt":{"rendered":"<p>L\u2019Institut Antoni Cumella \u00e9s un centre educatiu p\u00fablic de Granollers, situat al barri dels Instituts, que s\u2019implica en la vida social i cultural de la ciutat. L\u2019Institut ofereix els estudis d\u2019Educaci\u00f3 Secund\u00e0ria Obligat\u00f2ria i de Batxillerat en les modalitats cientificotecnol\u00f2gica, social-human\u00edstica i general en el&hellip;  <a href=\"https:\/\/agora.xtec.cat\/iesacumella\/institut\/\" title=\"Read El nostre Institut\">Llegeix m\u00e9s\u00bb<\/a><\/p>\n","protected":false},"author":1,"featured_media":0,"parent":0,"menu_order":1,"comment_status":"closed","ping_status":"closed","template":"page-templates\/side-menu.php","meta":{"_bbp_topic_count":0,"_bbp_reply_count":0,"_bbp_total_topic_count":0,"_bbp_total_reply_count":0,"_bbp_voice_count":0,"_bbp_anonymous_reply_count":0,"_bbp_topic_count_hidden":0,"_bbp_reply_count_hidden":0,"_bbp_forum_subforum_count":0,"footnotes":""},"class_list":["post-27","page","type-page","status-publish","hentry"],"post_mailing_queue_ids":[],"_links":{"self":[{"href":"https:\/\/agora.xtec.cat\/iesacumella\/wp-json\/wp\/v2\/pages\/27","targetHints":{"allow":["GET"]}}],"collection":[{"href":"https:\/\/agora.xtec.cat\/iesacumella\/wp-json\/wp\/v2\/pages"}],"about":[{"href":"https:\/\/agora.xtec.cat\/iesacumella\/wp-json\/wp\/v2\/types\/page"}],"author":[{"embeddable":true,"href":"https:\/\/agora.xtec.cat\/iesacumella\/wp-json\/wp\/v2\/users\/1"}],"replies":[{"embeddable":true,"href":"https:\/\/agora.xtec.cat\/iesacumella\/wp-json\/wp\/v2\/comments?post=27"}],"version-history":[{"count":3,"href":"https:\/\/agora.xtec.cat\/iesacumella\/wp-json\/wp\/v2\/pages\/27\/revisions"}],"predecessor-version":[{"id":8425,"href":"https:\/\/agora.xtec.cat\/iesacumella\/wp-json\/wp\/v2\/pages\/27\/revisions\/8425"}],"wp:attachment":[{"href":"https:\/\/agora.xtec.cat\/iesacumella\/wp-json\/wp\/v2\/media?parent=27"}],"curies":[{"name":"wp","href":"https:\/\/api.w.org\/{rel}","templated":true}]}}

<p><span style="font-weight: 400;">L’Institut Antoni Cumella és un centre educatiu públic de Granollers, situat al barri dels Instituts, que s’implica en la vida social i cultural de la ciutat. L’Institut ofereix els estudis d’</span><b>Educació Secundària Obligatòria</b><span style="font-weight: 400;"> i de </span><b>Batxillerat</b><span style="font-weight: 400;"> en les modalitats </span><b>cientificotecnològica</b><span style="font-weight: 400;">, </span><b>social-humanística</b><span style="font-weight: 400;"> i </span><b>general</b><span style="font-weight: 400;"> en el torn de matí, i social-humanística en </span><b>torn de tarda</b><span style="font-weight: 400;">.</span></p>
<p><span style="font-weight: 400;">El nostres objectius són:</span></p>
<ol>
<li style="font-weight: 400;" aria-level="1"><span style="font-weight: 400;">Atendre les necessitats educatives de tot l’alumnat.</span></li>
<li style="font-weight: 400;" aria-level="1"><span style="font-weight: 400;">Fomentar l’ús de les llengües estrangeres i la lectura.</span></li>
<li style="font-weight: 400;" aria-level="1"><span style="font-weight: 400;">Aprofundir en l’aprenentatge a través de metodologies actives.</span></li>
<li style="font-weight: 400;" aria-level="1"><span style="font-weight: 400;">Fomentar la participació de la comunitat educativa.</span></li>
</ol>

<p>L’Institut Antoni Cumella és un centre educatiu públic de Granollers, situat al barri dels Instituts, que s’implica en la vida social i cultural de la ciutat. L’Institut ofereix els estudis d’Educació Secundària Obligatòria i de Batxillerat en les modalitats cientificotecnològica, social-humanística i general en el&hellip;  <a href="https://agora.xtec.cat/iesacumella/institut/" title="Read El nostre Institut">Llegeix més»</a></p>
