{"id":2376,"date":"2015-07-09T17:54:18","date_gmt":"2015-07-09T16:54:18","guid":{"rendered":"http:\/\/blog.iesacumella.cat\/?page_id=2376"},"modified":"2022-04-07T11:44:58","modified_gmt":"2022-04-07T09:44:58","slug":"tutoria-entre-iguals","status":"publish","type":"page","link":"https:\/\/agora.xtec.cat\/iesacumella\/projecte-educatiu\/tutoria-entre-iguals\/","title":{"rendered":"Tutoria Entre Iguals"},"content":{"rendered":"<p>Des de fa anys que a l\u2019Institut Antoni Cumella els i les alumnes de 1r d\u2019ESO inicien el seu cam\u00ed en l\u2019educaci\u00f3 secund\u00e0ria de la m\u00e0 d\u2019un company o companya de 3r d\u2019ESO que els orienta, els guia i els ajuda. La Tutoria Entre Iguals \u00e9s una oportunitat de participar i con\u00e8ixer dels altres i amb els altres. \u00c9s un aprenentatge per l\u2019alumnat que tot just fa dos mesos que va comen\u00e7ar una nova etapa a les aules del passad\u00eds de 1r d\u2019ESO, i tamb\u00e9 ho \u00e9s pels tutors que ho van fer ara fa dos anys. La interacci\u00f3 entre els m\u00e9s petits de la casa i els que han deixat de ser-ho afavoreix la connexi\u00f3 i la creaci\u00f3 de vincles que fomenten un clima de confian\u00e7a i companyonia, i tot l\u2019institut se\u2019n beneficia.<\/p>\n<p>El programa de Tutoria Entre Iguals busca facilitar el proc\u00e9s d&#8217;integraci\u00f3 dels alumnes nous, afavorir l&#8217;autoestima i integraci\u00f3 a trav\u00e9s d&#8217;un referent i cohesionar la comunitat educativa del centre.<\/p>\n<p><a href=\"http:\/\/agora.xtec.cat\/iesacumella\/wp-content\/uploads\/usu1642\/2015\/07\/tei2015.jpg\"><img loading=\"lazy\" decoding=\"async\" class=\"alignnone size-large wp-image-5559\" src=\"http:\/\/agora.xtec.cat\/iesacumella\/wp-content\/uploads\/usu1642\/2015\/07\/tei2015-1024x614.jpg\" alt=\"\" width=\"1024\" height=\"614\" \/><\/a><\/p>\n","protected":false},"excerpt":{"rendered":"<p>Des de fa anys que a l\u2019Institut Antoni Cumella els i les alumnes de 1r d\u2019ESO inicien el seu cam\u00ed en l\u2019educaci\u00f3 secund\u00e0ria de la m\u00e0 d\u2019un company o companya de 3r d\u2019ESO que els orienta, els guia i els ajuda. La Tutoria Entre Iguals&hellip;  <a href=\"https:\/\/agora.xtec.cat\/iesacumella\/projecte-educatiu\/tutoria-entre-iguals\/\" title=\"Read Tutoria Entre Iguals\">Llegeix m\u00e9s\u00bb<\/a><\/p>\n","protected":false},"author":1,"featured_media":0,"parent":57,"menu_order":5,"comment_status":"closed","ping_status":"closed","template":"page-templates\/side-menu.php","meta":{"_bbp_topic_count":0,"_bbp_reply_count":0,"_bbp_total_topic_count":0,"_bbp_total_reply_count":0,"_bbp_voice_count":0,"_bbp_anonymous_reply_count":0,"_bbp_topic_count_hidden":0,"_bbp_reply_count_hidden":0,"_bbp_forum_subforum_count":0,"footnotes":""},"class_list":["post-2376","page","type-page","status-publish","hentry"],"post_mailing_queue_ids":[],"_links":{"self":[{"href":"https:\/\/agora.xtec.cat\/iesacumella\/wp-json\/wp\/v2\/pages\/2376","targetHints":{"allow":["GET"]}}],"collection":[{"href":"https:\/\/agora.xtec.cat\/iesacumella\/wp-json\/wp\/v2\/pages"}],"about":[{"href":"https:\/\/agora.xtec.cat\/iesacumella\/wp-json\/wp\/v2\/types\/page"}],"author":[{"embeddable":true,"href":"https:\/\/agora.xtec.cat\/iesacumella\/wp-json\/wp\/v2\/users\/1"}],"replies":[{"embeddable":true,"href":"https:\/\/agora.xtec.cat\/iesacumella\/wp-json\/wp\/v2\/comments?post=2376"}],"version-history":[{"count":3,"href":"https:\/\/agora.xtec.cat\/iesacumella\/wp-json\/wp\/v2\/pages\/2376\/revisions"}],"predecessor-version":[{"id":8312,"href":"https:\/\/agora.xtec.cat\/iesacumella\/wp-json\/wp\/v2\/pages\/2376\/revisions\/8312"}],"up":[{"embeddable":true,"href":"https:\/\/agora.xtec.cat\/iesacumella\/wp-json\/wp\/v2\/pages\/57"}],"wp:attachment":[{"href":"https:\/\/agora.xtec.cat\/iesacumella\/wp-json\/wp\/v2\/media?parent=2376"}],"curies":[{"name":"wp","href":"https:\/\/api.w.org\/{rel}","templated":true}]}}

<p>Des de fa anys que a l’Institut Antoni Cumella els i les alumnes de 1r d’ESO inicien el seu camí en l’educació secundària de la mà d’un company o companya de 3r d’ESO que els orienta, els guia i els ajuda. La Tutoria Entre Iguals és una oportunitat de participar i conèixer dels altres i amb els altres. És un aprenentatge per l’alumnat que tot just fa dos mesos que va començar una nova etapa a les aules del passadís de 1r d’ESO, i també ho és pels tutors que ho van fer ara fa dos anys. La interacció entre els més petits de la casa i els que han deixat de ser-ho afavoreix la connexió i la creació de vincles que fomenten un clima de confiança i companyonia, i tot l’institut se’n beneficia.</p>
<p>El programa de Tutoria Entre Iguals busca facilitar el procés d&#8217;integració dels alumnes nous, afavorir l&#8217;autoestima i integració a través d&#8217;un referent i cohesionar la comunitat educativa del centre.</p>
<p><a href="http://agora.xtec.cat/iesacumella/wp-content/uploads/usu1642/2015/07/tei2015.jpg"><img loading="lazy" decoding="async" class="alignnone size-large wp-image-5559" src="http://agora.xtec.cat/iesacumella/wp-content/uploads/usu1642/2015/07/tei2015-1024x614.jpg" alt="" width="1024" height="614" /></a></p>

<p>Des de fa anys que a l’Institut Antoni Cumella els i les alumnes de 1r d’ESO inicien el seu camí en l’educació secundària de la mà d’un company o companya de 3r d’ESO que els orienta, els guia i els ajuda. La Tutoria Entre Iguals&hellip;  <a href="https://agora.xtec.cat/iesacumella/projecte-educatiu/tutoria-entre-iguals/" title="Read Tutoria Entre Iguals">Llegeix més»</a></p>
