{"id":8097,"date":"2021-10-22T13:14:44","date_gmt":"2021-10-22T11:14:44","guid":{"rendered":"https:\/\/agora.xtec.cat\/iesacumella\/wp-content\/uploads\/usu1642\/2021\/10\/Entrada-Museu.jpeg"},"modified":"2021-10-22T13:20:07","modified_gmt":"2021-10-22T11:20:07","slug":"entrada-museu","status":"inherit","type":"attachment","link":"https:\/\/agora.xtec.cat\/iesacumella\/entrada-museu\/","title":{"rendered":"VISITA AL MUSEU DE MATEM\u00c0TIQUES DE CATALUNYA (MMACA)"},"author":18,"featured_media":0,"comment_status":"closed","ping_status":"closed","template":"","meta":{"_bbp_topic_count":0,"_bbp_reply_count":0,"_bbp_total_topic_count":0,"_bbp_total_reply_count":0,"_bbp_voice_count":0,"_bbp_anonymous_reply_count":0,"_bbp_topic_count_hidden":0,"_bbp_reply_count_hidden":0,"_bbp_forum_subforum_count":0},"class_list":["post-8097","attachment","type-attachment","status-inherit","hentry"],"description":{"rendered":"<p class=\"attachment\"><a href='https:\/\/agora.xtec.cat\/iesacumella\/wp-content\/uploads\/usu1642\/2021\/10\/Entrada-Museu.jpeg'><img loading=\"lazy\" decoding=\"async\" width=\"300\" height=\"181\" src=\"https:\/\/agora.xtec.cat\/iesacumella\/wp-content\/uploads\/usu1642\/2021\/10\/Entrada-Museu-300x181.jpeg\" class=\"attachment-medium size-medium\" alt=\"\" srcset=\"https:\/\/agora.xtec.cat\/iesacumella\/wp-content\/uploads\/usu1642\/2021\/10\/Entrada-Museu-300x181.jpeg 300w, https:\/\/agora.xtec.cat\/iesacumella\/wp-content\/uploads\/usu1642\/2021\/10\/Entrada-Museu-1024x616.jpeg 1024w, https:\/\/agora.xtec.cat\/iesacumella\/wp-content\/uploads\/usu1642\/2021\/10\/Entrada-Museu-768x462.jpeg 768w, https:\/\/agora.xtec.cat\/iesacumella\/wp-content\/uploads\/usu1642\/2021\/10\/Entrada-Museu-1536x924.jpeg 1536w, https:\/\/agora.xtec.cat\/iesacumella\/wp-content\/uploads\/usu1642\/2021\/10\/Entrada-Museu.jpeg 1939w\" sizes=\"auto, (max-width: 300px) 100vw, 300px\" \/><\/a><\/p>\n<p>El passat dimarts 28 de setembre alguns alumnes de 4t d&#8217;ESO del projecte RCS (Recerca, Creaci\u00f3 i Servei) van visitar el Museu de Matem\u00e0tiques a Cornell\u00e0 de Llobregat.<\/p>\n<p>\u201cProhibit no tocar\u201d \u00e9s el lema del Museu en el que la diversi\u00f3 i la manipulaci\u00f3 reflexiva s\u00f3n el mitj\u00e0 fonamental per gaudir de les matem\u00e0tiques.<\/p>\n<p>El museu t\u00e9 m\u00e9s de 100 m\u00f2duls diferents i el repte dels nostres alumnes \u00e9s realitzar alguna millora en algun d\u2019aquests m\u00f2duls.<\/p>\n<p>Endavant!!<\/p>\n"},"caption":{"rendered":"<p><a href='https:\/\/agora.xtec.cat\/iesacumella\/wp-content\/uploads\/usu1642\/2021\/10\/Entrada-Museu.jpeg'><\/a><br \/>\nEl passat dimarts 28 de setembre alguns alumnes de 4t d&#8217;ESO del projecte RCS (Recerca, Creaci\u00f3 i Servei) van visitar el Museu de Matem\u00e0tiques a Cornell\u00e0 de Llobregat.<br \/>\n\u201cProhibit no tocar\u201d \u00e9s el lema del Museu en el que la diversi\u00f3 i la manipulaci\u00f3 reflexiva&hellip;  <a href=\"https:\/\/agora.xtec.cat\/iesacumella\/entrada-museu\/\" title=\"Read VISITA AL MUSEU DE MATEM\u00c0TIQUES DE CATALUNYA (MMACA)\">Llegeix m\u00e9s\u00bb<\/a><\/p>\n"},"alt_text":"","media_type":"image","mime_type":"image\/jpeg","media_details":{"width":1939,"height":1167,"file":"2021\/10\/Entrada-Museu.jpeg","sizes":{"medium":{"file":"Entrada-Museu-300x181.jpeg","width":300,"height":181,"mime_type":"image\/jpeg","source_url":"https:\/\/agora.xtec.cat\/iesacumella\/wp-content\/uploads\/usu1642\/2021\/10\/Entrada-Museu-300x181.jpeg"},"large":{"file":"Entrada-Museu-1024x616.jpeg","width":1024,"height":616,"mime_type":"image\/jpeg","source_url":"https:\/\/agora.xtec.cat\/iesacumella\/wp-content\/uploads\/usu1642\/2021\/10\/Entrada-Museu-1024x616.jpeg"},"thumbnail":{"file":"Entrada-Museu-150x150.jpeg","width":150,"height":150,"mime_type":"image\/jpeg","source_url":"https:\/\/agora.xtec.cat\/iesacumella\/wp-content\/uploads\/usu1642\/2021\/10\/Entrada-Museu-150x150.jpeg"},"medium_large":{"file":"Entrada-Museu-768x462.jpeg","width":768,"height":462,"mime_type":"image\/jpeg","source_url":"https:\/\/agora.xtec.cat\/iesacumella\/wp-content\/uploads\/usu1642\/2021\/10\/Entrada-Museu-768x462.jpeg"},"1536x1536":{"file":"Entrada-Museu-1536x924.jpeg","width":1536,"height":924,"mime_type":"image\/jpeg","source_url":"https:\/\/agora.xtec.cat\/iesacumella\/wp-content\/uploads\/usu1642\/2021\/10\/Entrada-Museu-1536x924.jpeg"},"thumb-300":{"file":"Entrada-Museu-300x250.jpeg","width":300,"height":250,"mime_type":"image\/jpeg","source_url":"https:\/\/agora.xtec.cat\/iesacumella\/wp-content\/uploads\/usu1642\/2021\/10\/Entrada-Museu-300x250.jpeg"},"thumb-200":{"file":"Entrada-Museu-200x150.jpeg","width":200,"height":150,"mime_type":"image\/jpeg","source_url":"https:\/\/agora.xtec.cat\/iesacumella\/wp-content\/uploads\/usu1642\/2021\/10\/Entrada-Museu-200x150.jpeg"},"full":{"file":"Entrada-Museu.jpeg","width":1939,"height":1167,"mime_type":"image\/jpeg","source_url":"https:\/\/agora.xtec.cat\/iesacumella\/wp-content\/uploads\/usu1642\/2021\/10\/Entrada-Museu.jpeg"}},"image_meta":{"aperture":"0","credit":"","camera":"","caption":"","created_timestamp":"0","copyright":"","focal_length":"0","iso":"0","shutter_speed":"0","title":"","orientation":"0","keywords":[]}},"post":null,"source_url":"https:\/\/agora.xtec.cat\/iesacumella\/wp-content\/uploads\/usu1642\/2021\/10\/Entrada-Museu.jpeg","_links":{"self":[{"href":"https:\/\/agora.xtec.cat\/iesacumella\/wp-json\/wp\/v2\/media\/8097","targetHints":{"allow":["GET"]}}],"collection":[{"href":"https:\/\/agora.xtec.cat\/iesacumella\/wp-json\/wp\/v2\/media"}],"about":[{"href":"https:\/\/agora.xtec.cat\/iesacumella\/wp-json\/wp\/v2\/types\/attachment"}],"author":[{"embeddable":true,"href":"https:\/\/agora.xtec.cat\/iesacumella\/wp-json\/wp\/v2\/users\/18"}],"replies":[{"embeddable":true,"href":"https:\/\/agora.xtec.cat\/iesacumella\/wp-json\/wp\/v2\/comments?post=8097"}]}}

VISITA AL MUSEU DE MATEMÀTIQUES DE CATALUNYA (MMACA)

<p class="attachment"><a href='https://agora.xtec.cat/iesacumella/wp-content/uploads/usu1642/2021/10/Entrada-Museu.jpeg'><img loading="lazy" decoding="async" width="300" height="181" src="https://agora.xtec.cat/iesacumella/wp-content/uploads/usu1642/2021/10/Entrada-Museu-300x181.jpeg" class="attachment-medium size-medium" alt="" srcset="https://agora.xtec.cat/iesacumella/wp-content/uploads/usu1642/2021/10/Entrada-Museu-300x181.jpeg 300w, https://agora.xtec.cat/iesacumella/wp-content/uploads/usu1642/2021/10/Entrada-Museu-1024x616.jpeg 1024w, https://agora.xtec.cat/iesacumella/wp-content/uploads/usu1642/2021/10/Entrada-Museu-768x462.jpeg 768w, https://agora.xtec.cat/iesacumella/wp-content/uploads/usu1642/2021/10/Entrada-Museu-1536x924.jpeg 1536w, https://agora.xtec.cat/iesacumella/wp-content/uploads/usu1642/2021/10/Entrada-Museu.jpeg 1939w" sizes="auto, (max-width: 300px) 100vw, 300px" /></a></p>
<p>El passat dimarts 28 de setembre alguns alumnes de 4t d&#8217;ESO del projecte RCS (Recerca, Creació i Servei) van visitar el Museu de Matemàtiques a Cornellà de Llobregat.</p>
<p>“Prohibit no tocar” és el lema del Museu en el que la diversió i la manipulació reflexiva són el mitjà fonamental per gaudir de les matemàtiques.</p>
<p>El museu té més de 100 mòduls diferents i el repte dels nostres alumnes és realitzar alguna millora en algun d’aquests mòduls.</p>
<p>Endavant!!</p>

<p><a href='https://agora.xtec.cat/iesacumella/wp-content/uploads/usu1642/2021/10/Entrada-Museu.jpeg'></a><br />
El passat dimarts 28 de setembre alguns alumnes de 4t d&#8217;ESO del projecte RCS (Recerca, Creació i Servei) van visitar el Museu de Matemàtiques a Cornellà de Llobregat.<br />
“Prohibit no tocar” és el lema del Museu en el que la diversió i la manipulació reflexiva&hellip;  <a href="https://agora.xtec.cat/iesacumella/entrada-museu/" title="Read VISITA AL MUSEU DE MATEMÀTIQUES DE CATALUNYA (MMACA)">Llegeix més»</a></p>
