{"id":976,"date":"2023-11-14T13:28:41","date_gmt":"2023-11-14T12:28:41","guid":{"rendered":"https:\/\/agora.xtec.cat\/ies-vromana-lagarriga\/?page_id=976"},"modified":"2025-12-11T13:05:58","modified_gmt":"2025-12-11T12:05:58","slug":"mufps","status":"publish","type":"page","link":"https:\/\/agora.xtec.cat\/ies-vromana-lagarriga\/projecte-educatiu\/mufps\/","title":{"rendered":"MUFPS"},"content":{"rendered":"\n<h4 class=\"wp-block-heading\">MUFPS<\/h4>\n\n\n\n<p class=\"has-small-font-size\">SOM CENTRE FORMADOR DEL FUTUR PROFESSORAT.<\/p>\n\n\n\n<p class=\"has-small-font-size\">L&#8217;Institut Vil\u00b7la Romana participa en el programa d&#8217;innovaci\u00f3&nbsp;<span class=\"hiddenSpellError\">PINN<\/span>&nbsp;<span class=\"hiddenSpellError\">MUFPS<\/span>&nbsp;del Departament d&#8217;Educaci\u00f3, \u00e9s a dir, en el <a href=\"https:\/\/projectes.xtec.cat\/centresformadors\/\">Programa d&#8217;innovaci\u00f3 pedag\u00f2gica de pr\u00e0ctiques del M\u00e0ster Universitari de Formaci\u00f3 del Professorat d&#8217;Educaci\u00f3 Secund\u00e0ria Obligat\u00f2ria i batxillerat, Formaci\u00f3 professional i Ensenyament d&#8217;idiomes en centres educatius<\/a>.<\/p>\n\n\n\n<p class=\"has-small-font-size\">Els objectius del programa s\u00f3n els seg\u00fcents:<\/p>\n\n\n\n<ul class=\"wp-block-list\">\n<li class=\"has-small-font-size\">Assignar valor&nbsp;als centres formadors com a institucions clau en la formaci\u00f3 inicial de la funci\u00f3 docent.<\/li>\n\n\n\n<li class=\"has-small-font-size\">Professionalitzar i recon\u00e8ixer la tasca d\u2019acompanyament dels mentors de centre i dels tutors&nbsp;de les universitats.<\/li>\n\n\n\n<li class=\"has-small-font-size\">Incorporar l\u2019estudiant universitari al centre formador com a agent actiu&nbsp;que col\u00b7labora en el desenvolupament del projecte educatiu de centre, alhora que es retroalimenta per millorar el desenvolupament professional i personal.<\/li>\n\n\n\n<li class=\"has-small-font-size\">Promoure la col\u00b7laboraci\u00f3 en projectes de recerca i de transformaci\u00f3 educativa&nbsp;entre les universitats i els centres formadors.<\/li>\n<\/ul>\n\n\n\n<p class=\"has-small-font-size\">El nostre centre acull per realitzar les pr\u00e0ctiques als estudiants del m\u00e0ster de professorat amb la finalitat&nbsp;que&nbsp;puguin veure i practicar totes les dimensions de l&#8217;acci\u00f3 educativa.<\/p>\n\n\n\n<p class=\"has-small-font-size\">Els acompanya en tot el proc\u00e9s un mentor, professor de l&#8217;especialitat per la qual s&#8217;est\u00e0 preparant l&#8217;alumne, el qual el guiar\u00e0 a la vegada que compartiran les diferents reflexions pedag\u00f2giques que vagin sortint.<\/p>\n\n\n\n<p class=\"has-small-font-size\">El grup impulsor junt amb el coordinador han establert un pla com a centre formador&nbsp;en qu\u00e8&nbsp;es tracen les l\u00ednies d&#8217;actuaci\u00f3 de tot el professorat del centre durant el per\u00edode de formaci\u00f3:<\/p>\n\n\n\n<ul class=\"wp-block-list\">\n<li class=\"has-small-font-size\">Acollida dels estudiants en pr\u00e0ctiques.<\/li>\n\n\n\n<li class=\"has-small-font-size\">Per\u00edode d&#8217;observaci\u00f3 de la pr\u00e0ctica pedag\u00f2gica dels professors i del funcionament del centre per part de l&#8217;alumne.<\/li>\n\n\n\n<li class=\"has-small-font-size\">Per\u00edode d&#8217;intervenci\u00f3 en l&#8217;acci\u00f3 docent per part de l&#8217;alumne en pr\u00e0ctiques<\/li>\n\n\n\n<li class=\"has-small-font-size\">Avaluaci\u00f3 dels alumnes per part del mentor i del coordinador si s&#8217;escau.<\/li>\n<\/ul>\n\n\n\n<p class=\"has-small-font-size\">Durant el per\u00edode de pr\u00e0ctiques del curs 2025 \u2013 2026 (entre novembre i abril) passaran\u00a0<span class=\"hiddenGrammarError\">pel Vil\u00b7la<\/span>\u00a0Romana 15 estudiants en pr\u00e0ctiques, provinents de quatre universitats, acompanyats per 15 professors (mentors) de l&#8217;Institut.<\/p>\n\n\n\n<p class=\"has-small-font-size\">La nostra finalitat com a centre formador \u00e9s aconseguir que el desenvolupament de les pr\u00e0ctiques tingui una funci\u00f3 professionalitzadora de la tasca docent a la vegada que l&#8217;alumne universitari es converteixi en un agent actiu d&#8217;aquesta tasca en el centre.<\/p>\n\n\n\n<p><\/p>\n\n\n\n<figure class=\"wp-block-image aligncenter\"><a href=\"https:\/\/agora.xtec.cat\/ies-vromana-lagarriga\/wp-content\/uploads\/usu2444\/2024\/05\/LOGO-centres-formadors-scaled.jpg\"><img loading=\"lazy\" decoding=\"async\" width=\"150\" height=\"150\" src=\"https:\/\/agora.xtec.cat\/ies-vromana-lagarriga\/wp-content\/uploads\/usu2444\/2024\/05\/LOGO-centres-formadors-150x150.jpg\" alt=\"\" class=\"wp-image-2392\"\/><\/a><\/figure>\n\n\n\n<p><\/p>\n","protected":false},"excerpt":{"rendered":"<p>MUFPS SOM CENTRE FORMADOR DEL FUTUR PROFESSORAT. L&#8217;Institut Vil\u00b7la Romana participa en el programa d&#8217;innovaci\u00f3&nbsp;PINN&nbsp;MUFPS&nbsp;del Departament d&#8217;Educaci\u00f3, \u00e9s a dir, [&hellip;]<\/p>\n","protected":false},"author":5,"featured_media":0,"parent":57,"menu_order":20,"comment_status":"closed","ping_status":"closed","template":"","meta":{"_bbp_topic_count":0,"_bbp_reply_count":0,"_bbp_total_topic_count":0,"_bbp_total_reply_count":0,"_bbp_voice_count":0,"_bbp_anonymous_reply_count":0,"_bbp_topic_count_hidden":0,"_bbp_reply_count_hidden":0,"_bbp_forum_subforum_count":0,"site-sidebar-layout":"default","site-content-layout":"","ast-site-content-layout":"default","site-content-style":"default","site-sidebar-style":"default","ast-global-header-display":"","ast-banner-title-visibility":"","ast-main-header-display":"","ast-hfb-above-header-display":"","ast-hfb-below-header-display":"","ast-hfb-mobile-header-display":"","site-post-title":"disabled","ast-breadcrumbs-content":"","ast-featured-img":"","footer-sml-layout":"","theme-transparent-header-meta":"","adv-header-id-meta":"","stick-header-meta":"","header-above-stick-meta":"","header-main-stick-meta":"","header-below-stick-meta":"","astra-migrate-meta-layouts":"set","ast-page-background-enabled":"default","ast-page-background-meta":{"desktop":{"background-color":"var(--ast-global-color-4)","background-image":"","background-repeat":"repeat","background-position":"center center","background-size":"auto","background-attachment":"scroll","background-type":"","background-media":"","overlay-type":"","overlay-color":"","overlay-opacity":"","overlay-gradient":""},"tablet":{"background-color":"","background-image":"","background-repeat":"repeat","background-position":"center center","background-size":"auto","background-attachment":"scroll","background-type":"","background-media":"","overlay-type":"","overlay-color":"","overlay-opacity":"","overlay-gradient":""},"mobile":{"background-color":"","background-image":"","background-repeat":"repeat","background-position":"center center","background-size":"auto","background-attachment":"scroll","background-type":"","background-media":"","overlay-type":"","overlay-color":"","overlay-opacity":"","overlay-gradient":""}},"ast-content-background-meta":{"desktop":{"background-color":"var(--ast-global-color-5)","background-image":"","background-repeat":"repeat","background-position":"center center","background-size":"auto","background-attachment":"scroll","background-type":"","background-media":"","overlay-type":"","overlay-color":"","overlay-opacity":"","overlay-gradient":""},"tablet":{"background-color":"var(--ast-global-color-5)","background-image":"","background-repeat":"repeat","background-position":"center center","background-size":"auto","background-attachment":"scroll","background-type":"","background-media":"","overlay-type":"","overlay-color":"","overlay-opacity":"","overlay-gradient":""},"mobile":{"background-color":"var(--ast-global-color-5)","background-image":"","background-repeat":"repeat","background-position":"center center","background-size":"auto","background-attachment":"scroll","background-type":"","background-media":"","overlay-type":"","overlay-color":"","overlay-opacity":"","overlay-gradient":""}},"footnotes":""},"class_list":["post-976","page","type-page","status-publish","hentry"],"post_mailing_queue_ids":[],"_links":{"self":[{"href":"https:\/\/agora.xtec.cat\/ies-vromana-lagarriga\/wp-json\/wp\/v2\/pages\/976","targetHints":{"allow":["GET"]}}],"collection":[{"href":"https:\/\/agora.xtec.cat\/ies-vromana-lagarriga\/wp-json\/wp\/v2\/pages"}],"about":[{"href":"https:\/\/agora.xtec.cat\/ies-vromana-lagarriga\/wp-json\/wp\/v2\/types\/page"}],"author":[{"embeddable":true,"href":"https:\/\/agora.xtec.cat\/ies-vromana-lagarriga\/wp-json\/wp\/v2\/users\/5"}],"replies":[{"embeddable":true,"href":"https:\/\/agora.xtec.cat\/ies-vromana-lagarriga\/wp-json\/wp\/v2\/comments?post=976"}],"version-history":[{"count":6,"href":"https:\/\/agora.xtec.cat\/ies-vromana-lagarriga\/wp-json\/wp\/v2\/pages\/976\/revisions"}],"predecessor-version":[{"id":4959,"href":"https:\/\/agora.xtec.cat\/ies-vromana-lagarriga\/wp-json\/wp\/v2\/pages\/976\/revisions\/4959"}],"up":[{"embeddable":true,"href":"https:\/\/agora.xtec.cat\/ies-vromana-lagarriga\/wp-json\/wp\/v2\/pages\/57"}],"wp:attachment":[{"href":"https:\/\/agora.xtec.cat\/ies-vromana-lagarriga\/wp-json\/wp\/v2\/media?parent=976"}],"curies":[{"name":"wp","href":"https:\/\/api.w.org\/{rel}","templated":true}]}}