{"id":5061,"date":"2026-01-07T16:54:22","date_gmt":"2026-01-07T15:54:22","guid":{"rendered":"https:\/\/agora.xtec.cat\/ies-vromana-lagarriga\/?page_id=5061"},"modified":"2026-01-07T16:56:49","modified_gmt":"2026-01-07T15:56:49","slug":"projecte-de-robotica","status":"publish","type":"page","link":"https:\/\/agora.xtec.cat\/ies-vromana-lagarriga\/projecte-de-robotica\/","title":{"rendered":"Rob\u00f2tica"},"content":{"rendered":"\n<h4 class=\"wp-block-heading\"><strong>Rob\u00f2tica<\/strong><\/h4>\n\n\n\n<p class=\"has-small-font-size\">El Projecte de Rob\u00f2tica t\u00e9 com a objectiu principal integrar el pensament computacional i la tecnologia digital en el proc\u00e9s d&#8217;aprenentatge del nostre alumnat, garantint una continu\u00eftat formativa des de 1r d&#8217;ESO fins a Batxillerat. Mitjan\u00e7ant un itinerari d\u2019aprenentatge progressiu, l\u2019alumnat adquireix habilitats en&nbsp;pensament computacional, disseny d\u2019aplicacions i control de dispositius f\u00edsics, sempre amb una&nbsp;<strong>mirada pr\u00e0ctica i competencial<\/strong>.<\/p>\n\n\n\n<p class=\"has-small-font-size\">Per fer-ho possible, el centre compta amb un equipament variat i actualitzat. Treballem amb plataformes d\u2019iniciaci\u00f3 com&nbsp;mBot, i avancem cap a sistemes m\u00e9s complexos utilitzant&nbsp;micro:bit, Arduino One&nbsp;i plaques&nbsp;ESP32 STEAMakers&nbsp;i&nbsp;Imagina 3DBot. Tamb\u00e9 treballem la programaci\u00f3 amb&nbsp;Scratch, MakeCode i Python, i fem projectes d&#8217;Internet de les Coses (IoT) i Aprenentatge Autom\u00e0tic (Machine Learning). Aquesta tecnologia es combina amb l\u2019\u00fas de&nbsp;sensors, actuadors i la impressi\u00f3 3D&nbsp;per dissenyar prototips que resolen problemes reals del nostre entorn, com ara la sostenibilitat, la salut i el benestar, la seguretat o el monitoratge ambiental, aplicant metodologies d\u2019Aprenentatge Basat en Projectes (ABP).<\/p>\n\n\n\n<p class=\"has-small-font-size\">La nostra missi\u00f3 educativa es basa en despertar l\u2019inter\u00e8s per l\u2019\u00e0mbit STEAM (Ci\u00e8ncia, Tecnologia, Enginyeria, Art i Matem\u00e0tiques) en tot el nostre alumnat, posant una atenci\u00f3 especial en la reducci\u00f3 de la bretxa de g\u00e8nere en aquests camps. Participem en iniciatives com les fires de rob\u00f2tica locals i el programa mSchools, espais on els estudiants poden mostrar com la tecnologia, ben aplicada, serveix per millorar la societat.<\/p>\n\n\n\n<p class=\"has-small-font-size\">Aquest projecte suposa un pas endavant en la integraci\u00f3 de la tecnologia al curr\u00edculum de l\u2019ESO i Batxillerat, i s\u2019inscriu dins de l\u2019Estrat\u00e8gia Digital de Centre i del Pla de foment de vocacions STEAM.<\/p>\n\n\n\n<p class=\"has-small-font-size\">El projecte de Rob\u00f2tica \u00e9s un programa finan\u00e7at pel Ministeri d&#8217;Educaci\u00f3, Formaci\u00f3 Professional i Esports, amb el suport de la Generalitat de Catalunya.<\/p>\n\n\n\n<figure class=\"wp-block-image size-large\"><a href=\"https:\/\/agora.xtec.cat\/ies-vromana-lagarriga\/wp-content\/uploads\/usu2444\/2026\/01\/20251125_083536-1-1305x979-1.jpg\"><img loading=\"lazy\" decoding=\"async\" width=\"1024\" height=\"768\" src=\"https:\/\/agora.xtec.cat\/ies-vromana-lagarriga\/wp-content\/uploads\/usu2444\/2026\/01\/20251125_083536-1-1305x979-1-1024x768.jpg\" alt=\"\" class=\"wp-image-5063\" srcset=\"https:\/\/agora.xtec.cat\/ies-vromana-lagarriga\/wp-content\/uploads\/usu2444\/2026\/01\/20251125_083536-1-1305x979-1-1024x768.jpg 1024w, https:\/\/agora.xtec.cat\/ies-vromana-lagarriga\/wp-content\/uploads\/usu2444\/2026\/01\/20251125_083536-1-1305x979-1-300x225.jpg 300w, https:\/\/agora.xtec.cat\/ies-vromana-lagarriga\/wp-content\/uploads\/usu2444\/2026\/01\/20251125_083536-1-1305x979-1-768x576.jpg 768w, https:\/\/agora.xtec.cat\/ies-vromana-lagarriga\/wp-content\/uploads\/usu2444\/2026\/01\/20251125_083536-1-1305x979-1.jpg 1305w\" sizes=\"auto, (max-width: 1024px) 100vw, 1024px\" \/><\/a><\/figure>\n\n\n\n<figure class=\"wp-block-image size-large\"><a href=\"https:\/\/agora.xtec.cat\/ies-vromana-lagarriga\/wp-content\/uploads\/usu2444\/2026\/01\/logo-equipament-robotica.png\"><img loading=\"lazy\" decoding=\"async\" width=\"1024\" height=\"61\" src=\"https:\/\/agora.xtec.cat\/ies-vromana-lagarriga\/wp-content\/uploads\/usu2444\/2026\/01\/logo-equipament-robotica-1024x61.png\" alt=\"\" class=\"wp-image-5062\" srcset=\"https:\/\/agora.xtec.cat\/ies-vromana-lagarriga\/wp-content\/uploads\/usu2444\/2026\/01\/logo-equipament-robotica-1024x61.png 1024w, https:\/\/agora.xtec.cat\/ies-vromana-lagarriga\/wp-content\/uploads\/usu2444\/2026\/01\/logo-equipament-robotica-300x18.png 300w, https:\/\/agora.xtec.cat\/ies-vromana-lagarriga\/wp-content\/uploads\/usu2444\/2026\/01\/logo-equipament-robotica-768x46.png 768w, https:\/\/agora.xtec.cat\/ies-vromana-lagarriga\/wp-content\/uploads\/usu2444\/2026\/01\/logo-equipament-robotica.png 1200w\" sizes=\"auto, (max-width: 1024px) 100vw, 1024px\" \/><\/a><\/figure>\n","protected":false},"excerpt":{"rendered":"<p>Rob\u00f2tica El Projecte de Rob\u00f2tica t\u00e9 com a objectiu principal integrar el pensament computacional i la tecnologia digital en el [&hellip;]<\/p>\n","protected":false},"author":5,"featured_media":0,"parent":0,"menu_order":0,"comment_status":"closed","ping_status":"close","template":"","meta":{"_bbp_topic_count":0,"_bbp_reply_count":0,"_bbp_total_topic_count":0,"_bbp_total_reply_count":0,"_bbp_voice_count":0,"_bbp_anonymous_reply_count":0,"_bbp_topic_count_hidden":0,"_bbp_reply_count_hidden":0,"_bbp_forum_subforum_count":0,"site-sidebar-layout":"default","site-content-layout":"","ast-site-content-layout":"default","site-content-style":"default","site-sidebar-style":"default","ast-global-header-display":"","ast-banner-title-visibility":"","ast-main-header-display":"","ast-hfb-above-header-display":"","ast-hfb-below-header-display":"","ast-hfb-mobile-header-display":"","site-post-title":"disabled","ast-breadcrumbs-content":"","ast-featured-img":"","footer-sml-layout":"","theme-transparent-header-meta":"","adv-header-id-meta":"","stick-header-meta":"","header-above-stick-meta":"","header-main-stick-meta":"","header-below-stick-meta":"","astra-migrate-meta-layouts":"set","ast-page-background-enabled":"default","ast-page-background-meta":{"desktop":{"background-color":"var(--ast-global-color-4)","background-image":"","background-repeat":"repeat","background-position":"center center","background-size":"auto","background-attachment":"scroll","background-type":"","background-media":"","overlay-type":"","overlay-color":"","overlay-opacity":"","overlay-gradient":""},"tablet":{"background-color":"","background-image":"","background-repeat":"repeat","background-position":"center center","background-size":"auto","background-attachment":"scroll","background-type":"","background-media":"","overlay-type":"","overlay-color":"","overlay-opacity":"","overlay-gradient":""},"mobile":{"background-color":"","background-image":"","background-repeat":"repeat","background-position":"center center","background-size":"auto","background-attachment":"scroll","background-type":"","background-media":"","overlay-type":"","overlay-color":"","overlay-opacity":"","overlay-gradient":""}},"ast-content-background-meta":{"desktop":{"background-color":"var(--ast-global-color-5)","background-image":"","background-repeat":"repeat","background-position":"center center","background-size":"auto","background-attachment":"scroll","background-type":"","background-media":"","overlay-type":"","overlay-color":"","overlay-opacity":"","overlay-gradient":""},"tablet":{"background-color":"var(--ast-global-color-5)","background-image":"","background-repeat":"repeat","background-position":"center center","background-size":"auto","background-attachment":"scroll","background-type":"","background-media":"","overlay-type":"","overlay-color":"","overlay-opacity":"","overlay-gradient":""},"mobile":{"background-color":"var(--ast-global-color-5)","background-image":"","background-repeat":"repeat","background-position":"center center","background-size":"auto","background-attachment":"scroll","background-type":"","background-media":"","overlay-type":"","overlay-color":"","overlay-opacity":"","overlay-gradient":""}},"footnotes":""},"class_list":["post-5061","page","type-page","status-publish","hentry"],"post_mailing_queue_ids":[],"_links":{"self":[{"href":"https:\/\/agora.xtec.cat\/ies-vromana-lagarriga\/wp-json\/wp\/v2\/pages\/5061","targetHints":{"allow":["GET"]}}],"collection":[{"href":"https:\/\/agora.xtec.cat\/ies-vromana-lagarriga\/wp-json\/wp\/v2\/pages"}],"about":[{"href":"https:\/\/agora.xtec.cat\/ies-vromana-lagarriga\/wp-json\/wp\/v2\/types\/page"}],"author":[{"embeddable":true,"href":"https:\/\/agora.xtec.cat\/ies-vromana-lagarriga\/wp-json\/wp\/v2\/users\/5"}],"replies":[{"embeddable":true,"href":"https:\/\/agora.xtec.cat\/ies-vromana-lagarriga\/wp-json\/wp\/v2\/comments?post=5061"}],"version-history":[{"count":4,"href":"https:\/\/agora.xtec.cat\/ies-vromana-lagarriga\/wp-json\/wp\/v2\/pages\/5061\/revisions"}],"predecessor-version":[{"id":5068,"href":"https:\/\/agora.xtec.cat\/ies-vromana-lagarriga\/wp-json\/wp\/v2\/pages\/5061\/revisions\/5068"}],"wp:attachment":[{"href":"https:\/\/agora.xtec.cat\/ies-vromana-lagarriga\/wp-json\/wp\/v2\/media?parent=5061"}],"curies":[{"name":"wp","href":"https:\/\/api.w.org\/{rel}","templated":true}]}}