{"id":1093,"date":"2023-12-03T16:37:32","date_gmt":"2023-12-03T15:37:32","guid":{"rendered":"https:\/\/agora.xtec.cat\/ies-vromana-lagarriga\/?page_id=1093"},"modified":"2025-02-05T18:16:52","modified_gmt":"2025-02-05T17:16:52","slug":"henka-escoles-resilients","status":"publish","type":"page","link":"https:\/\/agora.xtec.cat\/ies-vromana-lagarriga\/projecte-educatiu\/henka-escoles-resilients\/","title":{"rendered":"HENKA: Escoles Resilients"},"content":{"rendered":"\n<h4 class=\"wp-block-heading\">HENKA: Escoles Resilients<\/h4>\n\n\n\n<p class=\"has-small-font-size\"><a href=\"https:\/\/www.behenka.org\/es\" data-type=\"link\" data-id=\"https:\/\/www.behenka.org\/es\">Henka<\/a> \u00e9s un programa que promou el benestar emocional, amb accions que reforcen la resili\u00e8ncia, per prevenir l\u2019aparici\u00f3 de problemes de salut mental, en persones adolescents i joves d\u2019entre 12 i 25 anys i el seu entorn: els centres educatius, les seves fam\u00edlies i la societat.<\/p>\n\n\n\n<p class=\"has-small-font-size\">Henka neix de la col\u00b7laboraci\u00f3 entre Sant Joan de D\u00e9u i Z Zurich Foundation. Es basa en el coneixement cient\u00edfic actual sobre salut mental infantil i juvenil. S\u2019ha creat de manera participativa entre persones expertes de l\u2019\u00e0mbit de la salut mental infantil i juvenil, de l\u2019acci\u00f3 social, amb agents educatius, els mateixos adolescents i les seves fam\u00edlies. Amb Henka Ciutadania es pret\u00e9n promoure un canvi en la manera com tota la comunitat considera l\u2019adolesc\u00e8ncia i aborda els problemes de salut mental d\u2019adolescents i joves.<\/p>\n\n\n\n<p class=\"has-small-font-size\">El nostre centre participa a Henka Centre Educatius que t\u00e9 com a objectiu capacitar els professionals de l\u2019educaci\u00f3 i les fam\u00edlies per promoure accions que fomentin el desenvolupament de les habilitats socioemocionals que fan als adolescents m\u00e9s resilients. El curs 2023-24 es va implementar a 1r d\u2019ESO i enguany es far\u00e0 a 2n d\u2019ESO.<\/p>\n","protected":false},"excerpt":{"rendered":"<p>HENKA: Escoles Resilients Henka \u00e9s un programa que promou el benestar emocional, amb accions que reforcen la resili\u00e8ncia, per prevenir [&hellip;]<\/p>\n","protected":false},"author":5,"featured_media":0,"parent":57,"menu_order":17,"comment_status":"closed","ping_status":"closed","template":"","meta":{"_bbp_topic_count":0,"_bbp_reply_count":0,"_bbp_total_topic_count":0,"_bbp_total_reply_count":0,"_bbp_voice_count":0,"_bbp_anonymous_reply_count":0,"_bbp_topic_count_hidden":0,"_bbp_reply_count_hidden":0,"_bbp_forum_subforum_count":0,"site-sidebar-layout":"default","site-content-layout":"","ast-site-content-layout":"default","site-content-style":"default","site-sidebar-style":"default","ast-global-header-display":"","ast-banner-title-visibility":"","ast-main-header-display":"","ast-hfb-above-header-display":"","ast-hfb-below-header-display":"","ast-hfb-mobile-header-display":"","site-post-title":"disabled","ast-breadcrumbs-content":"","ast-featured-img":"","footer-sml-layout":"","theme-transparent-header-meta":"","adv-header-id-meta":"","stick-header-meta":"","header-above-stick-meta":"","header-main-stick-meta":"","header-below-stick-meta":"","astra-migrate-meta-layouts":"set","ast-page-background-enabled":"default","ast-page-background-meta":{"desktop":{"background-color":"var(--ast-global-color-4)","background-image":"","background-repeat":"repeat","background-position":"center center","background-size":"auto","background-attachment":"scroll","background-type":"","background-media":"","overlay-type":"","overlay-color":"","overlay-opacity":"","overlay-gradient":""},"tablet":{"background-color":"","background-image":"","background-repeat":"repeat","background-position":"center center","background-size":"auto","background-attachment":"scroll","background-type":"","background-media":"","overlay-type":"","overlay-color":"","overlay-opacity":"","overlay-gradient":""},"mobile":{"background-color":"","background-image":"","background-repeat":"repeat","background-position":"center center","background-size":"auto","background-attachment":"scroll","background-type":"","background-media":"","overlay-type":"","overlay-color":"","overlay-opacity":"","overlay-gradient":""}},"ast-content-background-meta":{"desktop":{"background-color":"var(--ast-global-color-5)","background-image":"","background-repeat":"repeat","background-position":"center center","background-size":"auto","background-attachment":"scroll","background-type":"","background-media":"","overlay-type":"","overlay-color":"","overlay-opacity":"","overlay-gradient":""},"tablet":{"background-color":"var(--ast-global-color-5)","background-image":"","background-repeat":"repeat","background-position":"center center","background-size":"auto","background-attachment":"scroll","background-type":"","background-media":"","overlay-type":"","overlay-color":"","overlay-opacity":"","overlay-gradient":""},"mobile":{"background-color":"var(--ast-global-color-5)","background-image":"","background-repeat":"repeat","background-position":"center center","background-size":"auto","background-attachment":"scroll","background-type":"","background-media":"","overlay-type":"","overlay-color":"","overlay-opacity":"","overlay-gradient":""}},"footnotes":""},"class_list":["post-1093","page","type-page","status-publish","hentry"],"post_mailing_queue_ids":[],"_links":{"self":[{"href":"https:\/\/agora.xtec.cat\/ies-vromana-lagarriga\/wp-json\/wp\/v2\/pages\/1093","targetHints":{"allow":["GET"]}}],"collection":[{"href":"https:\/\/agora.xtec.cat\/ies-vromana-lagarriga\/wp-json\/wp\/v2\/pages"}],"about":[{"href":"https:\/\/agora.xtec.cat\/ies-vromana-lagarriga\/wp-json\/wp\/v2\/types\/page"}],"author":[{"embeddable":true,"href":"https:\/\/agora.xtec.cat\/ies-vromana-lagarriga\/wp-json\/wp\/v2\/users\/5"}],"replies":[{"embeddable":true,"href":"https:\/\/agora.xtec.cat\/ies-vromana-lagarriga\/wp-json\/wp\/v2\/comments?post=1093"}],"version-history":[{"count":6,"href":"https:\/\/agora.xtec.cat\/ies-vromana-lagarriga\/wp-json\/wp\/v2\/pages\/1093\/revisions"}],"predecessor-version":[{"id":3585,"href":"https:\/\/agora.xtec.cat\/ies-vromana-lagarriga\/wp-json\/wp\/v2\/pages\/1093\/revisions\/3585"}],"up":[{"embeddable":true,"href":"https:\/\/agora.xtec.cat\/ies-vromana-lagarriga\/wp-json\/wp\/v2\/pages\/57"}],"wp:attachment":[{"href":"https:\/\/agora.xtec.cat\/ies-vromana-lagarriga\/wp-json\/wp\/v2\/media?parent=1093"}],"curies":[{"name":"wp","href":"https:\/\/api.w.org\/{rel}","templated":true}]}}