{"id":46,"date":"2014-09-17T16:53:45","date_gmt":"2014-09-17T16:53:45","guid":{"rendered":"http:\/\/agora.xtec.cat\/ies-viladegracia\/?page_id=46"},"modified":"2025-11-19T10:23:41","modified_gmt":"2025-11-19T09:23:41","slug":"organigrama","status":"publish","type":"page","link":"https:\/\/agora.xtec.cat\/ies-viladegracia\/linstitut\/organigrama\/","title":{"rendered":"C\u00e0rrecs curs 2025-2026"},"content":{"rendered":"<p class=\"item-page-title\"><span style=\"color: #993366;\"><strong>EQUIP DIRECTIU<br \/>\n<\/strong><\/span><\/p>\n<table style=\"border-collapse: collapse; width: 42.5457%; height: 182px;\" border=\"1\">\n<tbody>\n<tr style=\"height: 43px;\">\n<td style=\"width: 2.20751%; height: 43px;\"><strong>Directora<\/strong><\/td>\n<td style=\"width: 2.20751%; height: 43px;\">Elisenda Jorro<\/td>\n<\/tr>\n<tr style=\"height: 48px;\">\n<td style=\"width: 2.20751%; height: 48px;\"><strong>Cap d&#8217;Estudis<\/strong><\/td>\n<td style=\"width: 2.20751%; height: 48px;\">Cristina Villacrosa<\/td>\n<\/tr>\n<tr style=\"height: 41px;\">\n<td style=\"width: 2.20751%; height: 41px;\"><strong>Secretari<\/strong><\/td>\n<td style=\"width: 2.20751%; height: 41px;\">Joan Marc Marsal<\/td>\n<\/tr>\n<tr style=\"height: 37px;\">\n<td style=\"width: 2.20751%; height: 37px;\"><strong>Coordinadora Pedag\u00f2gica<\/strong><\/td>\n<td style=\"width: 2.20751%; height: 37px;\">Laia Cabrol<\/td>\n<\/tr>\n<\/tbody>\n<\/table>\n<p>&nbsp;<\/p>\n<p><strong style=\"color: #993366; font-family: inherit; font-size: 1em;\">CAPS DE DEPARTAMENT\/SEMINARI<\/strong><\/p>\n<table style=\"border-collapse: collapse; width: 42.2914%; height: 344px;\">\n<tbody>\n<tr>\n<td style=\"width: 2.86754%;\"><strong>Lleng\u00fces Rom\u00e0niques<\/strong><\/td>\n<td style=\"width: 16.6479%;\">Gemma Cabot &#8211; Damaris Medrano<\/td>\n<\/tr>\n<tr>\n<td style=\"width: 2.86754%;\"><strong>Lleng\u00fces estrangeres<\/strong><\/td>\n<td style=\"width: 16.6479%;\">Imma Bruguera<\/td>\n<\/tr>\n<tr>\n<td style=\"width: 2.86754%;\"><strong>Experimentals <\/strong><\/td>\n<td style=\"width: 16.6479%;\">Aracel\u00b7li Cabrero<\/td>\n<\/tr>\n<tr>\n<td style=\"width: 2.86754%;\"><strong>Tecnologia<\/strong><\/td>\n<td style=\"width: 16.6479%;\">Lourdes Franqu\u00e8s<\/td>\n<\/tr>\n<tr>\n<td style=\"width: 2.86754%;\"><strong>Expressi\u00f3 i arts<\/strong><\/td>\n<td style=\"width: 16.6479%;\">Isabel Riera<\/td>\n<\/tr>\n<tr>\n<td style=\"width: 2.86754%;\"><strong>Socials<\/strong><\/td>\n<td style=\"width: 16.6479%;\">S\u00edlvia Torres<\/td>\n<\/tr>\n<tr>\n<td style=\"width: 2.86754%;\"><strong>Matem\u00e0tiques<\/strong><\/td>\n<td style=\"width: 16.6479%;\">\u00c1lvaro Oca\u00f1a<\/td>\n<\/tr>\n<tr>\n<td style=\"width: 2.86754%;\"><strong>Orientaci\u00f3<\/strong><\/td>\n<td style=\"width: 16.6479%;\">Andrea Vila<\/td>\n<\/tr>\n<\/tbody>\n<\/table>\n<p>&nbsp;<\/p>\n<p><strong style=\"color: #993366; font-family: inherit; font-size: 1em;\">ALTRES C\u00c0RRECS DE COORDINACI\u00d3<\/strong><\/p>\n<table style=\"border-collapse: collapse; width: 48.8784%; height: 572px;\">\n<tbody>\n<tr style=\"height: 39px;\">\n<td style=\"width: 23.2457%; height: 39px;\"><strong>Coordinaci\u00f3 1r ESO<\/strong><\/td>\n<td style=\"width: 39.2203%; height: 39px;\">Gemma Cabot<\/td>\n<\/tr>\n<tr style=\"height: 39px;\">\n<td style=\"width: 23.2457%; height: 39px;\"><strong>Coordinaci\u00f3 2n ESO<\/strong><\/td>\n<td style=\"width: 39.2203%; height: 39px;\">Laura Conti<\/td>\n<\/tr>\n<tr style=\"height: 39px;\">\n<td style=\"width: 23.2457%; height: 39px;\"><strong>Coordinaci\u00f3 3r ESO<\/strong><\/td>\n<td style=\"width: 39.2203%; height: 39px;\">D\u00e1maris Medrano<\/td>\n<\/tr>\n<tr style=\"height: 39px;\">\n<td style=\"width: 23.2457%; height: 39px;\"><strong>Coordinaci\u00f3 4t ESO<\/strong><\/td>\n<td style=\"width: 39.2203%; height: 39px;\">S\u00edlvia Torres<\/td>\n<\/tr>\n<tr style=\"height: 39px;\">\n<td style=\"width: 23.2457%; height: 39px;\"><strong>1r Batxillerat<\/strong><\/td>\n<td style=\"width: 39.2203%; height: 39px;\">Xavier Ramos<\/td>\n<\/tr>\n<tr style=\"height: 39px;\">\n<td style=\"width: 23.2457%; height: 39px;\"><strong>2n Batxillerat\u00a0<\/strong><\/td>\n<td style=\"width: 39.2203%; height: 39px;\">David Goz\u00e1lvez<\/td>\n<\/tr>\n<tr style=\"height: 39px;\">\n<td style=\"width: 23.2457%; height: 39px;\"><strong>TIC \/TAC\u00a0<\/strong><\/td>\n<td style=\"width: 39.2203%; height: 39px;\">Carlos Garc\u00eda, Mar Vara, \u00c0lvaro Oca\u00f1a<\/td>\n<\/tr>\n<tr style=\"height: 39px;\">\n<td style=\"width: 23.2457%; height: 39px;\"><strong>Coordinaci\u00f3 ling\u00fc\u00edstica\u00a0<\/strong><\/td>\n<td style=\"width: 39.2203%; height: 39px;\">Vicent Pascual<\/td>\n<\/tr>\n<tr style=\"height: 39px;\">\n<td style=\"width: 23.2457%; height: 39px;\"><strong>Coordinaci\u00f3 de comunicaci\u00f3\u00a0<\/strong><\/td>\n<td style=\"width: 39.2203%; height: 39px;\">M\u00edriam Mart\u00ed<\/td>\n<\/tr>\n<tr style=\"height: 39px;\">\n<td style=\"width: 23.2457%; height: 39px;\"><strong>Coordinaci\u00f3 de riscos laborals\u00a0<\/strong><\/td>\n<td style=\"width: 39.2203%; height: 39px;\">Evaristo Pe\u00f1alba<\/td>\n<\/tr>\n<tr style=\"height: 58px;\">\n<td style=\"width: 23.2457%; height: 58px;\"><strong>Coordinaci\u00f3 festes i setmanes tem\u00e0tiques<\/strong><\/td>\n<td style=\"width: 39.2203%; height: 58px;\">Vicent Pascual<\/td>\n<\/tr>\n<tr style=\"height: 39px;\">\n<td style=\"width: 23.2457%; height: 39px;\"><strong>Coordinaci\u00f3\u00a0 COCOBE<\/strong><\/td>\n<td style=\"width: 39.2203%; height: 39px;\">Cristina Villacrosa<\/td>\n<\/tr>\n<tr style=\"height: 39px;\">\n<td style=\"width: 23.2457%; height: 39px;\"><strong style=\"background-color: #f9f9f9;\">Coordinaci\u00f3 imatge i disseny<\/strong><\/td>\n<td style=\"width: 39.2203%; height: 39px;\"><span style=\"background-color: #f9f9f9;\">Isabel Riera<\/span><\/td>\n<\/tr>\n<tr style=\"height: 39px;\">\n<td style=\"width: 23.2457%; height: 39px;\"><strong>Coordinaci\u00f3 EOI \/ IOC<\/strong><\/td>\n<td style=\"width: 39.2203%; height: 39px;\">Xavier Roca<\/td>\n<\/tr>\n<\/tbody>\n<\/table>\n<p><strong style=\"color: #993366; font-family: inherit; font-size: 1em;\">TUTORIES<\/strong><\/p>\n<table style=\"border-collapse: collapse; width: 41.769%; height: 512px;\">\n<tbody>\n<tr style=\"height: 32px;\">\n<td style=\"width: 12.5285%; height: 32px;\"><strong>1r ESO A<\/strong><\/td>\n<td style=\"width: 16.2889%; height: 32px;\">Olga Martorell (Tecnologia)<\/td>\n<\/tr>\n<tr style=\"height: 32px;\">\n<td style=\"width: 12.5285%; height: 32px;\"><strong>1r ESO B<\/strong><\/td>\n<td style=\"width: 16.2889%; height: 32px;\">M\u00f2nica Company\u00f3 (Biologia)<\/td>\n<\/tr>\n<tr style=\"height: 32px;\">\n<td style=\"width: 12.5285%; height: 32px;\"><strong>1r ESO C<\/strong><\/td>\n<td style=\"width: 16.2889%; height: 32px;\">S\u00edlvia Au\u00f1on (Llengua castellana)<\/td>\n<\/tr>\n<tr style=\"height: 32px;\">\n<td style=\"width: 12.5285%; height: 32px;\"><strong>2n ESO A<\/strong><\/td>\n<td style=\"width: 16.2889%; height: 32px;\">Pau Viladomiu (Tecnologia)<\/td>\n<\/tr>\n<tr style=\"height: 32px;\">\n<td style=\"width: 12.5285%; height: 32px;\"><strong>2n ESO B<\/strong><\/td>\n<td style=\"width: 16.2889%; height: 32px;\">Al\u00edcia Cobe\u00f1a (Franc\u00e8s-angl\u00e8s)<\/td>\n<\/tr>\n<tr style=\"height: 32px;\">\n<td style=\"width: 12.5285%; height: 32px;\"><strong>2n ESO C<\/strong><\/td>\n<td style=\"width: 16.2889%; height: 32px;\">Evaristo Pe\u00f1alba (F\u00edsica i qu\u00edmica)<\/td>\n<\/tr>\n<tr style=\"height: 32px;\">\n<td style=\"width: 12.5285%; height: 32px;\"><strong>3r ESO A<\/strong><\/td>\n<td style=\"width: 16.2889%; height: 32px;\"><span style=\"background-color: #f9f9f9;\">M\u00edriam Mart\u00ed (Biologia)\u00a0<\/span><\/td>\n<\/tr>\n<tr style=\"height: 32px;\">\n<td style=\"width: 12.5285%; height: 32px;\"><strong>3r ESO B<\/strong><\/td>\n<td style=\"width: 16.2889%; height: 32px;\">Merc\u00e8 Mitjanes (Llengua catalana)<\/td>\n<\/tr>\n<tr style=\"height: 32px;\">\n<td style=\"width: 12.5285%; height: 32px;\"><strong>3r ESO C<\/strong><\/td>\n<td style=\"width: 16.2889%; height: 32px;\">Gemma Ajenjo (Geografia i hist\u00f2ria)<\/td>\n<\/tr>\n<tr style=\"height: 32px;\">\n<td style=\"width: 12.5285%; height: 32px;\"><strong>4t ESO A<\/strong><\/td>\n<td style=\"width: 16.2889%; height: 32px;\">Prue Lorente (Angl\u00e8s)<\/td>\n<\/tr>\n<tr style=\"height: 32px;\">\n<td style=\"width: 12.5285%; height: 32px;\"><strong style=\"background-color: #f9f9f9;\">4t ESO B<\/strong><\/td>\n<td style=\"width: 16.2889%; height: 32px;\">Carlos Ecenarro (Matem\u00e0tiques)<\/td>\n<\/tr>\n<tr style=\"height: 32px;\">\n<td style=\"width: 12.5285%; height: 32px;\"><strong>4t ESO C<\/strong><\/td>\n<td style=\"width: 16.2889%; height: 32px;\">Juan Pablo Vidal (Llengua Castellana)<\/td>\n<\/tr>\n<tr style=\"height: 32px;\">\n<td style=\"width: 12.5285%; height: 32px;\"><strong>1r Batx A<\/strong><\/td>\n<td style=\"width: 16.2889%; height: 32px;\">Imma Bruguera (Angl\u00e8s)<\/td>\n<\/tr>\n<tr style=\"height: 32px;\">\n<td style=\"width: 12.5285%; height: 32px;\"><strong>1r Batx B<\/strong><\/td>\n<td style=\"width: 16.2889%; height: 32px;\">Xavier Roca (Economia)<\/td>\n<\/tr>\n<tr style=\"height: 32px;\">\n<td style=\"width: 12.5285%; height: 32px;\"><strong>1r Batx C<\/strong><\/td>\n<td style=\"width: 16.2889%; height: 32px;\"><span style=\"background-color: #f9f9f9;\">Antonio Trigueros (M\u00fasica)<\/span><\/td>\n<\/tr>\n<tr style=\"height: 32px;\">\n<td style=\"width: 12.5285%; height: 32px;\"><strong>2n Batx A<\/strong><\/td>\n<td style=\"width: 16.2889%; height: 32px;\">Vicent Pascual (Llengua catalana)<\/td>\n<\/tr>\n<tr style=\"height: 35px;\">\n<td style=\"width: 12.5285%; height: 35px;\"><strong>2n Batx B<\/strong><\/td>\n<td style=\"width: 16.2889%; height: 35px;\">Gl\u00f2ria Junquera (Geografia i Hist\u00f2ria)<\/td>\n<\/tr>\n<tr style=\"height: 41px;\">\n<td style=\"width: 12.5285%; height: 41px;\"><strong>2n Batx C<\/strong><\/td>\n<td style=\"width: 16.2889%; height: 41px;\"><span style=\"background-color: #ffffff;\">Jordi P\u00e9rez (Arts Esc\u00e8niques)<\/span><\/td>\n<\/tr>\n<\/tbody>\n<\/table>\n<p><strong style=\"color: #993366; font-family: inherit; font-size: 1em;\">PERSONAL PAS<\/strong><\/p>\n<table style=\"width: 41.791%; height: 162px;\">\n<tbody>\n<tr>\n<td><strong>Consergeria<\/strong><\/td>\n<td>Regina Rodr\u00edguez<\/td>\n<\/tr>\n<tr>\n<td><strong>Consergeria<\/strong><\/td>\n<td>Jos\u00e9 Manuel Garcia<\/td>\n<\/tr>\n<tr>\n<td><strong>Administraci\u00f3<\/strong><\/td>\n<td><\/td>\n<\/tr>\n<tr>\n<td><strong>Biblioteca<\/strong><\/td>\n<td>Carme Pardo<\/td>\n<\/tr>\n<\/tbody>\n<\/table>\n<p>&nbsp;<\/p>\n","protected":false},"excerpt":{"rendered":"<p>EQUIP DIRECTIU<\/p>\n<p>Directora<br \/>\nElisenda Jorro<\/p>\n<p>Cap d&#8217;Estudis<br \/>\nCristina Villacrosa<\/p>\n<p>Secretari<br \/>\nJoan Marc Marsal<\/p>\n<p>Coordinadora Pedag\u00f2gica<br \/>\nLaia Cabrol<\/p>\n<p>&nbsp;<br \/>\nCAPS DE DEPARTAMENT\/SEMINARI<\/p>\n<p>Lleng\u00fces Rom\u00e0niques<br \/>\nGemma Cabot &#8211; Damaris Medrano<\/p>\n<p>Lleng\u00fces estrangeres<br \/>\nImma Bruguera<\/p>\n<p>Experimentals<br \/>\nAracel\u00b7li Cabrero<\/p>\n<p>Tecnologia<br \/>\nLourdes Franqu\u00e8s<\/p>\n<p>Expressi\u00f3 i arts<br \/>\nIsabel Riera<\/p>\n<p>Socials<br \/>\nS\u00edlvia Torres<\/p>\n<p>Matem\u00e0tiques<br \/>\n\u00c1lvaro Oca\u00f1a<\/p>\n<p>Orientaci\u00f3<br \/>\nAndrea Vila<\/p>\n<p>&nbsp;<br \/>\nALTRES C\u00c0RRECS DE COORDINACI\u00d3<\/p>\n<p>Coordinaci\u00f3 1r ESO<br \/>\nGemma Cabot<\/p>\n<p>Coordinaci\u00f3 2n ESO<br \/>\nLaura Conti<\/p>\n<p>Coordinaci\u00f3 3r ESO<br \/>\nD\u00e1maris Medrano<\/p>\n<p>Coordinaci\u00f3 4t ESO<br \/>\nS\u00edlvia Torres<\/p>\n<p>1r Batxillerat<br \/>\nXavier Ramos<\/p>\n<p>2n Batxillerat\u00a0<br \/>\nDavid&hellip;  <a href=\"https:\/\/agora.xtec.cat\/ies-viladegracia\/linstitut\/organigrama\/\" title=\"Read C\u00e0rrecs curs 2025-2026\">Llegeix m\u00e9s\u00bb<\/a><\/p>\n","protected":false},"author":1,"featured_media":0,"parent":19,"menu_order":50,"comment_status":"closed","ping_status":"closed","template":"page-templates\/side-menu.php","meta":{"footnotes":""},"class_list":["post-46","page","type-page","status-publish","hentry"],"post_mailing_queue_ids":[],"_links":{"self":[{"href":"https:\/\/agora.xtec.cat\/ies-viladegracia\/wp-json\/wp\/v2\/pages\/46","targetHints":{"allow":["GET"]}}],"collection":[{"href":"https:\/\/agora.xtec.cat\/ies-viladegracia\/wp-json\/wp\/v2\/pages"}],"about":[{"href":"https:\/\/agora.xtec.cat\/ies-viladegracia\/wp-json\/wp\/v2\/types\/page"}],"author":[{"embeddable":true,"href":"https:\/\/agora.xtec.cat\/ies-viladegracia\/wp-json\/wp\/v2\/users\/1"}],"replies":[{"embeddable":true,"href":"https:\/\/agora.xtec.cat\/ies-viladegracia\/wp-json\/wp\/v2\/comments?post=46"}],"version-history":[{"count":8,"href":"https:\/\/agora.xtec.cat\/ies-viladegracia\/wp-json\/wp\/v2\/pages\/46\/revisions"}],"predecessor-version":[{"id":11209,"href":"https:\/\/agora.xtec.cat\/ies-viladegracia\/wp-json\/wp\/v2\/pages\/46\/revisions\/11209"}],"up":[{"embeddable":true,"href":"https:\/\/agora.xtec.cat\/ies-viladegracia\/wp-json\/wp\/v2\/pages\/19"}],"wp:attachment":[{"href":"https:\/\/agora.xtec.cat\/ies-viladegracia\/wp-json\/wp\/v2\/media?parent=46"}],"curies":[{"name":"wp","href":"https:\/\/api.w.org\/{rel}","templated":true}]}}