{"id":1475,"date":"2023-04-19T21:39:39","date_gmt":"2023-04-19T19:39:39","guid":{"rendered":"http:\/\/agora.xtec.cat\/ies-viladegracia\/?page_id=1475"},"modified":"2024-02-20T06:51:33","modified_gmt":"2024-02-20T05:51:33","slug":"punt-jip","status":"publish","type":"page","link":"https:\/\/agora.xtec.cat\/ies-viladegracia\/punt-jip\/","title":{"rendered":"Punt JIP"},"content":{"rendered":"<div id=\"main\">\n<div id=\"block-system-main\">\n<p><img loading=\"lazy\" decoding=\"async\" class=\" wp-image-1476 alignleft\" src=\"http:\/\/agora.xtec.cat\/ies-viladegracia\/wp-content\/uploads\/usu241\/2017\/04\/logo-jip-transp.png\" alt=\"logo-jip-transp\" width=\"198\" height=\"108\" srcset=\"https:\/\/agora.xtec.cat\/ies-viladegracia\/wp-content\/uploads\/usu241\/2017\/04\/logo-jip-transp.png 312w, https:\/\/agora.xtec.cat\/ies-viladegracia\/wp-content\/uploads\/usu241\/2017\/04\/logo-jip-transp-300x163.png 300w\" sizes=\"auto, (max-width: 198px) 100vw, 198px\" \/><\/p>\n<p>&nbsp;<\/p>\n<p>&nbsp;<\/p>\n<p>&nbsp;<\/p>\n<p>El Punt Jip \u00e9s una iniciativa del Departament de Joventut als centres de secund\u00e0ria: &#8220;Jove, Informa&#8217;t i Participa&#8221;.<\/p>\n<p>La iniciativa, adre\u00e7ada a estudiants de 12 a 16 anys, t\u00e9 els seg\u00fcents objectius:<\/p>\n<ul>\n<li>Apropar a nois i noies tota la informaci\u00f3 que pugui ser del seu inter\u00e8s: opcions d&#8217;estudis despr\u00e8s de l&#8217;ESO, instal\u00b7lacions per fer esport, q\u00fcestions vinculades a la salut jove o a la mobilitat estudiantil&#8230;<\/li>\n<li>Fomentar la participaci\u00f3 i l&#8217;associacionisme juvenil.<\/li>\n<\/ul>\n<p>Coordinats amb els centres, els punts estan a c\u00e0rrec d&#8217;un\/a dinamitzador\/a professional que at\u00e9n les consultes dels i les noies o els deriva a d&#8217;altres recursos que els puguin ser d&#8217;utilitat.\u00a0Per exemple, s&#8217;informa a l&#8217;alumnat sobre qu\u00e8 poden estudiar l&#8217;any vinent, com poden crear una associaci\u00f3 o donar un cop de m\u00e0 en la preparaci\u00f3 de la festa major del seu barri, qu\u00e8 han de fer si s\u00f3n delegats o delegades de classe, quins equipaments esportius municipals existeixen o quines entitats organitzen activitats per a joves: partides de rol, tallers de hip hop, concerts&#8230;<\/p>\n<p>Tamb\u00e9 des del Punt Jip s&#8217;ofereixen xerrades als estudiants coordinades amb l&#8217;espai de tutoria de cada curs.<\/p>\n<p><strong>Contactar amb el Punt Jip:\u00a0<\/strong><\/p>\n<ul>\n<li>Data de visita al centre:<strong> dimarts a l&#8217;hora de pati<\/strong><\/li>\n<li>Mail:<strong> a jip_gracia@bcn.cat<\/strong><\/li>\n<\/ul>\n<\/div>\n<p><a style=\"font-family: inherit; font-size: 1em;\" href=\"http:\/\/agora.xtec.cat\/ies-viladegracia\/wp-content\/uploads\/usu241\/2017\/04\/PuntJIP.jpg\"><img loading=\"lazy\" decoding=\"async\" class=\"wp-image-1477 alignleft\" src=\"http:\/\/agora.xtec.cat\/ies-viladegracia\/wp-content\/uploads\/usu241\/2017\/04\/PuntJIP.jpg\" alt=\"PuntJIP\" width=\"252\" height=\"336\" srcset=\"https:\/\/agora.xtec.cat\/ies-viladegracia\/wp-content\/uploads\/usu241\/2017\/04\/PuntJIP.jpg 500w, https:\/\/agora.xtec.cat\/ies-viladegracia\/wp-content\/uploads\/usu241\/2017\/04\/PuntJIP-225x300.jpg 225w\" sizes=\"auto, (max-width: 252px) 100vw, 252px\" \/><\/a><\/p>\n<div id=\"block-system-main\">\n<p>&nbsp;<\/p>\n<\/div>\n<\/div>\n","protected":false},"excerpt":{"rendered":"<p>&nbsp;<br \/>\n&nbsp;<br \/>\n&nbsp;<br \/>\nEl Punt Jip \u00e9s una iniciativa del Departament de Joventut als centres de secund\u00e0ria: &#8220;Jove, Informa&#8217;t i Participa&#8221;.<br \/>\nLa iniciativa, adre\u00e7ada a estudiants de 12 a 16 anys, t\u00e9 els seg\u00fcents objectius:<\/p>\n<ul>\n<li>Apropar a nois i noies tota la informaci\u00f3 que pugui ser del seu inter\u00e8s: opcions&hellip;  <a href=\"https:\/\/agora.xtec.cat\/ies-viladegracia\/punt-jip\/\" title=\"Read Punt JIP\">Llegeix m\u00e9s\u00bb<\/a><br \/>\n","protected":false},"author":1,"featured_media":0,"parent":0,"menu_order":0,"comment_status":"closed","ping_status":"closed","template":"","meta":{"footnotes":""},"class_list":["post-1475","page","type-page","status-publish","hentry"],"post_mailing_queue_ids":[],"_links":{"self":[{"href":"https:\/\/agora.xtec.cat\/ies-viladegracia\/wp-json\/wp\/v2\/pages\/1475","targetHints":{"allow":["GET"]}}],"collection":[{"href":"https:\/\/agora.xtec.cat\/ies-viladegracia\/wp-json\/wp\/v2\/pages"}],"about":[{"href":"https:\/\/agora.xtec.cat\/ies-viladegracia\/wp-json\/wp\/v2\/types\/page"}],"author":[{"embeddable":true,"href":"https:\/\/agora.xtec.cat\/ies-viladegracia\/wp-json\/wp\/v2\/users\/1"}],"replies":[{"embeddable":true,"href":"https:\/\/agora.xtec.cat\/ies-viladegracia\/wp-json\/wp\/v2\/comments?post=1475"}],"version-history":[{"count":3,"href":"https:\/\/agora.xtec.cat\/ies-viladegracia\/wp-json\/wp\/v2\/pages\/1475\/revisions"}],"predecessor-version":[{"id":7946,"href":"https:\/\/agora.xtec.cat\/ies-viladegracia\/wp-json\/wp\/v2\/pages\/1475\/revisions\/7946"}],"wp:attachment":[{"href":"https:\/\/agora.xtec.cat\/ies-viladegracia\/wp-json\/wp\/v2\/media?parent=1475"}],"curies":[{"name":"wp","href":"https:\/\/api.w.org\/{rel}","templated":true}]}}