{"id":11254,"date":"2025-11-28T12:21:39","date_gmt":"2025-11-28T11:21:39","guid":{"rendered":"https:\/\/agora.xtec.cat\/ies-viladegracia\/?page_id=11254"},"modified":"2025-12-09T14:30:10","modified_gmt":"2025-12-09T13:30:10","slug":"tramits-administratius","status":"publish","type":"page","link":"https:\/\/agora.xtec.cat\/ies-viladegracia\/tramits-administratius\/","title":{"rendered":"Tr\u00e0mits administratius"},"content":{"rendered":"<p>\u2013 TR\u00c0MITS<\/p>\n<ul>\n<li><strong>Preinscripci\u00f3 i matr\u00edcula: <\/strong><a href=\"https:\/\/agora.xtec.cat\/ies-viladegracia\/preinscripcio-batxillerat-curs-2025-2026\/\">Informaci\u00f3 preinscripci\u00f3 i matr\u00edcula 2025-2026 (Actualitzat 19 juny)<\/a><\/li>\n<li><a href=\"https:\/\/agora.xtec.cat\/ies-viladegracia\/general\/nou-tramit-disponible-reconeixement-del-nivell-de-catala-b2-i-c1\/\" target=\"_blank\" rel=\"noopener\"><strong>Acreditaci\u00f3 de catal\u00e0 B2\/C1\u00a0<\/strong><\/a><\/li>\n<\/ul>\n<p>\u2013 HORARIS D&#8217;ATENCI\u00d3<\/p>\n<ul>\n<li>Atenci\u00f3 de <strong>Consergeria<\/strong>: de dilluns a dijous, de\u00a0<strong>9:00 a 17:30 h<\/strong>, i divendres, de\u00a0<strong>9:00 a 14:00 h<\/strong>.<\/li>\n<li>Atenci\u00f3 <strong>d\u2019Administraci\u00f3<\/strong>: <span style=\"font-family: inherit; font-size: 1em;\">de dilluns a divendres, de\u00a0<\/span><strong style=\"font-family: inherit; font-size: 1em;\">9:00 a 14:00 h<\/strong><span style=\"font-family: inherit; font-size: 1em;\">, i dijous a la tarda, de <\/span><strong style=\"font-family: inherit; font-size: 1em;\">16:00 a 17:30 h.<\/strong><\/li>\n<li>Atenci\u00f3 <strong>Secretaria<\/strong>: sense horari d&#8217;atenci\u00f3 fix, per tant, cal concertar cita tot escrivint al seu correu electr\u00f2nic detallat a sota.<\/li>\n<\/ul>\n<p>\u2013 CONTACTE<\/p>\n<ul>\n<li>Contacte <strong>d\u2019Administraci\u00f3: <\/strong><a rel=\"noopener\">administracio@insviladegracia.<wbr \/>cat<\/a><\/li>\n<li>Contacte de <strong>Secretaria<\/strong>:\u00a0<em><a rel=\"noopener\"><span class=\"il\">secretaria@insviladegracia.cat\u00a0<\/span><\/a><\/em><\/li>\n<\/ul>\n<p>\u2013 Tel. 934 150 262<\/p>\n","protected":false},"excerpt":{"rendered":"<p>\u2013 TR\u00c0MITS<\/p>\n<ul>\n<li>Preinscripci\u00f3 i matr\u00edcula: <a href=\"https:\/\/agora.xtec.cat\/ies-viladegracia\/preinscripcio-batxillerat-curs-2025-2026\/\">Informaci\u00f3 preinscripci\u00f3 i matr\u00edcula 2025-2026 (Actualitzat 19 juny)<\/a><\/li>\n<li><a href=\"https:\/\/agora.xtec.cat\/ies-viladegracia\/general\/nou-tramit-disponible-reconeixement-del-nivell-de-catala-b2-i-c1\/\" target=\"_blank\" rel=\"noopener\">Acreditaci\u00f3 de catal\u00e0 B2\/C1\u00a0<\/a><\/li>\n<\/ul>\n<p>\u2013 HORARIS D&#8217;ATENCI\u00d3<\/p>\n<ul>\n<li>Atenci\u00f3 de Consergeria: de dilluns a dijous, de\u00a09:00 a 17:30 h, i divendres, de\u00a09:00 a 14:00 h.<\/li>\n<li>Atenci\u00f3 d\u2019Administraci\u00f3: de dilluns a divendres, de\u00a09:00 a 14:00&hellip;  <a href=\"https:\/\/agora.xtec.cat\/ies-viladegracia\/tramits-administratius\/\" title=\"Read Tr\u00e0mits administratius\">Llegeix m\u00e9s\u00bb<\/a><br \/>\n","protected":false},"author":1,"featured_media":0,"parent":0,"menu_order":0,"comment_status":"closed","ping_status":"closed","template":"","meta":{"footnotes":""},"class_list":["post-11254","page","type-page","status-publish","hentry"],"post_mailing_queue_ids":[],"_links":{"self":[{"href":"https:\/\/agora.xtec.cat\/ies-viladegracia\/wp-json\/wp\/v2\/pages\/11254","targetHints":{"allow":["GET"]}}],"collection":[{"href":"https:\/\/agora.xtec.cat\/ies-viladegracia\/wp-json\/wp\/v2\/pages"}],"about":[{"href":"https:\/\/agora.xtec.cat\/ies-viladegracia\/wp-json\/wp\/v2\/types\/page"}],"author":[{"embeddable":true,"href":"https:\/\/agora.xtec.cat\/ies-viladegracia\/wp-json\/wp\/v2\/users\/1"}],"replies":[{"embeddable":true,"href":"https:\/\/agora.xtec.cat\/ies-viladegracia\/wp-json\/wp\/v2\/comments?post=11254"}],"version-history":[{"count":6,"href":"https:\/\/agora.xtec.cat\/ies-viladegracia\/wp-json\/wp\/v2\/pages\/11254\/revisions"}],"predecessor-version":[{"id":11307,"href":"https:\/\/agora.xtec.cat\/ies-viladegracia\/wp-json\/wp\/v2\/pages\/11254\/revisions\/11307"}],"wp:attachment":[{"href":"https:\/\/agora.xtec.cat\/ies-viladegracia\/wp-json\/wp\/v2\/media?parent=11254"}],"curies":[{"name":"wp","href":"https:\/\/api.w.org\/{rel}","templated":true}]}}