{"id":11152,"date":"2025-11-12T13:12:55","date_gmt":"2025-11-12T12:12:55","guid":{"rendered":"https:\/\/agora.xtec.cat\/ies-viladegracia\/?page_id=11152"},"modified":"2026-04-15T13:09:28","modified_gmt":"2026-04-15T11:09:28","slug":"sollicitud-de-reconeixement-de-lequivalencia-del-nivell-b2-c1-de-catala","status":"publish","type":"page","link":"https:\/\/agora.xtec.cat\/ies-viladegracia\/sollicitud-de-reconeixement-de-lequivalencia-del-nivell-b2-c1-de-catala\/","title":{"rendered":"Sol\u00b7licitud de reconeixement de l\u2019equival\u00e8ncia del nivell B2\/C1 de catal\u00e0"},"content":{"rendered":"<h3><img loading=\"lazy\" decoding=\"async\" class=\"an1\" draggable=\"false\" src=\"https:\/\/fonts.gstatic.com\/s\/e\/notoemoji\/16.0\/1f7e6\/72.png\" alt=\"\ud83d\udfe6\" width=\"16\" height=\"16\" data-emoji=\"\ud83d\udfe6\" aria-label=\"\ud83d\udfe6\" \/>\u00a0Reconeixement dels nivells B2 i C1 de llengua catalana<\/h3>\n<p>El\u00a0<strong>Reconeixement dels nivells B2 i C1 de llengua catalana per escolaritat reglada no universit\u00e0ria<\/strong>\u00a0permet acreditar oficialment el coneixement de catal\u00e0 davant les administracions p\u00fabliques mitjan\u00e7ant els estudis cursats a Catalunya.<\/p>\n<h4>Qui el pot sol\u00b7licitar?<\/h4>\n<p>Les persones nascudes a partir de 1972 que hagin cursat els estudis a Catalunya (EGB, FP, BUP, ESO o Batxillerat) i que hagin\u00a0<strong>aprovat la mat\u00e8ria de llengua catalana<\/strong>\u00a0durant tota la seva escolaritat obligat\u00f2ria.<\/p>\n<h4>Nivells i titulacions equivalents<\/h4>\n<p><span style=\"text-decoration: underline;\"><strong>Nivell B2 (intermedi)<\/strong><\/span><\/p>\n<ul>\n<li><strong>EGB:<\/strong>\u00a0haver cursat i aprovat tota l\u2019EGB a Catalunya i la mat\u00e8ria de llengua catalana en tots els cursos, a partir del curs\u00a0<strong>1978-1979<\/strong>.<\/li>\n<li><strong>FP1:<\/strong>\u00a0haver cursat i aprovat tota l\u2019EGB i l\u2019FP1 a Catalunya, i la mat\u00e8ria de llengua catalana en tots els cursos, a partir del curs\u00a0<strong>1978-1979<\/strong>.<\/li>\n<li><strong>ESO (fins al curs 2006-2007):<\/strong>\u00a0haver cursat la mat\u00e8ria de llengua catalana en tota l\u2019etapa d\u2019ESO a Catalunya i haver obtingut el t\u00edtol d\u2019ESO.\u00a0<em>(En aquests anys no era requisit haver-la aprovat per obtenir el t\u00edtol.)<\/em><\/li>\n<\/ul>\n<p><span style=\"text-decoration: underline;\"><strong>Nivell C1 (sufici\u00e8ncia)<\/strong><\/span><\/p>\n<ul>\n<li style=\"list-style-type: none;\">\n<ul>\n<li><strong>ESO (a partir del curs 2007-2008):<\/strong>\u00a0haver cursat i aprovat la mat\u00e8ria de llengua catalana en tota l\u2019etapa d\u2019ESO i haver obtingut el t\u00edtol d\u2019ESO.<\/li>\n<li><strong>Batxillerat (LOGSE o LOE):<\/strong>\u00a0haver cursat a Catalunya almenys\u00a0<strong>tres cursos de prim\u00e0ria i cinc entre ESO i batxillerat<\/strong>, i haver cursat la mat\u00e8ria de llengua catalana en tota l\u2019etapa.<\/li>\n<li><strong>BUP:<\/strong>\u00a0haver cursat i aprovat tota l\u2019EGB i el BUP a Catalunya, i la mat\u00e8ria de llengua catalana en tots els cursos des del curs\u00a0<strong>1978-1979<\/strong>.<\/li>\n<li><strong>FP2:<\/strong>\u00a0haver cursat i aprovat tota l\u2019EGB, l\u2019FP1 i l\u2019FP2 a Catalunya, i la mat\u00e8ria de llengua catalana en tots els cursos des del curs\u00a0<strong>1978-1979<\/strong>.<\/li>\n<\/ul>\n<\/li>\n<\/ul>\n<h4><span style=\"background-color: #ffff00;\">Documentaci\u00f3 necess\u00e0ria<\/span><\/h4>\n<p>Cal aportar la <strong>documentaci\u00f3 necess\u00e0ria per acreditar els anys cursats i la superaci\u00f3 de la mat\u00e8ria de llengua catalana<\/strong>, d\u2019acord amb la normativa vigent en cada cas (certificats acad\u00e8mics, historial, llibre d\u2019escolaritat, t\u00edtol o resguard, segons correspongui), aix\u00ed com la <strong>fotoc\u00f2pia del DNI<\/strong>.<\/p>\n<p>La documentaci\u00f3 ha de ser <strong>completa i coherent<\/strong>. En cas contrari, es podr\u00e0 requerir documentaci\u00f3 addicional.<\/p>\n<h4>Presentaci\u00f3 obligat\u00f2ria d\u2019originals<\/h4>\n<p>&#8211; <strong><span style=\"font-size: large;\"><u>\u00c9s imprescindible presentar els documents originals<\/u><\/span> (o c\u00f2pies aut\u00e8ntiques)<\/strong> per poder validar la documentaci\u00f3.<\/p>\n<p><strong>&#8211; Sense aquesta validaci\u00f3 no es podr\u00e0 emetre ni lliurar el certificat.<\/strong><\/p>\n<h4>Enviament previ de documentaci\u00f3 (opcional)<\/h4>\n<p>Per tal d\u2019agilitzar el proc\u00e9s, es poden enviar <strong>c\u00f2pies, fotografies o documents escanejats per correu electr\u00f2nic<\/strong> per a una revisi\u00f3 pr\u00e8via.<\/p>\n<p>&#8211; Aquest enviament \u00e9s <strong>nom\u00e9s orientatiu<\/strong> i <strong>no substitueix en cap cas la presentaci\u00f3 dels documents originals<\/strong>.<\/p>\n<h4>En cas de no disposar de la documentaci\u00f3<\/h4>\n<p>Si no es disposa del llibre d\u2019escolaritat, t\u00edtol o altra documentaci\u00f3, es pot sol\u00b7licitar un <strong>certificat d\u2019estudis al centre educatiu d\u2019origen<\/strong>.<\/p>\n<p>&#8211; Aquest certificat haur\u00e0 de ser oficial i contenir la informaci\u00f3 necess\u00e0ria.<br \/>\n&#8211; Tamb\u00e9 s\u2019haur\u00e0 de presentar en <strong>format original<\/strong>.<\/p>\n<h4>Terminis<\/h4>\n<p>Els certificats s\u2019emetran <strong>tan aviat com sigui possible<\/strong>.<\/p>\n<p>&#8211; El termini pot variar en funci\u00f3 del moment del curs i de la <strong>c\u00e0rrega administrativa del centre<\/strong>.<\/p>\n<h4>Normativa<\/h4>\n<ul>\n<li>Decret 152\/2001, de 29 de maig<\/li>\n<li>Ordre VCP\/491\/2009, de 12 de novembre<\/li>\n<li>Ordre VCP\/233\/2010, de 12 d\u2019abril<\/li>\n<li>Ordre PLG\/58\/2025, de 9 d\u2019abril<\/li>\n<\/ul>\n<p>En aquest procediment, la documentaci\u00f3 <strong>no es pot consultar per via interoperable<\/strong>, i per tant <strong>ha de ser aportada i validada mitjan\u00e7ant documents originals<\/strong>.Amb aquests ajustos, creiem que es podran evitar malentesos (especialment en relaci\u00f3 amb la presentaci\u00f3 d\u2019originals) i reduir les incid\u00e8ncies tant a consergeria com a administraci\u00f3.<\/p>\n","protected":false},"excerpt":{"rendered":"<p>\u00a0Reconeixement dels nivells B2 i C1 de llengua catalana<br \/>\nEl\u00a0Reconeixement dels nivells B2 i C1 de llengua catalana per escolaritat reglada no universit\u00e0ria\u00a0permet acreditar oficialment el coneixement de catal\u00e0 davant les administracions p\u00fabliques mitjan\u00e7ant els estudis cursats a Catalunya.<br \/>\nQui el pot sol\u00b7licitar?<br \/>\nLes persones nascudes a partir&hellip;  <a href=\"https:\/\/agora.xtec.cat\/ies-viladegracia\/sollicitud-de-reconeixement-de-lequivalencia-del-nivell-b2-c1-de-catala\/\" title=\"Read Sol\u00b7licitud de reconeixement de l\u2019equival\u00e8ncia del nivell B2\/C1 de catal\u00e0\">Llegeix m\u00e9s\u00bb<\/a><\/p>\n","protected":false},"author":1,"featured_media":0,"parent":0,"menu_order":0,"comment_status":"closed","ping_status":"closed","template":"","meta":{"footnotes":""},"class_list":["post-11152","page","type-page","status-publish","hentry"],"post_mailing_queue_ids":[],"_links":{"self":[{"href":"https:\/\/agora.xtec.cat\/ies-viladegracia\/wp-json\/wp\/v2\/pages\/11152","targetHints":{"allow":["GET"]}}],"collection":[{"href":"https:\/\/agora.xtec.cat\/ies-viladegracia\/wp-json\/wp\/v2\/pages"}],"about":[{"href":"https:\/\/agora.xtec.cat\/ies-viladegracia\/wp-json\/wp\/v2\/types\/page"}],"author":[{"embeddable":true,"href":"https:\/\/agora.xtec.cat\/ies-viladegracia\/wp-json\/wp\/v2\/users\/1"}],"replies":[{"embeddable":true,"href":"https:\/\/agora.xtec.cat\/ies-viladegracia\/wp-json\/wp\/v2\/comments?post=11152"}],"version-history":[{"count":6,"href":"https:\/\/agora.xtec.cat\/ies-viladegracia\/wp-json\/wp\/v2\/pages\/11152\/revisions"}],"predecessor-version":[{"id":11730,"href":"https:\/\/agora.xtec.cat\/ies-viladegracia\/wp-json\/wp\/v2\/pages\/11152\/revisions\/11730"}],"wp:attachment":[{"href":"https:\/\/agora.xtec.cat\/ies-viladegracia\/wp-json\/wp\/v2\/media?parent=11152"}],"curies":[{"name":"wp","href":"https:\/\/api.w.org\/{rel}","templated":true}]}}