{"id":9815,"date":"2019-03-05T13:48:14","date_gmt":"2019-03-05T12:48:14","guid":{"rendered":"http:\/\/agora.xtec.cat\/ies-viladecavalls\/?page_id=9815"},"modified":"2026-03-26T11:33:08","modified_gmt":"2026-03-26T10:33:08","slug":"presentacions-per-les-families-2","status":"publish","type":"page","link":"https:\/\/agora.xtec.cat\/ies-viladecavalls\/presentacions-per-les-families-2\/","title":{"rendered":"Presentacions per a les fam\u00edlies"},"content":{"rendered":"<h2><strong>Reunions de tutoria setembre 2025<\/strong><\/h2>\n<ul>\n<li><a href=\"https:\/\/drive.google.com\/file\/d\/1iEBxq4nIBTRGV1Pzo5aP86ZcWmYaMnnl\/view?usp=drive_link\">Primer ESO: Presentaci\u00f3 de la reuni\u00f3 amb les fam\u00edlies\u00a0<\/a><\/li>\n<li><a href=\"https:\/\/drive.google.com\/file\/d\/1euFLSB1x-rXjiI1WJKkKKeUqpq2rZrfi\/view?usp=sharing\">Segon ESO: Presentaci\u00f3 de la reuni\u00f3 amb les fam\u00edlies\u00a0<\/a><\/li>\n<li><a href=\"https:\/\/www.canva.com\/design\/DAGQ5onOI3k\/-twm3LKlG6R8PRTB2GPeoQ\/edit\">Tercer ESO: Presentaci\u00f3 de la reuni\u00f3 amb les fam\u00edlies\u00a0\u00a0<\/a><\/li>\n<li><a href=\"https:\/\/www.canva.com\/design\/DAG0Lr8hIqU\/rUEvuoY48z5PTLGIAPCZqw\/edit\">Quart ESO: Presentaci\u00f3 de la reuni\u00f3 amb les fam\u00edlies\u00a0\u00a0<\/a><\/li>\n<li><a href=\"https:\/\/www.canva.com\/design\/DAGz4BIlrJA\/VMzijQaO4IypLR8AHiIE3A\/edit\">Primer Batxillerat: Presentaci\u00f3 de la reuni\u00f3 amb les fam\u00edlies\u00a0<\/a><\/li>\n<li><a href=\"https:\/\/www.canva.com\/design\/DAGz4AE75Tc\/jCw1A3rb04v-gMEy1NXA4w\/edit\">Segon Batxillerat: Presentaci\u00f3 de la reuni\u00f3 amb les fam\u00edlies\u00a0<\/a><\/li>\n<\/ul>\n<p>&nbsp;<\/p>\n<h3><strong>Presentaci\u00f3 per a les fam\u00edlies d&#8217;alumnes de sis\u00e8. Febrer 2026:<\/strong><\/h3>\n<p><a href=\"https:\/\/www.canva.com\/design\/DAGeP_PNVlQ\/Qg-iHyYCxCWoP2V8V5PZiw\/view?utm_content=DAGeP_PNVlQ&amp;utm_campaign=designshare&amp;utm_medium=link2&amp;utm_source=uniquelinks&amp;utlId=hd758fdceae\"><img loading=\"lazy\" decoding=\"async\" class=\"alignnone wp-image-11002\" src=\"https:\/\/agora.xtec.cat\/ies-viladecavalls\/wp-content\/uploads\/usu1438\/2023\/02\/Presentacio-sise.jpg\" alt=\"\" width=\"520\" height=\"274\" srcset=\"https:\/\/agora.xtec.cat\/ies-viladecavalls\/wp-content\/uploads\/usu1438\/2023\/02\/Presentacio-sise.jpg 1004w, https:\/\/agora.xtec.cat\/ies-viladecavalls\/wp-content\/uploads\/usu1438\/2023\/02\/Presentacio-sise-300x158.jpg 300w, https:\/\/agora.xtec.cat\/ies-viladecavalls\/wp-content\/uploads\/usu1438\/2023\/02\/Presentacio-sise-768x405.jpg 768w\" sizes=\"auto, (max-width: 520px) 100vw, 520px\" \/><\/a><\/p>\n<h3><strong>Portes obertes batxillerat.\u00a0<\/strong><\/h3>\n<p><a href=\"https:\/\/www.canva.com\/design\/DAFf0BrqKsE\/0K6ZUIhM8yeSUxi19_5lqw\/view?utm_content=DAFf0BrqKsE&amp;utm_campaign=designshare&amp;utm_medium=link2&amp;utm_source=uniquelinks&amp;utlId=h6bac3f1365\"><img loading=\"lazy\" decoding=\"async\" class=\"wp-image-11424 size-full alignleft\" src=\"https:\/\/agora.xtec.cat\/ies-viladecavalls\/wp-content\/uploads\/usu1438\/2025\/03\/portes-batx.jpg\" alt=\"\" width=\"548\" height=\"331\" srcset=\"https:\/\/agora.xtec.cat\/ies-viladecavalls\/wp-content\/uploads\/usu1438\/2025\/03\/portes-batx.jpg 548w, https:\/\/agora.xtec.cat\/ies-viladecavalls\/wp-content\/uploads\/usu1438\/2025\/03\/portes-batx-300x181.jpg 300w\" sizes=\"auto, (max-width: 548px) 100vw, 548px\" \/><\/a><\/p>\n<p>&nbsp;<\/p>\n<p>&nbsp;<\/p>\n<p>&nbsp;<\/p>\n<p>&nbsp;<\/p>\n<p>&nbsp;<\/p>\n<p>&nbsp;<\/p>\n<p>&nbsp;<\/p>\n<p>&nbsp;<\/p>\n<h3><strong>Presentaci\u00f3 per a les fam\u00edlies de quart. <\/strong><\/h3>\n<div style=\"position: relative; width: 100%; height: 0; padding-top: 56.2500%; padding-bottom: 0; box-shadow: 0 2px 8px 0 rgba(63,69,81,0.16); margin-top: 1.6em; margin-bottom: 0.9em; overflow: hidden; border-radius: 8px; will-change: transform;\"><iframe style=\"position: absolute; width: 100%; height: 100%; top: 0; left: 0; border: none; padding: 0; margin: 0;\" src=\"https:\/\/www.canva.com\/design\/DAFeBoIQHbU\/5KfOs-njP8aBYfLDmkyQwQ\/view?embed\" allowfullscreen=\"allowfullscreen\"><br \/>\n<\/iframe><\/div>\n<p><a href=\"https:\/\/www.canva.com\/design\/DAFeBoIQHbU\/5KfOs-njP8aBYfLDmkyQwQ\/view?utm_content=DAFeBoIQHbU&amp;utm_campaign=designshare&amp;utm_medium=embeds&amp;utm_source=link\" target=\"_blank\" rel=\"noopener\">Presentaci\u00f3 fam\u00edlies 4 ESO<\/a> de Bel\u00e9n Parra<\/p>\n<p><strong>\u00a0<\/strong><\/p>\n<h3><strong>Presentaci\u00f3 per a les fam\u00edlies d&#8217;alumnes de tercer:<\/strong><\/h3>\n<p><iframe loading=\"lazy\" src=\"https:\/\/prezi.com\/p\/nnkjoiwl8jvd\/embed\/\" width=\"560\" height=\"315\" frameborder=\"0\"><\/iframe><\/p>\n<p>&nbsp;<\/p>\n<p>&nbsp;<\/p>\n","protected":false},"excerpt":{"rendered":"<p>Reunions de tutoria setembre 2025<\/p>\n<ul>\n<li><a href=\"https:\/\/drive.google.com\/file\/d\/1iEBxq4nIBTRGV1Pzo5aP86ZcWmYaMnnl\/view?usp=drive_link\">Primer ESO: Presentaci\u00f3 de la reuni\u00f3 amb les fam\u00edlies\u00a0<\/a><\/li>\n<li><a href=\"https:\/\/drive.google.com\/file\/d\/1euFLSB1x-rXjiI1WJKkKKeUqpq2rZrfi\/view?usp=sharing\">Segon ESO: Presentaci\u00f3 de la reuni\u00f3 amb les fam\u00edlies\u00a0<\/a><\/li>\n<li><a href=\"https:\/\/www.canva.com\/design\/DAGQ5onOI3k\/-twm3LKlG6R8PRTB2GPeoQ\/edit\">Tercer ESO: Presentaci\u00f3 de la reuni\u00f3 amb les fam\u00edlies\u00a0\u00a0<\/a><\/li>\n<li><a href=\"https:\/\/www.canva.com\/design\/DAG0Lr8hIqU\/rUEvuoY48z5PTLGIAPCZqw\/edit\">Quart ESO: Presentaci\u00f3 de la reuni\u00f3 amb les fam\u00edlies\u00a0\u00a0<\/a><\/li>\n<li><a href=\"https:\/\/www.canva.com\/design\/DAGz4BIlrJA\/VMzijQaO4IypLR8AHiIE3A\/edit\">Primer Batxillerat: Presentaci\u00f3 de&hellip;  <a href=\"https:\/\/agora.xtec.cat\/ies-viladecavalls\/presentacions-per-les-families-2\/\" title=\"Read Presentacions per a les fam\u00edlies\">Llegeix m\u00e9s\u00bb<\/a><br \/>\n","protected":false},"author":1,"featured_media":0,"parent":0,"menu_order":0,"comment_status":"closed","ping_status":"closed","template":"","meta":{"_bbp_topic_count":0,"_bbp_reply_count":0,"_bbp_total_topic_count":0,"_bbp_total_reply_count":0,"_bbp_voice_count":0,"_bbp_anonymous_reply_count":0,"_bbp_topic_count_hidden":0,"_bbp_reply_count_hidden":0,"_bbp_forum_subforum_count":0,"footnotes":""},"class_list":["post-9815","page","type-page","status-publish","hentry"],"post_mailing_queue_ids":[],"_links":{"self":[{"href":"https:\/\/agora.xtec.cat\/ies-viladecavalls\/wp-json\/wp\/v2\/pages\/9815","targetHints":{"allow":["GET"]}}],"collection":[{"href":"https:\/\/agora.xtec.cat\/ies-viladecavalls\/wp-json\/wp\/v2\/pages"}],"about":[{"href":"https:\/\/agora.xtec.cat\/ies-viladecavalls\/wp-json\/wp\/v2\/types\/page"}],"author":[{"embeddable":true,"href":"https:\/\/agora.xtec.cat\/ies-viladecavalls\/wp-json\/wp\/v2\/users\/1"}],"replies":[{"embeddable":true,"href":"https:\/\/agora.xtec.cat\/ies-viladecavalls\/wp-json\/wp\/v2\/comments?post=9815"}],"version-history":[{"count":6,"href":"https:\/\/agora.xtec.cat\/ies-viladecavalls\/wp-json\/wp\/v2\/pages\/9815\/revisions"}],"predecessor-version":[{"id":11567,"href":"https:\/\/agora.xtec.cat\/ies-viladecavalls\/wp-json\/wp\/v2\/pages\/9815\/revisions\/11567"}],"wp:attachment":[{"href":"https:\/\/agora.xtec.cat\/ies-viladecavalls\/wp-json\/wp\/v2\/media?parent=9815"}],"curies":[{"name":"wp","href":"https:\/\/api.w.org\/{rel}","templated":true}]}}

Presentacions per a les famílies

<h2><strong>Reunions de tutoria setembre 2025</strong></h2>
<ul>
<li><a href="https://drive.google.com/file/d/1iEBxq4nIBTRGV1Pzo5aP86ZcWmYaMnnl/view?usp=drive_link">Primer ESO: Presentació de la reunió amb les famílies </a></li>
<li><a href="https://drive.google.com/file/d/1euFLSB1x-rXjiI1WJKkKKeUqpq2rZrfi/view?usp=sharing">Segon ESO: Presentació de la reunió amb les famílies </a></li>
<li><a href="https://www.canva.com/design/DAGQ5onOI3k/-twm3LKlG6R8PRTB2GPeoQ/edit">Tercer ESO: Presentació de la reunió amb les famílies  </a></li>
<li><a href="https://www.canva.com/design/DAG0Lr8hIqU/rUEvuoY48z5PTLGIAPCZqw/edit">Quart ESO: Presentació de la reunió amb les famílies  </a></li>
<li><a href="https://www.canva.com/design/DAGz4BIlrJA/VMzijQaO4IypLR8AHiIE3A/edit">Primer Batxillerat: Presentació de la reunió amb les famílies </a></li>
<li><a href="https://www.canva.com/design/DAGz4AE75Tc/jCw1A3rb04v-gMEy1NXA4w/edit">Segon Batxillerat: Presentació de la reunió amb les famílies </a></li>
</ul>
<p>&nbsp;</p>
<h3><strong>Presentació per a les famílies d&#8217;alumnes de sisè. Febrer 2026:</strong></h3>
<p><a href="https://www.canva.com/design/DAGeP_PNVlQ/Qg-iHyYCxCWoP2V8V5PZiw/view?utm_content=DAGeP_PNVlQ&amp;utm_campaign=designshare&amp;utm_medium=link2&amp;utm_source=uniquelinks&amp;utlId=hd758fdceae"><img loading="lazy" decoding="async" class="alignnone wp-image-11002" src="https://agora.xtec.cat/ies-viladecavalls/wp-content/uploads/usu1438/2023/02/Presentacio-sise.jpg" alt="" width="520" height="274" srcset="https://agora.xtec.cat/ies-viladecavalls/wp-content/uploads/usu1438/2023/02/Presentacio-sise.jpg 1004w, https://agora.xtec.cat/ies-viladecavalls/wp-content/uploads/usu1438/2023/02/Presentacio-sise-300x158.jpg 300w, https://agora.xtec.cat/ies-viladecavalls/wp-content/uploads/usu1438/2023/02/Presentacio-sise-768x405.jpg 768w" sizes="auto, (max-width: 520px) 100vw, 520px" /></a></p>
<h3><strong>Portes obertes batxillerat. </strong></h3>
<p><a href="https://www.canva.com/design/DAFf0BrqKsE/0K6ZUIhM8yeSUxi19_5lqw/view?utm_content=DAFf0BrqKsE&amp;utm_campaign=designshare&amp;utm_medium=link2&amp;utm_source=uniquelinks&amp;utlId=h6bac3f1365"><img loading="lazy" decoding="async" class="wp-image-11424 size-full alignleft" src="https://agora.xtec.cat/ies-viladecavalls/wp-content/uploads/usu1438/2025/03/portes-batx.jpg" alt="" width="548" height="331" srcset="https://agora.xtec.cat/ies-viladecavalls/wp-content/uploads/usu1438/2025/03/portes-batx.jpg 548w, https://agora.xtec.cat/ies-viladecavalls/wp-content/uploads/usu1438/2025/03/portes-batx-300x181.jpg 300w" sizes="auto, (max-width: 548px) 100vw, 548px" /></a></p>
<p>&nbsp;</p>
<p>&nbsp;</p>
<p>&nbsp;</p>
<p>&nbsp;</p>
<p>&nbsp;</p>
<p>&nbsp;</p>
<p>&nbsp;</p>
<p>&nbsp;</p>
<h3><strong>Presentació per a les famílies de quart. </strong></h3>
<div style="position: relative; width: 100%; height: 0; padding-top: 56.2500%; padding-bottom: 0; box-shadow: 0 2px 8px 0 rgba(63,69,81,0.16); margin-top: 1.6em; margin-bottom: 0.9em; overflow: hidden; border-radius: 8px; will-change: transform;"><iframe style="position: absolute; width: 100%; height: 100%; top: 0; left: 0; border: none; padding: 0; margin: 0;" src="https://www.canva.com/design/DAFeBoIQHbU/5KfOs-njP8aBYfLDmkyQwQ/view?embed" allowfullscreen="allowfullscreen"><br />
</iframe></div>
<p><a href="https://www.canva.com/design/DAFeBoIQHbU/5KfOs-njP8aBYfLDmkyQwQ/view?utm_content=DAFeBoIQHbU&amp;utm_campaign=designshare&amp;utm_medium=embeds&amp;utm_source=link" target="_blank" rel="noopener">Presentació famílies 4 ESO</a> de Belén Parra</p>
<p><strong> </strong></p>
<h3><strong>Presentació per a les famílies d&#8217;alumnes de tercer:</strong></h3>
<p><iframe loading="lazy" src="https://prezi.com/p/nnkjoiwl8jvd/embed/" width="560" height="315" frameborder="0"></iframe></p>
<p>&nbsp;</p>
<p>&nbsp;</p>

<p>Reunions de tutoria setembre 2025</p>
<ul>
<li><a href="https://drive.google.com/file/d/1iEBxq4nIBTRGV1Pzo5aP86ZcWmYaMnnl/view?usp=drive_link">Primer ESO: Presentació de la reunió amb les famílies </a></li>
<li><a href="https://drive.google.com/file/d/1euFLSB1x-rXjiI1WJKkKKeUqpq2rZrfi/view?usp=sharing">Segon ESO: Presentació de la reunió amb les famílies </a></li>
<li><a href="https://www.canva.com/design/DAGQ5onOI3k/-twm3LKlG6R8PRTB2GPeoQ/edit">Tercer ESO: Presentació de la reunió amb les famílies  </a></li>
<li><a href="https://www.canva.com/design/DAG0Lr8hIqU/rUEvuoY48z5PTLGIAPCZqw/edit">Quart ESO: Presentació de la reunió amb les famílies  </a></li>
<li><a href="https://www.canva.com/design/DAGz4BIlrJA/VMzijQaO4IypLR8AHiIE3A/edit">Primer Batxillerat: Presentació de&hellip;  <a href="https://agora.xtec.cat/ies-viladecavalls/presentacions-per-les-families-2/" title="Read Presentacions per a les famílies">Llegeix més»</a><br />
