{"id":9411,"date":"2018-05-02T13:05:39","date_gmt":"2018-05-02T11:05:39","guid":{"rendered":"http:\/\/agora.xtec.cat\/ies-viladecavalls\/?page_id=9411"},"modified":"2018-05-02T15:15:11","modified_gmt":"2018-05-02T13:15:11","slug":"4-els-graus-universitaris","status":"publish","type":"page","link":"https:\/\/agora.xtec.cat\/ies-viladecavalls\/despreseso\/4-els-graus-universitaris\/","title":{"rendered":"4. Els graus universitaris"},"content":{"rendered":"<p>Per un alumne que est\u00e0 a quart d\u2019ESO, la universitat pot semblar molt llunyana, per\u00f2 \u00e9s important informar-nos dels requeriments per accedir als diferents graus universitaris, abans de triar les mat\u00e8ries de modalitat al batxillerat.<\/p>\n<p>S\u2019ha de tenir en compte que la majoria d\u2019universitats ofereixen uns cr\u00e8dits inicials per formar-te en aquelles mat\u00e8ries que s\u00f3n necess\u00e0ries pel grau i que no s\u2019han cursat al batxillerat.<\/p>\n<p><a href=\"http:\/\/www.uab.cat\/web\/estudiar\/grau\/oferta-de-graus\/tots-els-graus-1345661751752.html\">UAB Universitat Aut\u00f2noma de Barcelona: Oferta de Graus, perfil de l\u2019estudiant, mat\u00e8ries que pot triar al batxillerat.<\/a><\/p>\n<p><a href=\"https:\/\/www.upc.edu\/ca\/graus\">UPC Universitat polit\u00e8cnica de Catalunya: Oferta de Graus, perfil de l\u2019estudiant, \u2026<\/a><\/p>\n<p><a href=\"http:\/\/www.ub.edu\/dyn\/cms\/continguts_ca\/estudis\/oferta_formativa\/graus\/graus.html?categoria1=Article\/gra\/CienciesSocialsiJuridiques\/\">UB Universitat de Barcelona: Oferta de Graus, perfil de l\u2019estudiant, \u2026<\/a><\/p>\n<p><a href=\"https:\/\/www.upf.edu\/web\/graus\">UPF Universitat Pompeu Fabra :<\/a><a href=\"http:\/\/www.ub.edu\/dyn\/cms\/continguts_ca\/estudis\/oferta_formativa\/graus\/graus.html?categoria1=Article\/gra\/CienciesSocialsiJuridiques\/\"> Oferta de Graus, perfil de l\u2019estudiant, \u2026<\/a><\/p>\n<p>&nbsp;<\/p>\n","protected":false},"excerpt":{"rendered":"<p>Per un alumne que est\u00e0 a quart d\u2019ESO, la universitat pot semblar molt llunyana, per\u00f2 \u00e9s important informar-nos dels requeriments per accedir als diferents graus universitaris, abans de triar les mat\u00e8ries de modalitat al batxillerat.<br \/>\nS\u2019ha de tenir en compte que la majoria d\u2019universitats ofereixen uns&hellip;  <a href=\"https:\/\/agora.xtec.cat\/ies-viladecavalls\/despreseso\/4-els-graus-universitaris\/\" title=\"Read 4. Els graus universitaris\">Llegeix m\u00e9s\u00bb<\/a><\/p>\n","protected":false},"author":1,"featured_media":0,"parent":575,"menu_order":4,"comment_status":"closed","ping_status":"closed","template":"page-templates\/side-menu.php","meta":{"_bbp_topic_count":0,"_bbp_reply_count":0,"_bbp_total_topic_count":0,"_bbp_total_reply_count":0,"_bbp_voice_count":0,"_bbp_anonymous_reply_count":0,"_bbp_topic_count_hidden":0,"_bbp_reply_count_hidden":0,"_bbp_forum_subforum_count":0,"footnotes":""},"class_list":["post-9411","page","type-page","status-publish","hentry"],"post_mailing_queue_ids":[],"_links":{"self":[{"href":"https:\/\/agora.xtec.cat\/ies-viladecavalls\/wp-json\/wp\/v2\/pages\/9411","targetHints":{"allow":["GET"]}}],"collection":[{"href":"https:\/\/agora.xtec.cat\/ies-viladecavalls\/wp-json\/wp\/v2\/pages"}],"about":[{"href":"https:\/\/agora.xtec.cat\/ies-viladecavalls\/wp-json\/wp\/v2\/types\/page"}],"author":[{"embeddable":true,"href":"https:\/\/agora.xtec.cat\/ies-viladecavalls\/wp-json\/wp\/v2\/users\/1"}],"replies":[{"embeddable":true,"href":"https:\/\/agora.xtec.cat\/ies-viladecavalls\/wp-json\/wp\/v2\/comments?post=9411"}],"version-history":[{"count":1,"href":"https:\/\/agora.xtec.cat\/ies-viladecavalls\/wp-json\/wp\/v2\/pages\/9411\/revisions"}],"predecessor-version":[{"id":9412,"href":"https:\/\/agora.xtec.cat\/ies-viladecavalls\/wp-json\/wp\/v2\/pages\/9411\/revisions\/9412"}],"up":[{"embeddable":true,"href":"https:\/\/agora.xtec.cat\/ies-viladecavalls\/wp-json\/wp\/v2\/pages\/575"}],"wp:attachment":[{"href":"https:\/\/agora.xtec.cat\/ies-viladecavalls\/wp-json\/wp\/v2\/media?parent=9411"}],"curies":[{"name":"wp","href":"https:\/\/api.w.org\/{rel}","templated":true}]}}