{"id":9405,"date":"2018-05-02T13:02:41","date_gmt":"2018-05-02T11:02:41","guid":{"rendered":"http:\/\/agora.xtec.cat\/ies-viladecavalls\/?page_id=9405"},"modified":"2026-02-20T09:13:49","modified_gmt":"2026-02-20T08:13:49","slug":"1-el-batxillerat","status":"publish","type":"page","link":"https:\/\/agora.xtec.cat\/ies-viladecavalls\/despreseso\/1-el-batxillerat\/","title":{"rendered":"1. El batxillerat"},"content":{"rendered":"<p>S\u2019ha de triar entre tres modalitats de Batxillerat, en funci\u00f3 dels interessos\u00a0de cadasc\u00fa: <strong>Modalitat de ci\u00e8ncies i tecnologia, modalitat d\u2019humanitats i ci\u00e8ncies socials<\/strong>.<\/p>\n<p>Hi ha quatre tipus de mat\u00e8ries: <strong>mat\u00e8ries<\/strong>\u00a0<strong>comuns<\/strong>, que ha de cursar tot l\u2019alumnat, amb independ\u00e8ncia de la modalitat de Batxillerat escollida; <strong>mat\u00e8ries comunes d\u2019opci\u00f3<\/strong>, que s\u2019han de cursar obligat\u00f2riament en funci\u00f3 de la modalitat triada; <strong>mat\u00e8ries<\/strong> <strong>de modalit<\/strong><strong>at<\/strong>, i <strong>mat\u00e8ries<\/strong> <strong>optatives.<br \/>\n<\/strong><\/p>\n<p><a href=\"https:\/\/docs.google.com\/document\/d\/1XtmXyv6dYRevTEXDK8TGsbgw995fBUHrwSwSHTxjxjg\/edit?usp=sharing\"><strong>Quadre de mat\u00e8ries de batxillerat. Promoci\u00f3 2026-2028<\/strong><\/a><\/p>\n<p>A primer de batxillerat, les mat\u00e8ries de modalitat obligat\u00f2ria seran de 4 hores setmanals i la resta de mat\u00e8ries de modalitat de 3 hores setmanals. Les mat\u00e8ries obligat\u00f2ries de modalitat s\u00f3n:<strong> &#8220;matem\u00e0tiques&#8221;<\/strong>, per la modalitat de ci\u00e8ncies i tecnologia, les <strong>&#8220;matem\u00e0tiques aplicades a les ci\u00e8ncies socials&#8221;<\/strong> o <strong>&#8220;llat\u00ed&#8221;<\/strong>, pels alumnes de la modalitat d&#8217;humanitats i ci\u00e8ncies socials.<\/p>\n<p>Les optatives de la franja 3, es podran triar independentment de la modalitat. Si en alguna mat\u00e8ria la demanda \u00e9s superior a l&#8217;oferta, s&#8217;assignar\u00e0 per nota de tall.<\/p>\n<p><strong>Triar una mat\u00e8ria de modalitat a dist\u00e0ncia per la IOC: <\/strong>L&#8217;Institut Obert de Catalunya permet cursar fins a dues mat\u00e8ries de modalitat o una segona llengua estrangera a dist\u00e0ncia.<\/p>\n<p><a href=\"https:\/\/ioc.xtec.cat\/educacio\/materies-batxillerat\"><strong>M\u00e9s informaci\u00f3 IOC<\/strong><\/a><\/p>\n<p style=\"padding-left: 40px;\">Compte: Les mat\u00e8ries de modalitat que tri\u00ef cada alumne a l&#8217;IOC s&#8217;han de correspondre amb alguna de les modalitats de batxillerat que t\u00e9 autoritzades a impartir el centre on est\u00e0 matriculat de manera presencial. Per aquest motiu no es podran fer per la IOC mat\u00e8ries de la modalitat art\u00edstica pl\u00e0stica, ni del batxillerat general.<\/p>\n<p><strong>El Batxibac<\/strong> \u00e9s un programa que permet cursar un curr\u00edculum mixt en llengua francesa. Els alumnes, a m\u00e9s del t\u00edtol de batxillerat, obtenen la titulaci\u00f3 de <strong>baccalaur\u00e9at<\/strong> (batxillerat franc\u00e8s) si superen una prova externa que es desenvolupa \u00edntegrament en franc\u00e8s. Els alumnes que cursen batxibac, ho poden fer des de qualsevol modalitat, fent una part del curr\u00edculum en llengua francesa i agafant les mat\u00e8ries de &#8220;Cultura i civilitzaci\u00f3 franceses&#8221; i &#8220;Hist\u00f2ria Batxibac&#8221; a primer i literatura francesa a segon.<\/p>\n<p class=\"text-blauelectric null\"><strong>Quan es promociona o s\u2019ha de repetir curs?<\/strong><\/p>\n<p>Es pot accedir a segon curs amb dues mat\u00e8ries pendents d\u2019aprovar com a m\u00e0xim.<br \/>\nAmb tres o quatre mat\u00e8ries de primer suspeses no \u00e9s obligatori repetir curs. \u00c9s possible matricular-se de les assignatures pendents i d&#8217;algunes mat\u00e8ries de segon.<br \/>\nAmb m\u00e9s de quatre assignatures suspeses, s\u2019ha de tornar a cursar primer un altre cop. A segon, si ens queden mat\u00e8ries penjades, no cal tornar a cursar les aprovades.<\/p>\n<p class=\"text-blauelectric null\"><strong>I despr\u00e9s del Batxillerat qu\u00e8?<\/strong><\/p>\n<p>Un cop s\u2019hagi superat el Batxillerat, es pot accedir a un <strong>estudi universitari <\/strong>o b\u00e9 a un <strong>cicle formatiu de grau superior <\/strong>(on no es necessita la\u00a0selectivitat)<\/p>\n<p><a href=\"https:\/\/universitats.gencat.cat\/web\/.content\/01_acces_i_admissio\/preinscripcions\/documentacio\/Ponderacions-2026_v4.pdf\">Quadre de ponderaci\u00f3 de les mat\u00e8ries de modalitat per accedir a la universitat<\/a>.<\/p>\n<p><strong>\u00a0<\/strong><\/p>\n","protected":false},"excerpt":{"rendered":"<p>S\u2019ha de triar entre tres modalitats de Batxillerat, en funci\u00f3 dels interessos\u00a0de cadasc\u00fa: Modalitat de ci\u00e8ncies i tecnologia, modalitat d\u2019humanitats i ci\u00e8ncies socials.<br \/>\nHi ha quatre tipus de mat\u00e8ries: mat\u00e8ries\u00a0comuns, que ha de cursar tot l\u2019alumnat, amb independ\u00e8ncia de la modalitat de Batxillerat escollida; mat\u00e8ries comunes&hellip;  <a href=\"https:\/\/agora.xtec.cat\/ies-viladecavalls\/despreseso\/1-el-batxillerat\/\" title=\"Read 1. El batxillerat\">Llegeix m\u00e9s\u00bb<\/a><\/p>\n","protected":false},"author":1,"featured_media":0,"parent":575,"menu_order":1,"comment_status":"closed","ping_status":"closed","template":"page-templates\/side-menu.php","meta":{"_bbp_topic_count":0,"_bbp_reply_count":0,"_bbp_total_topic_count":0,"_bbp_total_reply_count":0,"_bbp_voice_count":0,"_bbp_anonymous_reply_count":0,"_bbp_topic_count_hidden":0,"_bbp_reply_count_hidden":0,"_bbp_forum_subforum_count":0,"footnotes":""},"class_list":["post-9405","page","type-page","status-publish","hentry"],"post_mailing_queue_ids":[],"_links":{"self":[{"href":"https:\/\/agora.xtec.cat\/ies-viladecavalls\/wp-json\/wp\/v2\/pages\/9405","targetHints":{"allow":["GET"]}}],"collection":[{"href":"https:\/\/agora.xtec.cat\/ies-viladecavalls\/wp-json\/wp\/v2\/pages"}],"about":[{"href":"https:\/\/agora.xtec.cat\/ies-viladecavalls\/wp-json\/wp\/v2\/types\/page"}],"author":[{"embeddable":true,"href":"https:\/\/agora.xtec.cat\/ies-viladecavalls\/wp-json\/wp\/v2\/users\/1"}],"replies":[{"embeddable":true,"href":"https:\/\/agora.xtec.cat\/ies-viladecavalls\/wp-json\/wp\/v2\/comments?post=9405"}],"version-history":[{"count":6,"href":"https:\/\/agora.xtec.cat\/ies-viladecavalls\/wp-json\/wp\/v2\/pages\/9405\/revisions"}],"predecessor-version":[{"id":11552,"href":"https:\/\/agora.xtec.cat\/ies-viladecavalls\/wp-json\/wp\/v2\/pages\/9405\/revisions\/11552"}],"up":[{"embeddable":true,"href":"https:\/\/agora.xtec.cat\/ies-viladecavalls\/wp-json\/wp\/v2\/pages\/575"}],"wp:attachment":[{"href":"https:\/\/agora.xtec.cat\/ies-viladecavalls\/wp-json\/wp\/v2\/media?parent=9405"}],"curies":[{"name":"wp","href":"https:\/\/api.w.org\/{rel}","templated":true}]}}

<p>S’ha de triar entre tres modalitats de Batxillerat, en funció dels interessos de cadascú: <strong>Modalitat de ciències i tecnologia, modalitat d’humanitats i ciències socials</strong>.</p>
<p>Hi ha quatre tipus de matèries: <strong>matèries</strong> <strong>comuns</strong>, que ha de cursar tot l’alumnat, amb independència de la modalitat de Batxillerat escollida; <strong>matèries comunes d’opció</strong>, que s’han de cursar obligatòriament en funció de la modalitat triada; <strong>matèries</strong> <strong>de modalit</strong><strong>at</strong>, i <strong>matèries</strong> <strong>optatives.<br />
</strong></p>
<p><a href="https://docs.google.com/document/d/1XtmXyv6dYRevTEXDK8TGsbgw995fBUHrwSwSHTxjxjg/edit?usp=sharing"><strong>Quadre de matèries de batxillerat. Promoció 2026-2028</strong></a></p>
<p>A primer de batxillerat, les matèries de modalitat obligatòria seran de 4 hores setmanals i la resta de matèries de modalitat de 3 hores setmanals. Les matèries obligatòries de modalitat són:<strong> &#8220;matemàtiques&#8221;</strong>, per la modalitat de ciències i tecnologia, les <strong>&#8220;matemàtiques aplicades a les ciències socials&#8221;</strong> o <strong>&#8220;llatí&#8221;</strong>, pels alumnes de la modalitat d&#8217;humanitats i ciències socials.</p>
<p>Les optatives de la franja 3, es podran triar independentment de la modalitat. Si en alguna matèria la demanda és superior a l&#8217;oferta, s&#8217;assignarà per nota de tall.</p>
<p><strong>Triar una matèria de modalitat a distància per la IOC: </strong>L&#8217;Institut Obert de Catalunya permet cursar fins a dues matèries de modalitat o una segona llengua estrangera a distància.</p>
<p><a href="https://ioc.xtec.cat/educacio/materies-batxillerat"><strong>Més informació IOC</strong></a></p>
<p style="padding-left: 40px;">Compte: Les matèries de modalitat que triï cada alumne a l&#8217;IOC s&#8217;han de correspondre amb alguna de les modalitats de batxillerat que té autoritzades a impartir el centre on està matriculat de manera presencial. Per aquest motiu no es podran fer per la IOC matèries de la modalitat artística plàstica, ni del batxillerat general.</p>
<p><strong>El Batxibac</strong> és un programa que permet cursar un currículum mixt en llengua francesa. Els alumnes, a més del títol de batxillerat, obtenen la titulació de <strong>baccalauréat</strong> (batxillerat francès) si superen una prova externa que es desenvolupa íntegrament en francès. Els alumnes que cursen batxibac, ho poden fer des de qualsevol modalitat, fent una part del currículum en llengua francesa i agafant les matèries de &#8220;Cultura i civilització franceses&#8221; i &#8220;Història Batxibac&#8221; a primer i literatura francesa a segon.</p>
<p class="text-blauelectric null"><strong>Quan es promociona o s’ha de repetir curs?</strong></p>
<p>Es pot accedir a segon curs amb dues matèries pendents d’aprovar com a màxim.<br />
Amb tres o quatre matèries de primer suspeses no és obligatori repetir curs. És possible matricular-se de les assignatures pendents i d&#8217;algunes matèries de segon.<br />
Amb més de quatre assignatures suspeses, s’ha de tornar a cursar primer un altre cop. A segon, si ens queden matèries penjades, no cal tornar a cursar les aprovades.</p>
<p class="text-blauelectric null"><strong>I després del Batxillerat què?</strong></p>
<p>Un cop s’hagi superat el Batxillerat, es pot accedir a un <strong>estudi universitari </strong>o bé a un <strong>cicle formatiu de grau superior </strong>(on no es necessita la selectivitat)</p>
<p><a href="https://universitats.gencat.cat/web/.content/01_acces_i_admissio/preinscripcions/documentacio/Ponderacions-2026_v4.pdf">Quadre de ponderació de les matèries de modalitat per accedir a la universitat</a>.</p>
<p><strong> </strong></p>

<p>S’ha de triar entre tres modalitats de Batxillerat, en funció dels interessos de cadascú: Modalitat de ciències i tecnologia, modalitat d’humanitats i ciències socials.<br />
Hi ha quatre tipus de matèries: matèries comuns, que ha de cursar tot l’alumnat, amb independència de la modalitat de Batxillerat escollida; matèries comunes&hellip;  <a href="https://agora.xtec.cat/ies-viladecavalls/despreseso/1-el-batxillerat/" title="Read 1. El batxillerat">Llegeix més»</a></p>
