{"id":10060,"date":"2019-10-05T17:33:50","date_gmt":"2019-10-05T15:33:50","guid":{"rendered":"http:\/\/agora.xtec.cat\/ies-viladecavalls\/?page_id=10060"},"modified":"2025-09-30T11:40:38","modified_gmt":"2025-09-30T09:40:38","slug":"normativa-vagues","status":"publish","type":"page","link":"https:\/\/agora.xtec.cat\/ies-viladecavalls\/normativa-vagues\/","title":{"rendered":"Normativa vagues"},"content":{"rendered":"<div class=\"page\" title=\"Page 1\">\n<div class=\"layoutArea\">\n<div class=\"column\"><strong style=\"font-family: inherit; font-size: 1em;\">NORMATIVA SOBRE EL DRET DE FER VAGA<\/strong><\/div>\n<div><\/div>\n<div class=\"column\"><\/div>\n<\/div>\n<\/div>\n<p><strong style=\"font-family: inherit; font-size: 1em;\">ESO<\/strong><\/p>\n<p style=\"text-align: justify;\">Els alumnes de 1r i 2n d\u2019ESO no tenen reconegut el dret de vaga.<br \/>\nEls alumnes de 3r i 4t d\u2019ESO hauran de presentar un justificant dels pares\/tutors legals necess\u00e0riament.<\/p>\n<p style=\"text-align: justify;\">En cas de convocat\u00f2ria de vaga, el procediment a seguir \u00e9s el seg\u00fcent:<\/p>\n<ul style=\"text-align: justify;\">\n<li>Reuni\u00f3 de delegats\/des on s\u2019exposar\u00e0 la informaci\u00f3 rebuda i l\u2019elaboraci\u00f3 escrita dels punts principals que han motivat la seva convocat\u00f2ria.<\/li>\n<li>Debat i votaci\u00f3 secreta a cada grup-classe.<\/li>\n<li>El delegat\/da elaborar\u00e0 una acta on constar\u00e0 el resultat de les votacions i la lliurar\u00e0 a direcci\u00f3 un m\u00ednim de DOS DIES ABANS de la jornada de vaga.<\/li>\n<\/ul>\n<p style=\"text-align: justify;\"><a href=\"https:\/\/drive.google.com\/file\/d\/1igOfpgtzOyvMx_ug3-iKVd4e7ga2jq00\/view?usp=sharing\"><strong>Document de comunicaci\u00f3 de vaga<\/strong><\/a><\/p>\n<p style=\"text-align: justify;\">En cas d\u2019examen: Quan la majoria dels alumnes d&#8217;una classe votin que faran vaga , tal com estableix la normativa, amb aquella classe no s&#8217;avan\u00e7ar\u00e0 mat\u00e8ria ni es faran activitats avaluables, malgrat que al final es presentin m\u00e9s de la meitat dels alumnes a classe. \u00c9s a dir, si la votaci\u00f3 \u00e9s que m\u00e9s del 50% far\u00e0 vaga, aix\u00f2 \u00e9s el que preval, no quants acaben assistint a classe.<\/p>\n<div class=\"gmail_default\" style=\"text-align: justify;\"><\/div>\n<p style=\"text-align: justify;\"><strong>BATXILLERAT<\/strong><br \/>\nEls alumnes de Batxillerat procediran de la mateixa manera en cas de convocat\u00f2ria de vaga.<br \/>\nEn cas d\u2019examen, cal tenir en compte que:<\/p>\n<p style=\"padding-left: 40px; text-align: justify;\">a) <span style=\"font-weight: 400;\">Si la classe ha recolzat majorit\u00e0riament la vaga (m\u00e9s de 60% de vots a favor) NO es realitzar\u00e0 cap examen ni activitat que resulti indispensable per a l\u2019avaluaci\u00f3, per\u00f2 s\u00ed que es podr\u00e0 avan\u00e7ar temari.<\/span><br \/>\nb) Si la classe NO ha recolzat majorit\u00e0riament la vaga (menys de 60% de vots a favor) es mantindr\u00e0 l\u2019activitat lectiva i avaluadora prevista. Els alumnes que, tot i aix\u00f2, optin per fer vaga, assumiran els perjudicis que aix\u00f2 els pugui causar.<\/p>\n<p style=\"text-align: justify;\"><strong>ESO I BATXILLERAT<\/strong><\/p>\n<p style=\"text-align: justify;\">Durant l\u2019exercici del dret de vaga \u00e9s responsabilitat dels pares o tutors legals el que facin els seus fill\/es. El claustre del centre no t\u00e9 cap responsabilitat ni civil ni penal en cas d\u2019abs\u00e8ncia de l\u2019alumne. El centre informar\u00e0 per correu electr\u00f2nic a les fam\u00edlies sobre la convocat\u00f2ria de vaga i recordar\u00e0 la normativa al respecte. El centre atendr\u00e0 i garantir\u00e0 el normal desenvolupament de les classes als alumnes que no desitgin secundar la vaga.<\/p>\n<p style=\"text-align: justify;\"><strong>Com totes les faltes d&#8217;assist\u00e8ncia, s&#8217;hauran de justificar pels mecanismes establerts (agenda o correu electr\u00f2nic al tutor individual).<\/strong><\/p>\n","protected":false},"excerpt":{"rendered":"<p>NORMATIVA SOBRE EL DRET DE FER VAGA<\/p>\n<p>ESO<br \/>\nEls alumnes de 1r i 2n d\u2019ESO no tenen reconegut el dret de vaga.<br \/>\nEls alumnes de 3r i 4t d\u2019ESO hauran de presentar un justificant dels pares\/tutors legals necess\u00e0riament.<br \/>\nEn cas de convocat\u00f2ria de vaga, el procediment a seguir \u00e9s&hellip;  <a href=\"https:\/\/agora.xtec.cat\/ies-viladecavalls\/normativa-vagues\/\" title=\"Read Normativa vagues\">Llegeix m\u00e9s\u00bb<\/a><\/p>\n","protected":false},"author":3,"featured_media":0,"parent":0,"menu_order":0,"comment_status":"closed","ping_status":"closed","template":"","meta":{"_bbp_topic_count":0,"_bbp_reply_count":0,"_bbp_total_topic_count":0,"_bbp_total_reply_count":0,"_bbp_voice_count":0,"_bbp_anonymous_reply_count":0,"_bbp_topic_count_hidden":0,"_bbp_reply_count_hidden":0,"_bbp_forum_subforum_count":0,"footnotes":""},"class_list":["post-10060","page","type-page","status-publish","hentry"],"post_mailing_queue_ids":[],"_links":{"self":[{"href":"https:\/\/agora.xtec.cat\/ies-viladecavalls\/wp-json\/wp\/v2\/pages\/10060","targetHints":{"allow":["GET"]}}],"collection":[{"href":"https:\/\/agora.xtec.cat\/ies-viladecavalls\/wp-json\/wp\/v2\/pages"}],"about":[{"href":"https:\/\/agora.xtec.cat\/ies-viladecavalls\/wp-json\/wp\/v2\/types\/page"}],"author":[{"embeddable":true,"href":"https:\/\/agora.xtec.cat\/ies-viladecavalls\/wp-json\/wp\/v2\/users\/3"}],"replies":[{"embeddable":true,"href":"https:\/\/agora.xtec.cat\/ies-viladecavalls\/wp-json\/wp\/v2\/comments?post=10060"}],"version-history":[{"count":7,"href":"https:\/\/agora.xtec.cat\/ies-viladecavalls\/wp-json\/wp\/v2\/pages\/10060\/revisions"}],"predecessor-version":[{"id":11525,"href":"https:\/\/agora.xtec.cat\/ies-viladecavalls\/wp-json\/wp\/v2\/pages\/10060\/revisions\/11525"}],"wp:attachment":[{"href":"https:\/\/agora.xtec.cat\/ies-viladecavalls\/wp-json\/wp\/v2\/media?parent=10060"}],"curies":[{"name":"wp","href":"https:\/\/api.w.org\/{rel}","templated":true}]}}

<div class="page" title="Page 1">
<div class="layoutArea">
<div class="column"><strong style="font-family: inherit; font-size: 1em;">NORMATIVA SOBRE EL DRET DE FER VAGA</strong></div>
<div></div>
<div class="column"></div>
</div>
</div>
<p><strong style="font-family: inherit; font-size: 1em;">ESO</strong></p>
<p style="text-align: justify;">Els alumnes de 1r i 2n d’ESO no tenen reconegut el dret de vaga.<br />
Els alumnes de 3r i 4t d’ESO hauran de presentar un justificant dels pares/tutors legals necessàriament.</p>
<p style="text-align: justify;">En cas de convocatòria de vaga, el procediment a seguir és el següent:</p>
<ul style="text-align: justify;">
<li>Reunió de delegats/des on s’exposarà la informació rebuda i l’elaboració escrita dels punts principals que han motivat la seva convocatòria.</li>
<li>Debat i votació secreta a cada grup-classe.</li>
<li>El delegat/da elaborarà una acta on constarà el resultat de les votacions i la lliurarà a direcció un mínim de DOS DIES ABANS de la jornada de vaga.</li>
</ul>
<p style="text-align: justify;"><a href="https://drive.google.com/file/d/1igOfpgtzOyvMx_ug3-iKVd4e7ga2jq00/view?usp=sharing"><strong>Document de comunicació de vaga</strong></a></p>
<p style="text-align: justify;">En cas d’examen: Quan la majoria dels alumnes d&#8217;una classe votin que faran vaga , tal com estableix la normativa, amb aquella classe no s&#8217;avançarà matèria ni es faran activitats avaluables, malgrat que al final es presentin més de la meitat dels alumnes a classe. És a dir, si la votació és que més del 50% farà vaga, això és el que preval, no quants acaben assistint a classe.</p>
<div class="gmail_default" style="text-align: justify;"></div>
<p style="text-align: justify;"><strong>BATXILLERAT</strong><br />
Els alumnes de Batxillerat procediran de la mateixa manera en cas de convocatòria de vaga.<br />
En cas d’examen, cal tenir en compte que:</p>
<p style="padding-left: 40px; text-align: justify;">a) <span style="font-weight: 400;">Si la classe ha recolzat majoritàriament la vaga (més de 60% de vots a favor) NO es realitzarà cap examen ni activitat que resulti indispensable per a l’avaluació, però sí que es podrà avançar temari.</span><br />
b) Si la classe NO ha recolzat majoritàriament la vaga (menys de 60% de vots a favor) es mantindrà l’activitat lectiva i avaluadora prevista. Els alumnes que, tot i això, optin per fer vaga, assumiran els perjudicis que això els pugui causar.</p>
<p style="text-align: justify;"><strong>ESO I BATXILLERAT</strong></p>
<p style="text-align: justify;">Durant l’exercici del dret de vaga és responsabilitat dels pares o tutors legals el que facin els seus fill/es. El claustre del centre no té cap responsabilitat ni civil ni penal en cas d’absència de l’alumne. El centre informarà per correu electrònic a les famílies sobre la convocatòria de vaga i recordarà la normativa al respecte. El centre atendrà i garantirà el normal desenvolupament de les classes als alumnes que no desitgin secundar la vaga.</p>
<p style="text-align: justify;"><strong>Com totes les faltes d&#8217;assistència, s&#8217;hauran de justificar pels mecanismes establerts (agenda o correu electrònic al tutor individual).</strong></p>

<p>NORMATIVA SOBRE EL DRET DE FER VAGA</p>
<p>ESO<br />
Els alumnes de 1r i 2n d’ESO no tenen reconegut el dret de vaga.<br />
Els alumnes de 3r i 4t d’ESO hauran de presentar un justificant dels pares/tutors legals necessàriament.<br />
En cas de convocatòria de vaga, el procediment a seguir és&hellip;  <a href="https://agora.xtec.cat/ies-viladecavalls/normativa-vagues/" title="Read Normativa vagues">Llegeix més»</a></p>
