{"id":882,"date":"2019-06-18T10:10:26","date_gmt":"2019-06-18T08:10:26","guid":{"rendered":"http:\/\/agora.xtec.cat\/ies-vidreres\/?page_id=882"},"modified":"2025-10-22T11:07:10","modified_gmt":"2025-10-22T09:07:10","slug":"afa","status":"publish","type":"page","link":"https:\/\/agora.xtec.cat\/ies-vidreres\/serveis\/afa\/","title":{"rendered":"AFA Institut Vidreres"},"content":{"rendered":"\n<figure class=\"wp-block-image aligncenter\"><a href=\"https:\/\/agora.xtec.cat\/ies-vidreres\/wp-content\/uploads\/usu1911\/2025\/04\/LOGO-AFA-GEORGIA-BOLD.png\"><img loading=\"lazy\" decoding=\"async\" width=\"224\" height=\"154\" src=\"https:\/\/agora.xtec.cat\/ies-vidreres\/wp-content\/uploads\/usu1911\/2025\/04\/LOGO-AFA-GEORGIA-BOLD.png\" alt=\"\" class=\"wp-image-3928\"\/><\/a><\/figure>\n\n\n\n<p><\/p>\n\n\n\n<h4 class=\"wp-block-heading\">Assemblea General Ordin\u00e0ria de l&#8217;AFA INSTITUT VIDRERES<\/h4>\n\n\n\n<p>\u00a0<a href=\"https:\/\/drive.google.com\/file\/d\/1MPpR6PQD-iXMw6AE7cC60fSbafQIuMTI\/view?usp=sharing\" data-type=\"link\" data-id=\"https:\/\/drive.google.com\/file\/d\/1MPpR6PQD-iXMw6AE7cC60fSbafQIuMTI\/view?usp=sharing\">Comunicat per a les fam\u00edlies per a l&#8217;Assemblea General Ordin\u00e0ria 2025<\/a> <strong>(<em>clica\u2019m<\/em>)<\/strong><\/p>\n\n\n\n<p><\/p>\n\n\n\n<hr class=\"wp-block-separator has-alpha-channel-opacity is-style-wide\"\/>\n\n\n\n<p><\/p>\n\n\n\n<p><a href=\"https:\/\/drive.google.com\/file\/d\/1x7ZUrIcAi6Mf3gIXYoz7ooUIxlTuIYtX\" target=\"_blank\" rel=\"noreferrer noopener\">Programa de Fidelitzaci\u00f3 Curs 2025-26 (Avantatges Socis i S\u00f2cies)<\/a><strong> <span style=\"color: #000000;\">(<i>clica&#8217;m<\/i>)<\/span><\/strong><\/p>\n\n\n\n<p>Agra\u00efment a les seg\u00fcents entitats i empreses participants:<\/p>\n\n\n\n<ul style=\"padding-right:0;padding-left:var(--wp--preset--spacing--50)\" class=\"wp-block-list\">\n<li>Piscina Municipal de Lloret de Mar: <a href=\"https:\/\/www.piscinalloret.cat\/ca\" target=\"_blank\" rel=\"noopener\">https:\/\/www.piscinalloret.cat\/ca<\/a><\/li>\n\n\n\n<li>Centre M\u00e8dic Eutimia: <a href=\"https:\/\/centreeutimia.com\" target=\"_blank\" rel=\"noopener\">https:\/\/centreeutimia.com<\/a><\/li>\n\n\n\n<li>\u00d2ptica Milent: <a href=\"https:\/\/opticamilent.com\" target=\"_blank\" rel=\"noopener\">https:\/\/opticamilent.com<\/a><\/li>\n\n\n\n<li>Kalma Centre Terap\u00e8utic: <a href=\"https:\/\/kalmacentreterapeutic.com\" target=\"_blank\" rel=\"noopener\">https:\/\/kalmacentreterapeutic.com<\/a><\/li>\n\n\n\n<li>Pauta Centre Psicopedag\u00f2gic: <a href=\"https:\/\/www.pauta-girona.com\" target=\"_blank\" rel=\"noopener\">https:\/\/www.pauta-girona.com<\/a><\/li>\n\n\n\n<li>Comp\u00e0s: <a href=\"https:\/\/www.elcompasvidreres.com\" target=\"_blank\" rel=\"noopener\">https:\/\/www.elcompasvidreres.com<\/a><\/li>\n\n\n\n<li>Trafalgar House: <a href=\"https:\/\/agora.xtec.cat\/ies-vidreres\/wp-content\/uploads\/usu1911\/2025\/06\/TRAFALGAR-HOUSE.jpeg\" target=\"_blank\" rel=\"noopener\">Trafalgar House<\/a><\/li>\n<\/ul>\n\n\n\n<p>&nbsp;<\/p>\n\n\n\n<div class=\"wp-block-getwid-anchor\"><\/div>\n\n\n\n<hr class=\"wp-block-separator has-alpha-channel-opacity is-style-wide\"\/>\n\n\n\n<h4 class=\"wp-block-heading\" id=\"llibres\">CURS 2025-2026<\/h4>\n\n\n\n<p>Circulars informatives adjuntes corresponents als tr\u00e0mits que han de realitzar els alumnes de l&#8217;Institut Vidreres per a la gesti\u00f3 i adquisici\u00f3 dels llibres del proper curs 2025-26:<\/p>\n\n\n\n<ul style=\"padding-right:0;padding-left:var(--wp--preset--spacing--50)\" class=\"wp-block-list\">\n<li><a href=\"https:\/\/agora.xtec.cat\/ies-vidreres\/wp-content\/uploads\/usu1911\/2025\/06\/4.-ESO.-CIRCULAR-IES-VIDRERES-25-26.-Rev.220525.pdf\" target=\"_blank\" rel=\"noopener\">Circular ESO<\/a><\/li>\n\n\n\n<li><a href=\"https:\/\/agora.xtec.cat\/ies-vidreres\/wp-content\/uploads\/usu1911\/2025\/06\/3.-BATX.-CIRCULAR-IES-VIDRERES-25-26.-Rev.220525.pdf\" target=\"_blank\" rel=\"noopener\">Circular Batxillerat<\/a><\/li>\n\n\n\n<li><a href=\"https:\/\/vidreres.cat\/intercanvi-de-llibres\/\" target=\"_blank\" rel=\"noopener\">Programa d&#8217;intercanvi de llibres 2025&nbsp;<\/a><\/li>\n<\/ul>\n\n\n\n<p>Per a m\u00e9s informaci\u00f3 , podeu enviar un correu a <a href=\"mailto:ampaiesvidreres@gmail.com\">ampaiesvidreres@gmail.com<\/a><\/p>\n\n\n\n<p><\/p>\n\n\n\n<p>&nbsp;<\/p>\n\n\n\n<p><\/p>\n","protected":false},"excerpt":{"rendered":"<p>Assemblea General Ordin\u00e0ria de l&#8217;AFA INSTITUT VIDRERES \u00a0Comunicat per a les fam\u00edlies per a l&#8217;Assemblea General Ordin\u00e0ria 2025 (clica\u2019m) Programa de Fidelitzaci\u00f3 Curs 2025-26 (Avantatges Socis i S\u00f2cies) (clica&#8217;m) Agra\u00efment a les seg\u00fcents entitats i empreses participants: &nbsp; CURS 2025-2026 Circulars informatives adjuntes corresponents als tr\u00e0mits que han de realitzar els alumnes de l&#8217;Institut Vidreres [&hellip;]<\/p>\n","protected":false},"author":1,"featured_media":0,"parent":63,"menu_order":0,"comment_status":"closed","ping_status":"closed","template":"","meta":{"_bbp_topic_count":0,"_bbp_reply_count":0,"_bbp_total_topic_count":0,"_bbp_total_reply_count":0,"_bbp_voice_count":0,"_bbp_anonymous_reply_count":0,"_bbp_topic_count_hidden":0,"_bbp_reply_count_hidden":0,"_bbp_forum_subforum_count":0,"site-sidebar-layout":"default","site-content-layout":"","ast-site-content-layout":"default","site-content-style":"default","site-sidebar-style":"default","ast-global-header-display":"","ast-banner-title-visibility":"","ast-main-header-display":"","ast-hfb-above-header-display":"","ast-hfb-below-header-display":"","ast-hfb-mobile-header-display":"","site-post-title":"","ast-breadcrumbs-content":"","ast-featured-img":"","footer-sml-layout":"","theme-transparent-header-meta":"","adv-header-id-meta":"","stick-header-meta":"","header-above-stick-meta":"","header-main-stick-meta":"","header-below-stick-meta":"","astra-migrate-meta-layouts":"set","ast-page-background-enabled":"default","ast-page-background-meta":{"desktop":{"background-color":"var(--ast-global-color-4)","background-image":"","background-repeat":"repeat","background-position":"center center","background-size":"auto","background-attachment":"scroll","background-type":"","background-media":"","overlay-type":"","overlay-color":"","overlay-opacity":"","overlay-gradient":""},"tablet":{"background-color":"","background-image":"","background-repeat":"repeat","background-position":"center center","background-size":"auto","background-attachment":"scroll","background-type":"","background-media":"","overlay-type":"","overlay-color":"","overlay-opacity":"","overlay-gradient":""},"mobile":{"background-color":"","background-image":"","background-repeat":"repeat","background-position":"center center","background-size":"auto","background-attachment":"scroll","background-type":"","background-media":"","overlay-type":"","overlay-color":"","overlay-opacity":"","overlay-gradient":""}},"ast-content-background-meta":{"desktop":{"background-color":"var(--ast-global-color-5)","background-image":"","background-repeat":"repeat","background-position":"center center","background-size":"auto","background-attachment":"scroll","background-type":"","background-media":"","overlay-type":"","overlay-color":"","overlay-opacity":"","overlay-gradient":""},"tablet":{"background-color":"var(--ast-global-color-5)","background-image":"","background-repeat":"repeat","background-position":"center center","background-size":"auto","background-attachment":"scroll","background-type":"","background-media":"","overlay-type":"","overlay-color":"","overlay-opacity":"","overlay-gradient":""},"mobile":{"background-color":"var(--ast-global-color-5)","background-image":"","background-repeat":"repeat","background-position":"center center","background-size":"auto","background-attachment":"scroll","background-type":"","background-media":"","overlay-type":"","overlay-color":"","overlay-opacity":"","overlay-gradient":""}},"footnotes":""},"class_list":["post-882","page","type-page","status-publish","hentry"],"post_mailing_queue_ids":[],"_links":{"self":[{"href":"https:\/\/agora.xtec.cat\/ies-vidreres\/wp-json\/wp\/v2\/pages\/882","targetHints":{"allow":["GET"]}}],"collection":[{"href":"https:\/\/agora.xtec.cat\/ies-vidreres\/wp-json\/wp\/v2\/pages"}],"about":[{"href":"https:\/\/agora.xtec.cat\/ies-vidreres\/wp-json\/wp\/v2\/types\/page"}],"author":[{"embeddable":true,"href":"https:\/\/agora.xtec.cat\/ies-vidreres\/wp-json\/wp\/v2\/users\/1"}],"replies":[{"embeddable":true,"href":"https:\/\/agora.xtec.cat\/ies-vidreres\/wp-json\/wp\/v2\/comments?post=882"}],"version-history":[{"count":6,"href":"https:\/\/agora.xtec.cat\/ies-vidreres\/wp-json\/wp\/v2\/pages\/882\/revisions"}],"predecessor-version":[{"id":4394,"href":"https:\/\/agora.xtec.cat\/ies-vidreres\/wp-json\/wp\/v2\/pages\/882\/revisions\/4394"}],"up":[{"embeddable":true,"href":"https:\/\/agora.xtec.cat\/ies-vidreres\/wp-json\/wp\/v2\/pages\/63"}],"wp:attachment":[{"href":"https:\/\/agora.xtec.cat\/ies-vidreres\/wp-json\/wp\/v2\/media?parent=882"}],"curies":[{"name":"wp","href":"https:\/\/api.w.org\/{rel}","templated":true}]}}