{"id":628,"date":"2021-01-04T16:50:31","date_gmt":"2021-01-04T15:50:31","guid":{"rendered":"https:\/\/agora.xtec.cat\/ies-valeriapujol\/?page_id=628"},"modified":"2025-09-12T10:56:34","modified_gmt":"2025-09-12T08:56:34","slug":"equip-docent-4t-deso-i-terramar","status":"publish","type":"page","link":"https:\/\/agora.xtec.cat\/ies-valeriapujol\/equip-docent-4t-deso-i-terramar\/","title":{"rendered":"Equip docent 4t d&#8217;ESO"},"content":{"rendered":"<p>Equip docent 4t d&#8217;ESO<\/p>\n<table dir=\"ltr\" style=\"width: 76.6209%; height: 654px;\" border=\"1\" cellspacing=\"0\" cellpadding=\"0\" data-sheets-root=\"1\" data-sheets-baot=\"1\">\n<colgroup>\n<col width=\"389\" \/>\n<col width=\"120\" \/>\n<col width=\"120\" \/>\n<col width=\"128\" \/>\n<col width=\"120\" \/>\n<col width=\"120\" \/>\n<col width=\"128\" \/>\n<col width=\"120\" \/>\n<col width=\"120\" \/>\n<col width=\"120\" \/>\n<col width=\"133\" \/>\n<col width=\"120\" \/><\/colgroup>\n<tbody>\n<tr style=\"height: 47px;\">\n<td style=\"width: 36.3636%; height: 47px;\"><\/td>\n<td style=\"width: 91.46%; text-align: center; height: 47px;\" colspan=\"2\">\n<h5>4t d&#8217;ESO<\/h5>\n<\/td>\n<\/tr>\n<tr style=\"height: 47px;\">\n<td style=\"width: 36.3636%; height: 47px;\"><\/td>\n<td style=\"width: 30.5712%; text-align: center; height: 47px;\">\n<h5>A<\/h5>\n<\/td>\n<td style=\"width: 60.8888%; text-align: center; height: 47px;\">\n<h5>B<\/h5>\n<\/td>\n<\/tr>\n<tr>\n<td style=\"width: 36.3636%;\">Tutoria<\/td>\n<td style=\"width: 30.5712%; text-align: center;\">Mart\u00ed Navarro<\/td>\n<td style=\"width: 60.8888%; text-align: center;\">Ignacio Rodr\u00edguez<\/td>\n<\/tr>\n<tr>\n<td style=\"width: 36.3636%;\">Llengua catalana i literatura<\/td>\n<td style=\"width: 91.46%; text-align: center;\" colspan=\"2\">Ignacio Rodr\u00edguez<\/td>\n<\/tr>\n<tr>\n<td style=\"width: 36.3636%;\">Llengua castellana i literatura<\/td>\n<td style=\"width: 91.46%; text-align: center;\" colspan=\"2\">Eva M\u00fajica<\/td>\n<\/tr>\n<tr>\n<td style=\"width: 36.3636%;\">Llengua estrangera: angl\u00e8s<\/td>\n<td style=\"width: 91.46%; text-align: center;\" colspan=\"2\">Mart\u00ed Navarro<\/td>\n<\/tr>\n<tr>\n<td style=\"width: 36.3636%;\">Matem\u00e0tiques<\/td>\n<td style=\"width: 91.46%; text-align: center;\" colspan=\"2\">Helena Mart\u00ednez<\/td>\n<\/tr>\n<tr>\n<td style=\"width: 36.3636%;\">Ci\u00e8ncies socials: geografia i hist\u00f2ria<\/td>\n<td style=\"width: 91.46%; text-align: center;\" colspan=\"2\">Ricard De Los Aires<\/td>\n<\/tr>\n<tr>\n<td style=\"width: 36.3636%;\">Educaci\u00f3 en cultura i valors \u00e8tics<\/td>\n<td style=\"width: 91.46%; text-align: center;\" colspan=\"2\">Jes\u00fas Olmo<\/td>\n<\/tr>\n<tr>\n<td style=\"width: 36.3636%;\">Educaci\u00f3 f\u00edsica<\/td>\n<td style=\"width: 91.46%; text-align: center;\" colspan=\"2\">David Granados<\/td>\n<\/tr>\n<tr>\n<td style=\"width: 36.3636%;\">OP4: Biologia i geologia<\/td>\n<td style=\"width: 91.46%; text-align: center;\" colspan=\"2\">Ester Rubio<\/td>\n<\/tr>\n<tr>\n<td style=\"width: 36.3636%;\">OP4: F\u00edsica i qu\u00edmica<\/td>\n<td style=\"width: 91.46%; text-align: center;\" colspan=\"2\">Cristina Lahoz<\/td>\n<\/tr>\n<tr>\n<td style=\"width: 36.3636%;\">OP4: Tecnologia<\/td>\n<td style=\"width: 91.46%; text-align: center;\" colspan=\"2\">Juanma Barba &#8211; Dani Tom\u00e1s<\/td>\n<\/tr>\n<tr>\n<td style=\"width: 36.3636%;\">OP4: Digitalitzaci\u00f3<\/td>\n<td style=\"width: 91.46%; text-align: center;\" colspan=\"2\">Juanma Barba<\/td>\n<\/tr>\n<tr>\n<td style=\"width: 36.3636%;\">OP4: Expressi\u00f3 art\u00edstica<\/td>\n<td style=\"width: 91.46%; text-align: center;\" colspan=\"2\">Marina Clemente<\/td>\n<\/tr>\n<tr>\n<td style=\"width: 36.3636%;\">OP4: Economia<\/td>\n<td style=\"width: 91.46%; text-align: center;\" colspan=\"2\">Mariona Fontanella<\/td>\n<\/tr>\n<tr>\n<td style=\"width: 36.3636%;\">OP4: Filosofia<\/td>\n<td style=\"width: 91.46%; text-align: center;\" colspan=\"2\">Jes\u00fas Olmo<\/td>\n<\/tr>\n<tr>\n<td style=\"width: 36.3636%;\">OP4: Llat\u00ed<\/td>\n<td style=\"width: 91.46%; text-align: center;\" colspan=\"2\">Irene Real<\/td>\n<\/tr>\n<\/tbody>\n<\/table>\n","protected":false},"excerpt":{"rendered":"<p>Equip docent 4t d&#8217;ESO 4t d&#8217;ESO A B Tutoria Mart\u00ed Navarro Ignacio Rodr\u00edguez Llengua catalana i literatura Ignacio Rodr\u00edguez Llengua castellana i literatura Eva M\u00fajica Llengua estrangera: angl\u00e8s Mart\u00ed Navarro Matem\u00e0tiques Helena Mart\u00ednez Ci\u00e8ncies socials: geografia i hist\u00f2ria Ricard De Los Aires Educaci\u00f3 en cultura i valors \u00e8tics Jes\u00fas Olmo Educaci\u00f3 f\u00edsica David Granados OP4: [&hellip;]<\/p>\n","protected":false},"author":1,"featured_media":0,"parent":0,"menu_order":0,"comment_status":"closed","ping_status":"closed","template":"","meta":{"_bbp_topic_count":0,"_bbp_reply_count":0,"_bbp_total_topic_count":0,"_bbp_total_reply_count":0,"_bbp_voice_count":0,"_bbp_anonymous_reply_count":0,"_bbp_topic_count_hidden":0,"_bbp_reply_count_hidden":0,"_bbp_forum_subforum_count":0,"site-sidebar-layout":"default","site-content-layout":"","ast-site-content-layout":"","site-content-style":"default","site-sidebar-style":"default","ast-global-header-display":"","ast-banner-title-visibility":"","ast-main-header-display":"","ast-hfb-above-header-display":"","ast-hfb-below-header-display":"","ast-hfb-mobile-header-display":"","site-post-title":"","ast-breadcrumbs-content":"","ast-featured-img":"","footer-sml-layout":"","theme-transparent-header-meta":"","adv-header-id-meta":"","stick-header-meta":"","header-above-stick-meta":"","header-main-stick-meta":"","header-below-stick-meta":"","astra-migrate-meta-layouts":"default","ast-page-background-enabled":"default","ast-page-background-meta":{"desktop":{"background-color":"var(--ast-global-color-4)","background-image":"","background-repeat":"repeat","background-position":"center center","background-size":"auto","background-attachment":"scroll","background-type":"","background-media":"","overlay-type":"","overlay-color":"","overlay-opacity":"","overlay-gradient":""},"tablet":{"background-color":"","background-image":"","background-repeat":"repeat","background-position":"center center","background-size":"auto","background-attachment":"scroll","background-type":"","background-media":"","overlay-type":"","overlay-color":"","overlay-opacity":"","overlay-gradient":""},"mobile":{"background-color":"","background-image":"","background-repeat":"repeat","background-position":"center center","background-size":"auto","background-attachment":"scroll","background-type":"","background-media":"","overlay-type":"","overlay-color":"","overlay-opacity":"","overlay-gradient":""}},"ast-content-background-meta":{"desktop":{"background-color":"var(--ast-global-color-5)","background-image":"","background-repeat":"repeat","background-position":"center center","background-size":"auto","background-attachment":"scroll","background-type":"","background-media":"","overlay-type":"","overlay-color":"","overlay-opacity":"","overlay-gradient":""},"tablet":{"background-color":"var(--ast-global-color-5)","background-image":"","background-repeat":"repeat","background-position":"center center","background-size":"auto","background-attachment":"scroll","background-type":"","background-media":"","overlay-type":"","overlay-color":"","overlay-opacity":"","overlay-gradient":""},"mobile":{"background-color":"var(--ast-global-color-5)","background-image":"","background-repeat":"repeat","background-position":"center center","background-size":"auto","background-attachment":"scroll","background-type":"","background-media":"","overlay-type":"","overlay-color":"","overlay-opacity":"","overlay-gradient":""}},"footnotes":""},"class_list":["post-628","page","type-page","status-publish","hentry"],"post_mailing_queue_ids":[],"_links":{"self":[{"href":"https:\/\/agora.xtec.cat\/ies-valeriapujol\/wp-json\/wp\/v2\/pages\/628","targetHints":{"allow":["GET"]}}],"collection":[{"href":"https:\/\/agora.xtec.cat\/ies-valeriapujol\/wp-json\/wp\/v2\/pages"}],"about":[{"href":"https:\/\/agora.xtec.cat\/ies-valeriapujol\/wp-json\/wp\/v2\/types\/page"}],"author":[{"embeddable":true,"href":"https:\/\/agora.xtec.cat\/ies-valeriapujol\/wp-json\/wp\/v2\/users\/1"}],"replies":[{"embeddable":true,"href":"https:\/\/agora.xtec.cat\/ies-valeriapujol\/wp-json\/wp\/v2\/comments?post=628"}],"version-history":[{"count":6,"href":"https:\/\/agora.xtec.cat\/ies-valeriapujol\/wp-json\/wp\/v2\/pages\/628\/revisions"}],"predecessor-version":[{"id":1849,"href":"https:\/\/agora.xtec.cat\/ies-valeriapujol\/wp-json\/wp\/v2\/pages\/628\/revisions\/1849"}],"wp:attachment":[{"href":"https:\/\/agora.xtec.cat\/ies-valeriapujol\/wp-json\/wp\/v2\/media?parent=628"}],"curies":[{"name":"wp","href":"https:\/\/api.w.org\/{rel}","templated":true}]}}