{"id":9888,"date":"2024-06-19T11:20:01","date_gmt":"2024-06-19T09:20:01","guid":{"rendered":"https:\/\/agora.xtec.cat\/ies-vacarisses\/?page_id=9888"},"modified":"2024-07-05T11:37:14","modified_gmt":"2024-07-05T09:37:14","slug":"material-i-pagaments","status":"publish","type":"page","link":"https:\/\/agora.xtec.cat\/ies-vacarisses\/material-i-pagaments\/","title":{"rendered":"MATERIAL I PAGAMENTS"},"content":{"rendered":"<div>\n<div>\n<p><span style=\"font-size: 1.4375em; font-weight: bold;\">INFORMACIONS CURS 24-25<\/span><\/p>\n<\/div>\n<\/div>\n<div>\n<p style=\"text-align: left;\">El termini per a fer el <strong>pagament \u00e9s fins el 31 d\u2019agost,<\/strong> si teniu qualsevol dubte, dificultat per fer el pagament o pagament pendent, poseu-vos en contacte amb Secretaria (<strong>secretariacentre@insvacarisses.cat o 93 828 03 22<\/strong>) tan aviat com sigui possible.<\/p>\n<p style=\"text-align: left;\">Recordeu que aquest curs s\u2019utilitzen llibres digitals.<\/p>\n<p><strong>NOTA VALS ESCOLARS:<\/strong> el proper dilluns 8 de juliol tindrem una reuni\u00f3 amb Serveis Territorials per aclarir el funcionament dels VALS ESCOLARS. En cas de que volgueu tramitar la transfer\u00e8ncia dels VALS ESCOLARS al centre, <strong>preguem no ho feu fins a informar-vos del que ens han dit a la reuni\u00f3<\/strong>. Disculpeu les mol\u00e8sties.<\/p>\n<p>Enlla\u00e7os a les comunicacions de pagaments:<\/p>\n<p><a href=\"https:\/\/drive.google.com\/file\/d\/1PuN7wSzTCUSxVupkIg5lVVZcAyEzYoT7\/view?usp=drive_link\">1r d\u2019ESO<\/a>\u00a0 \u00a0 \u00a0 \u00a0 \u00a0 \u00a0 \u00a0\u00a0<a href=\"https:\/\/drive.google.com\/file\/d\/1tlZ88D8QV3EBWLGsmXo0zvJGUi_zxW7_\/view?usp=drive_link\">2n d\u2019ESO<\/a>\u00a0 \u00a0 \u00a0 \u00a0 \u00a0 \u00a0\u00a0<a href=\"https:\/\/drive.google.com\/file\/d\/1_2LLl7BGfuftu7_CXGYJjQvDIk7eW1yW\/view?usp=drive_link\">3r d\u2019ESO<\/a>\u00a0 \u00a0 \u00a0 \u00a0 \u00a0 \u00a0<a href=\"https:\/\/drive.google.com\/file\/d\/1z4pvslphS4r8KKi5wKC7COfDvoe48s3t\/view?usp=drive_link\">4t d\u2019ESO<\/a>\u00a0 \u00a0 \u00a0 \u00a0<a href=\"https:\/\/drive.google.com\/file\/d\/1SrbNhg3eU-nw0mUP9fuRZ3Y0XYXwlwp0\/view?usp=sharing\">1r Batxillerat<\/a>\u00a0 \u00a0 \u00a0 \u00a0 \u00a0\u00a0<a href=\"https:\/\/drive.google.com\/file\/d\/136Tf7EE_8bd55ocma-5ZfG0Y0i5mCwOV\/view?usp=drive_link\">2n Batxillerat<\/a><\/p>\n<\/div>\n<p style=\"text-align: left;\">Llistats de material i llibres de lectura per al curs 2024-2025:<\/p>\n<p><a href=\"https:\/\/drive.google.com\/file\/d\/1V2MO96pE9YrA8MoDD0uWO2BbI4PXfD-s\/view?usp=drive_link\">1r ESO<\/a>\u00a0 \u00a0 \u00a0 \u00a0 <a href=\"https:\/\/drive.google.com\/file\/d\/1M7CYPkUg3P8I0eXT7ba12YwKb4j-_JK4\/view?usp=drive_link\">2n ESO<\/a>\u00a0 \u00a0 \u00a0 \u00a0 <a href=\"https:\/\/drive.google.com\/file\/d\/1YZIR4s7CRggA0gnzIQHFrVIPcw6mYhqz\/view?usp=drive_link\">3r ESO<\/a>\u00a0 \u00a0 \u00a0 \u00a0 \u00a0<a href=\"https:\/\/drive.google.com\/file\/d\/1z1rKQVOYm6bmEohCjBxO7yZ_Ak1pRCSM\/view?usp=drive_link\">4t ESO<\/a>\u00a0 \u00a0 \u00a0 \u00a0<a href=\"https:\/\/drive.google.com\/file\/d\/1uvk1iwMf5JR2wRPZmcSinndg0FKgGesC\/view?usp=drive_link\">1r Batxillerat<\/a>\u00a0 \u00a0 \u00a0 \u00a0 <a href=\"https:\/\/drive.google.com\/file\/d\/19jjv5yqdr4xNfD4yCtjlienrSxWYSigV\/view?usp=drive_link\">2n Batxillerat<\/a><\/p>\n","protected":false},"excerpt":{"rendered":"<p>INFORMACIONS CURS 24-25<\/p>\n<p>El termini per a fer el pagament \u00e9s fins el 31 d\u2019agost, si teniu qualsevol dubte, dificultat per fer el pagament o pagament pendent, poseu-vos en contacte amb Secretaria (secretariacentre@insvacarisses.cat o 93 828 03 22) tan aviat com sigui possible.<br \/>\nRecordeu que aquest curs&hellip;  <a href=\"https:\/\/agora.xtec.cat\/ies-vacarisses\/material-i-pagaments\/\" title=\"Read MATERIAL I PAGAMENTS\">Llegeix m\u00e9s\u00bb<\/a><\/p>\n","protected":false},"author":35,"featured_media":0,"parent":0,"menu_order":0,"comment_status":"closed","ping_status":"closed","template":"","meta":{"_bbp_topic_count":0,"_bbp_reply_count":0,"_bbp_total_topic_count":0,"_bbp_total_reply_count":0,"_bbp_voice_count":0,"_bbp_anonymous_reply_count":0,"_bbp_topic_count_hidden":0,"_bbp_reply_count_hidden":0,"_bbp_forum_subforum_count":0,"footnotes":""},"class_list":["post-9888","page","type-page","status-publish","hentry"],"post_mailing_queue_ids":[],"_links":{"self":[{"href":"https:\/\/agora.xtec.cat\/ies-vacarisses\/wp-json\/wp\/v2\/pages\/9888","targetHints":{"allow":["GET"]}}],"collection":[{"href":"https:\/\/agora.xtec.cat\/ies-vacarisses\/wp-json\/wp\/v2\/pages"}],"about":[{"href":"https:\/\/agora.xtec.cat\/ies-vacarisses\/wp-json\/wp\/v2\/types\/page"}],"author":[{"embeddable":true,"href":"https:\/\/agora.xtec.cat\/ies-vacarisses\/wp-json\/wp\/v2\/users\/35"}],"replies":[{"embeddable":true,"href":"https:\/\/agora.xtec.cat\/ies-vacarisses\/wp-json\/wp\/v2\/comments?post=9888"}],"version-history":[{"count":6,"href":"https:\/\/agora.xtec.cat\/ies-vacarisses\/wp-json\/wp\/v2\/pages\/9888\/revisions"}],"predecessor-version":[{"id":10050,"href":"https:\/\/agora.xtec.cat\/ies-vacarisses\/wp-json\/wp\/v2\/pages\/9888\/revisions\/10050"}],"wp:attachment":[{"href":"https:\/\/agora.xtec.cat\/ies-vacarisses\/wp-json\/wp\/v2\/media?parent=9888"}],"curies":[{"name":"wp","href":"https:\/\/api.w.org\/{rel}","templated":true}]}}