{"id":8438,"date":"2022-06-24T14:24:30","date_gmt":"2022-06-24T12:24:30","guid":{"rendered":"https:\/\/agora.xtec.cat\/ies-severo-ochoa\/?page_id=8438"},"modified":"2025-06-22T11:51:24","modified_gmt":"2025-06-22T09:51:24","slug":"batxillerat","status":"publish","type":"page","link":"https:\/\/agora.xtec.cat\/ies-severo-ochoa\/secretaria\/matricula-eso-2022-2023-alumnat-nova-incorporacio\/batxillerat\/","title":{"rendered":"Matr\u00edcula Batxillerat"},"content":{"rendered":"<table style=\"width: 99.8507%;\">\n<tbody>\n<tr>\n<td style=\"width: 100%;\">\n<h4><a href=\"https:\/\/docs.google.com\/document\/d\/1vsFR6C5x5GcBujwtcj854xBwQXLIxCzj\/edit?usp=sharing&amp;ouid=110745477713077743557&amp;rtpof=true&amp;sd=true\">Informaci\u00f3 formalitzaci\u00f3 matr\u00edcula per Batxillerat (alumnat nova incorporaci\u00f3)<\/a><\/h4>\n<\/td>\n<\/tr>\n<\/tbody>\n<\/table>\n<p>Informaci\u00f3 <a href=\"https:\/\/drive.google.com\/file\/d\/1jCcmTRAHwqIaFWfFvvcPjFdsfbZ7rGdm\/view?usp=sharing\"><strong>AMPA<\/strong><\/a><\/p>\n<p>Pagament <a href=\"https:\/\/drive.google.com\/file\/d\/1COVSXRwirWsP5Xay5ch7Ah4QRgChKcKv\/view?usp=sharing\"><strong>Quota AMPA<\/strong><\/a><\/p>\n<p>Pagament <a href=\"https:\/\/tpv.severoochoa.cat\/activitats\/llistat\/57\"><strong>Quota Centre<\/strong><\/a><\/p>\n<p>Acc\u00e9s al<strong><a href=\"https:\/\/docs.google.com\/forms\/d\/e\/1FAIpQLSeib3BJQ3gEonuwQiZ2Kh8hd2KtUM9FiG2LTM0Qu3k9SzjfyQ\/viewform?usp=dialog\"><span style=\"color: #008000;\"> F<\/span><span style=\"color: #008000;\">ORMULARI de matriculaci\u00f3<\/span><\/a><br \/>\n<\/strong><\/p>\n<p><em>Documentaci\u00f3 annexa:<\/em><\/p>\n<ul>\n<li><a href=\"https:\/\/drive.google.com\/file\/d\/1opoRv3xI6hzh8wanaqoCFiZKHyHnP-Ej\/view?usp=sharing\">Sol.licitud de matr\u00edcula<\/a><\/li>\n<li><a href=\"https:\/\/drive.google.com\/file\/d\/1SwdLzjnlxCH7ByIw-GSa4Zki95idDKZG\/view?usp=sharing\">Autoritzaci\u00f3 \u00fas recursos digitals alumnat de 14 a 17 anys<\/a><\/li>\n<li><a href=\"https:\/\/drive.google.com\/file\/d\/1HBjECDZu2iPyj0fwt2OeHkpA0MArxDOH\/view?usp=sharing\">Full tria provisional mat\u00e8ries optatives \/ modalitat 1r curs<\/a><\/li>\n<li><a href=\"https:\/\/drive.google.com\/file\/d\/1Beh2hY4xkMlusvXxG5fFAD68Em9EvCP2\/view?usp=sharing\">Full tria provisional mat\u00e8ries optatives \/ modalitat 2n curs<\/a><\/li>\n<\/ul>\n<p><em>Altra documentaci\u00f3 que cal adjuntar:<\/em><\/p>\n<ul>\n<li>Fotoc\u00f2pia Targeta sanit\u00e0ria<\/li>\n<li>Fotoc\u00f2pia del DNI\/ passaport\/ NIE de l&#8217;alumne\/a<\/li>\n<li>Fotografia actual de carnet<\/li>\n<li>Fotoc\u00f2pia del Llibre de fam\u00edlia o Partida de naixement<\/li>\n<li>Fotoc\u00f2pia del DNI\/NIE\/Passaport del pare, mare i\/o tutor\/a legal<\/li>\n<li>Fotoc\u00f2pia resguard t\u00edtol ESO<\/li>\n<li>Resguards de pagament quota de centre i quota d&#8217;AMPA<\/li>\n<\/ul>\n<p><strong>DATES PER FORMALITZAR LA MATR\u00cdCULA<\/strong>: <span style=\"color: #ff0000;\"><strong>del 20\/06\/2025 al 30\/06\/2025<\/strong><\/span><\/p>\n<p><em>\u00a0<\/em><\/p>\n","protected":false},"excerpt":{"rendered":"<p><a href=\"https:\/\/docs.google.com\/document\/d\/1vsFR6C5x5GcBujwtcj854xBwQXLIxCzj\/edit?usp=sharing&amp;ouid=110745477713077743557&amp;rtpof=true&amp;sd=true\">Informaci\u00f3 formalitzaci\u00f3 matr\u00edcula per Batxillerat (alumnat nova incorporaci\u00f3)<\/a><\/p>\n<p>Informaci\u00f3 <a href=\"https:\/\/drive.google.com\/file\/d\/1jCcmTRAHwqIaFWfFvvcPjFdsfbZ7rGdm\/view?usp=sharing\">AMPA<\/a><br \/>\nPagament <a href=\"https:\/\/drive.google.com\/file\/d\/1COVSXRwirWsP5Xay5ch7Ah4QRgChKcKv\/view?usp=sharing\">Quota AMPA<\/a><br \/>\nPagament <a href=\"https:\/\/tpv.severoochoa.cat\/activitats\/llistat\/57\">Quota Centre<\/a><br \/>\nAcc\u00e9s al<a href=\"https:\/\/docs.google.com\/forms\/d\/e\/1FAIpQLSeib3BJQ3gEonuwQiZ2Kh8hd2KtUM9FiG2LTM0Qu3k9SzjfyQ\/viewform?usp=dialog\"> FORMULARI de matriculaci\u00f3<\/a><\/p>\n<p>Documentaci\u00f3 annexa:<\/p>\n<ul>\n<li><a href=\"https:\/\/drive.google.com\/file\/d\/1opoRv3xI6hzh8wanaqoCFiZKHyHnP-Ej\/view?usp=sharing\">Sol.licitud de matr\u00edcula<\/a><\/li>\n<li><a href=\"https:\/\/drive.google.com\/file\/d\/1SwdLzjnlxCH7ByIw-GSa4Zki95idDKZG\/view?usp=sharing\">Autoritzaci\u00f3 \u00fas recursos digitals alumnat de 14 a 17 anys<\/a><\/li>\n<li><a href=\"https:\/\/drive.google.com\/file\/d\/1HBjECDZu2iPyj0fwt2OeHkpA0MArxDOH\/view?usp=sharing\">Full tria provisional mat\u00e8ries optatives \/ modalitat 1r curs<\/a><\/li>\n<li><a&hellip;  <a href=\"https:\/\/agora.xtec.cat\/ies-severo-ochoa\/secretaria\/matricula-eso-2022-2023-alumnat-nova-incorporacio\/batxillerat\/\" title=\"Read Matr\u00edcula Batxillerat\">Llegeix m\u00e9s\u00bb<\/a><br \/>\n","protected":false},"author":154,"featured_media":0,"parent":8276,"menu_order":0,"comment_status":"closed","ping_status":"closed","template":"page-templates\/side-menu.php","meta":{"_bbp_topic_count":0,"_bbp_reply_count":0,"_bbp_total_topic_count":0,"_bbp_total_reply_count":0,"_bbp_voice_count":0,"_bbp_anonymous_reply_count":0,"_bbp_topic_count_hidden":0,"_bbp_reply_count_hidden":0,"_bbp_forum_subforum_count":0,"footnotes":""},"class_list":["post-8438","page","type-page","status-publish","hentry"],"post_mailing_queue_ids":[],"_links":{"self":[{"href":"https:\/\/agora.xtec.cat\/ies-severo-ochoa\/wp-json\/wp\/v2\/pages\/8438","targetHints":{"allow":["GET"]}}],"collection":[{"href":"https:\/\/agora.xtec.cat\/ies-severo-ochoa\/wp-json\/wp\/v2\/pages"}],"about":[{"href":"https:\/\/agora.xtec.cat\/ies-severo-ochoa\/wp-json\/wp\/v2\/types\/page"}],"author":[{"embeddable":true,"href":"https:\/\/agora.xtec.cat\/ies-severo-ochoa\/wp-json\/wp\/v2\/users\/154"}],"replies":[{"embeddable":true,"href":"https:\/\/agora.xtec.cat\/ies-severo-ochoa\/wp-json\/wp\/v2\/comments?post=8438"}],"version-history":[{"count":6,"href":"https:\/\/agora.xtec.cat\/ies-severo-ochoa\/wp-json\/wp\/v2\/pages\/8438\/revisions"}],"predecessor-version":[{"id":11269,"href":"https:\/\/agora.xtec.cat\/ies-severo-ochoa\/wp-json\/wp\/v2\/pages\/8438\/revisions\/11269"}],"up":[{"embeddable":true,"href":"https:\/\/agora.xtec.cat\/ies-severo-ochoa\/wp-json\/wp\/v2\/pages\/8276"}],"wp:attachment":[{"href":"https:\/\/agora.xtec.cat\/ies-severo-ochoa\/wp-json\/wp\/v2\/media?parent=8438"}],"curies":[{"name":"wp","href":"https:\/\/api.w.org\/{rel}","templated":true}]}}