{"id":8317,"date":"2022-06-20T21:36:43","date_gmt":"2022-06-20T19:36:43","guid":{"rendered":"https:\/\/agora.xtec.cat\/ies-severo-ochoa\/?page_id=8317"},"modified":"2025-06-17T18:01:23","modified_gmt":"2025-06-17T16:01:23","slug":"matricula-cf-grau-mitja-alumnat-del-centre","status":"publish","type":"page","link":"https:\/\/agora.xtec.cat\/ies-severo-ochoa\/secretaria\/matricula-2022-2023\/matricula-cf-grau-mitja-alumnat-del-centre\/","title":{"rendered":"Matr\u00edcula CF Grau Mitj\u00e0"},"content":{"rendered":"<table style=\"width: 98.2405%; height: 45px;\">\n<tbody>\n<tr style=\"height: 45px;\">\n<td style=\"width: 100%; height: 45px;\">\n<h4><a href=\"https:\/\/drive.google.com\/file\/d\/1t7h9B_hvRh4AFchgYubISjofJd8CT7gz\/view?usp=sharing\"><span style=\"font-size: 12pt;\"><span style=\"font-size: 14pt;\"><span style=\"font-size: 18pt;\">Informaci\u00f3 formalitzaci\u00f3 matr\u00edcula Cicles Formatius GM (Alumnat del centre)<\/span><\/span><\/span><\/a><\/h4>\n<\/td>\n<\/tr>\n<\/tbody>\n<\/table>\n<p>Acc\u00e9s al <a href=\"https:\/\/docs.google.com\/forms\/d\/e\/1FAIpQLScGjwKRLrw4rAbYUD4zqt3mFowWHzOhX2vjdgIGzSJfb_AA4A\/viewform?usp=dialog\"><strong><span style=\"font-size: 14pt;\">formulari de matriculaci\u00f3<\/span><\/strong><\/a><\/p>\n<p>Acc\u00e9s a la<a href=\"https:\/\/tpv.severoochoa.cat\/activitats\/llistat\/57\"><strong> <span style=\"font-size: 14pt;\">plataforma de pagament Quota de centre<\/span><\/strong><\/a><\/p>\n<div><span style=\"background-color: #ffffff; color: #ff0000;\"><em><strong>Important: <\/strong><\/em><\/span><\/div>\n<div><\/div>\n<div><span style=\"background-color: #ffffff; color: #ff0000;\"><em><strong>No envieu la documentaci\u00f3 per mail. L&#8217;heu d&#8217;annexar al formulari en els apartats indicats.\u00a0 <\/strong><\/em><\/span><\/div>\n<div><span style=\"background-color: #ffffff; color: #ff0000;\"><em><strong>Recordeu que per poder emplenar el document de sol\u00b7licitud de matr\u00edcula us l&#8217;heu de descarregar<\/strong><\/em><\/span><\/div>\n<p>&nbsp;<\/p>\n<p><strong><em><span style=\"text-decoration: underline;\">Documentaci\u00f3 annexa:<\/span><\/em><\/strong><\/p>\n<ul>\n<li><span style=\"color: #808000;\"><a style=\"color: #808000;\" href=\"https:\/\/drive.google.com\/file\/d\/1Vscpt57GbnkKzy7qhRZ3gCKNIItNPSl2\/view?usp=sharing\"><strong><span style=\"color: #993366;\">Sol.licitud matr\u00edcula CFGM AG10 Gesti\u00f3 administrativa<\/span><\/strong><\/a><\/span><\/li>\n<li><span style=\"color: #808000;\"><a style=\"color: #808000;\" href=\"https:\/\/drive.google.com\/file\/d\/1YLJOTrZHXE3aQzUdixXyZx34eDckUloc\/view?usp=sharing\"><strong><span style=\"color: #993366;\">Sol.licitud matr\u00edcula CFGM AG12 Gestsi\u00f3 admministrativa (\u00e0mbit sanitari)<\/span><\/strong><\/a><\/span><\/li>\n<li><span style=\"color: #993366;\"><a style=\"color: #993366;\" href=\"https:\/\/drive.google.com\/file\/d\/1PmpGgx4qbLHeT2mfJ6wKIO74lHZD-2r7\/view?usp=sharing\"><strong><span style=\"color: #ff6600;\"><span style=\"color: #993366;\">Sol.licitud matr\u00edcula CFGM SC10 Atenci\u00f3 a persones en situaci\u00f3 de depend\u00e8ncia<\/span><\/span><\/strong><\/a><\/span><\/li>\n<li><span style=\"color: #808000;\"><a style=\"color: #808000;\" href=\"https:\/\/drive.google.com\/file\/d\/1jq2vjfMcW6pwRhkvPdG-27PT3LyuKH-q\/view?usp=sharing\"><strong><span style=\"color: #993366;\">Sol.licitud matr\u00edcula CFGM QU11 Planta qu\u00edmica, perfil professional productes farmac\u00e8utics i cosm\u00e8tics<\/span><\/strong><\/a><\/span><\/li>\n<li><a href=\"https:\/\/drive.google.com\/file\/d\/17wyeMCY3g_QgwlznWZdWNn82OusscXh3\/view?usp=sharing\"><strong><span style=\"color: #993366;\"><span style=\"color: #808000;\"><span style=\"color: #993366;\">Sol.licitud matr\u00edcula CFGM QU20 Operacions de laboratori<\/span><\/span><\/span><\/strong><\/a><\/li>\n<\/ul>\n<p><em><span style=\"text-decoration: underline;\"><strong>Altra informaci\u00f3<\/strong><\/span><\/em>:<\/p>\n<ul>\n<li><a href=\"https:\/\/drive.google.com\/file\/d\/1CDEG7yhJOtvq5wJ-qd-P96D0NB5CUo1o\/view?usp=sharing\"><strong><span style=\"color: #ff9900;\">Informaci\u00f3 pagaments complementaris CCFF de la fam\u00edlia de Qu\u00edmica<\/span><\/strong><\/a><\/li>\n<\/ul>\n","protected":false},"excerpt":{"rendered":"<p><a href=\"https:\/\/drive.google.com\/file\/d\/1t7h9B_hvRh4AFchgYubISjofJd8CT7gz\/view?usp=sharing\">Informaci\u00f3 formalitzaci\u00f3 matr\u00edcula Cicles Formatius GM (Alumnat del centre)<\/a><\/p>\n<p>Acc\u00e9s al <a href=\"https:\/\/docs.google.com\/forms\/d\/e\/1FAIpQLScGjwKRLrw4rAbYUD4zqt3mFowWHzOhX2vjdgIGzSJfb_AA4A\/viewform?usp=dialog\">formulari de matriculaci\u00f3<\/a><br \/>\nAcc\u00e9s a la<a href=\"https:\/\/tpv.severoochoa.cat\/activitats\/llistat\/57\"> plataforma de pagament Quota de centre<\/a><br \/>\nImportant: <\/p>\n<p>No envieu la documentaci\u00f3 per mail. L&#8217;heu d&#8217;annexar al formulari en els apartats indicats.\u00a0<br \/>\nRecordeu que per poder emplenar el document&hellip;  <a href=\"https:\/\/agora.xtec.cat\/ies-severo-ochoa\/secretaria\/matricula-2022-2023\/matricula-cf-grau-mitja-alumnat-del-centre\/\" title=\"Read Matr\u00edcula CF Grau Mitj\u00e0\">Llegeix m\u00e9s\u00bb<\/a><\/p>\n","protected":false},"author":154,"featured_media":0,"parent":8057,"menu_order":0,"comment_status":"closed","ping_status":"closed","template":"page-templates\/side-menu.php","meta":{"_bbp_topic_count":0,"_bbp_reply_count":0,"_bbp_total_topic_count":0,"_bbp_total_reply_count":0,"_bbp_voice_count":0,"_bbp_anonymous_reply_count":0,"_bbp_topic_count_hidden":0,"_bbp_reply_count_hidden":0,"_bbp_forum_subforum_count":0,"footnotes":""},"class_list":["post-8317","page","type-page","status-publish","hentry"],"post_mailing_queue_ids":[],"_links":{"self":[{"href":"https:\/\/agora.xtec.cat\/ies-severo-ochoa\/wp-json\/wp\/v2\/pages\/8317","targetHints":{"allow":["GET"]}}],"collection":[{"href":"https:\/\/agora.xtec.cat\/ies-severo-ochoa\/wp-json\/wp\/v2\/pages"}],"about":[{"href":"https:\/\/agora.xtec.cat\/ies-severo-ochoa\/wp-json\/wp\/v2\/types\/page"}],"author":[{"embeddable":true,"href":"https:\/\/agora.xtec.cat\/ies-severo-ochoa\/wp-json\/wp\/v2\/users\/154"}],"replies":[{"embeddable":true,"href":"https:\/\/agora.xtec.cat\/ies-severo-ochoa\/wp-json\/wp\/v2\/comments?post=8317"}],"version-history":[{"count":7,"href":"https:\/\/agora.xtec.cat\/ies-severo-ochoa\/wp-json\/wp\/v2\/pages\/8317\/revisions"}],"predecessor-version":[{"id":11242,"href":"https:\/\/agora.xtec.cat\/ies-severo-ochoa\/wp-json\/wp\/v2\/pages\/8317\/revisions\/11242"}],"up":[{"embeddable":true,"href":"https:\/\/agora.xtec.cat\/ies-severo-ochoa\/wp-json\/wp\/v2\/pages\/8057"}],"wp:attachment":[{"href":"https:\/\/agora.xtec.cat\/ies-severo-ochoa\/wp-json\/wp\/v2\/media?parent=8317"}],"curies":[{"name":"wp","href":"https:\/\/api.w.org\/{rel}","templated":true}]}}