{"id":478,"date":"2016-03-27T16:27:21","date_gmt":"2016-03-27T15:27:21","guid":{"rendered":"http:\/\/agora.xtec.cat\/ies-severo-ochoa\/?page_id=478"},"modified":"2026-01-09T10:38:30","modified_gmt":"2026-01-09T09:38:30","slug":"beques-i-ajuts","status":"publish","type":"page","link":"https:\/\/agora.xtec.cat\/ies-severo-ochoa\/secretaria\/beques-i-ajuts\/","title":{"rendered":"Altres tr\u00e0mits"},"content":{"rendered":"<div class=\"entry-content\">\n<div class=\"content\" data-section-content=\"\">\n<ul class=\"side-nav\">\n<li class=\"page_item page-item-8120\"><a href=\"https:\/\/forms.gle\/27zLBQT3sfLAfp8f9\">Sol.licitud de certificats (disponible de 4 de setembre de 2025 a 30 de juny de 2026)<\/a><\/li>\n<li class=\"page_item page-item-8125\"><a title=\"Beques i ajuts pels estudis postobligatoris no universitaris\" href=\"https:\/\/agora.xtec.cat\/ies-severo-ochoa\/secretaria\/beques-i-ajuts\/beques-i-ajuts-pels-estudis-postobligatoris-no-universitaris\/\">Beques i ajuts pels estudis postobligatoris no universitaris<\/a><\/li>\n<li><em><img loading=\"lazy\" decoding=\"async\" class=\"\" src=\"https:\/\/cdn-icons-png.flaticon.com\/128\/179\/179386.png\" alt=\"signo de admiraci\u00f3n \" width=\"32\" height=\"32\" \/>Per canvis en el software de gesti\u00f3 de titulacions no es podr\u00e0 gestionar els t\u00edtols fins a l\u20191 de febrer del 2026<\/em><\/li>\n<\/ul>\n<\/div>\n<\/div>\n","protected":false},"excerpt":{"rendered":"<ul class=\"side-nav\">\n<li class=\"page_item page-item-8120\"><a href=\"https:\/\/forms.gle\/27zLBQT3sfLAfp8f9\">Sol.licitud de certificats (disponible de 4 de setembre de 2025 a 30 de juny de 2026)<\/a><\/li>\n<li class=\"page_item page-item-8125\"><a title=\"Beques i ajuts pels estudis postobligatoris no universitaris\" href=\"https:\/\/agora.xtec.cat\/ies-severo-ochoa\/secretaria\/beques-i-ajuts\/beques-i-ajuts-pels-estudis-postobligatoris-no-universitaris\/\">Beques i ajuts pels estudis postobligatoris no universitaris<\/a><\/li>\n<li>Per canvis en el software de gesti\u00f3 de&hellip;  <a href=\"https:\/\/agora.xtec.cat\/ies-severo-ochoa\/secretaria\/beques-i-ajuts\/\" title=\"Read Altres tr\u00e0mits\">Llegeix m\u00e9s\u00bb<\/a><br \/>\n","protected":false},"author":1,"featured_media":0,"parent":81,"menu_order":60,"comment_status":"closed","ping_status":"closed","template":"page-templates\/side-menu.php","meta":{"_bbp_topic_count":0,"_bbp_reply_count":0,"_bbp_total_topic_count":0,"_bbp_total_reply_count":0,"_bbp_voice_count":0,"_bbp_anonymous_reply_count":0,"_bbp_topic_count_hidden":0,"_bbp_reply_count_hidden":0,"_bbp_forum_subforum_count":0,"footnotes":""},"class_list":["post-478","page","type-page","status-publish","hentry"],"post_mailing_queue_ids":[],"_links":{"self":[{"href":"https:\/\/agora.xtec.cat\/ies-severo-ochoa\/wp-json\/wp\/v2\/pages\/478","targetHints":{"allow":["GET"]}}],"collection":[{"href":"https:\/\/agora.xtec.cat\/ies-severo-ochoa\/wp-json\/wp\/v2\/pages"}],"about":[{"href":"https:\/\/agora.xtec.cat\/ies-severo-ochoa\/wp-json\/wp\/v2\/types\/page"}],"author":[{"embeddable":true,"href":"https:\/\/agora.xtec.cat\/ies-severo-ochoa\/wp-json\/wp\/v2\/users\/1"}],"replies":[{"embeddable":true,"href":"https:\/\/agora.xtec.cat\/ies-severo-ochoa\/wp-json\/wp\/v2\/comments?post=478"}],"version-history":[{"count":6,"href":"https:\/\/agora.xtec.cat\/ies-severo-ochoa\/wp-json\/wp\/v2\/pages\/478\/revisions"}],"predecessor-version":[{"id":11516,"href":"https:\/\/agora.xtec.cat\/ies-severo-ochoa\/wp-json\/wp\/v2\/pages\/478\/revisions\/11516"}],"up":[{"embeddable":true,"href":"https:\/\/agora.xtec.cat\/ies-severo-ochoa\/wp-json\/wp\/v2\/pages\/81"}],"wp:attachment":[{"href":"https:\/\/agora.xtec.cat\/ies-severo-ochoa\/wp-json\/wp\/v2\/media?parent=478"}],"curies":[{"name":"wp","href":"https:\/\/api.w.org\/{rel}","templated":true}]}}