{"id":10166,"date":"2024-06-10T19:03:27","date_gmt":"2024-06-10T17:03:27","guid":{"rendered":"https:\/\/agora.xtec.cat\/ies-severo-ochoa\/?page_id=10166"},"modified":"2025-06-25T10:32:53","modified_gmt":"2025-06-25T08:32:53","slug":"matricula-eso-2024-2025","status":"publish","type":"page","link":"https:\/\/agora.xtec.cat\/ies-severo-ochoa\/secretaria\/matricula-eso-2022-2023-alumnat-nova-incorporacio\/matricula-eso-2024-2025\/","title":{"rendered":"Matr\u00edcula ESO"},"content":{"rendered":"<table style=\"border-collapse: collapse; width: 90.5223%; height: 47px;\">\n<tbody>\n<tr style=\"height: 47px;\">\n<td style=\"width: 100%; height: 47px; border-style: solid; border-color: #080707; background-color: #f5e1e1;\">\n<h4><a href=\"https:\/\/docs.google.com\/document\/d\/1FdmHZ7k1e7qJn7gS6o-X9a_dsDVCSZUS\/edit?usp=drive_link&amp;ouid=109043428648344328003&amp;rtpof=true&amp;sd=true\"><span style=\"color: #0000ff; font-size: 14pt;\"><span style=\"font-size: 18pt;\">Informaci\u00f3 formalitzaci\u00f3 matr\u00edcula per ESO (alumnat nova incorporaci\u00f3)<\/span><\/span><\/a><\/h4>\n<\/td>\n<\/tr>\n<\/tbody>\n<\/table>\n<p>Informaci\u00f3<a href=\"https:\/\/drive.google.com\/file\/d\/1jCcmTRAHwqIaFWfFvvcPjFdsfbZ7rGdm\/view?usp=sharing\"><span style=\"font-size: 14pt;\"><strong><span style=\"color: #0000ff;\"> AMPA<\/span><\/strong><\/span><\/a><\/p>\n<p>Acc\u00e9s a la <span style=\"color: #0000ff;\"><strong><span style=\"font-size: 14pt;\"><a href=\"https:\/\/tpv.severoochoa.cat\/activitats\/llistat\/57\">plataforma de pagament de la Quota de centre<\/a><\/span><\/strong><\/span><\/p>\n<p>Acc\u00e9s al<strong><a href=\"https:\/\/docs.google.com\/forms\/d\/e\/1FAIpQLSfrFx-KcF4576cPLt8ji5Kcp6bFwleFiTMZT_Lq_ilRfvcKgQ\/viewform?usp=dialog\"><span style=\"font-size: 14pt;\"><span style=\"color: #0000ff;\"> F<\/span><span style=\"color: #0000ff;\">ORMULARI <\/span><span style=\"color: #0000ff;\">de matriculaci\u00f3<\/span><\/span><\/a><br \/>\n<\/strong><\/p>\n<p><span style=\"text-decoration: underline;\"><em>Documentaci\u00f3 a annexar al formulari:<\/em><\/span><\/p>\n<ul>\n<li><a href=\"https:\/\/drive.google.com\/file\/d\/1YlAROzucVDF6-PcUQXeGptogEFAyTdPP\/view?usp=sharing\">Sol.licitud de matr\u00edcula<\/a><\/li>\n<li><a href=\"https:\/\/drive.google.com\/file\/d\/1COVSXRwirWsP5Xay5ch7Ah4QRgChKcKv\/view?usp=sharing\">Comprovant de pagament Quota AMPA<\/a><\/li>\n<li><a href=\"https:\/\/drive.google.com\/file\/d\/1_eFHQcUTYXzPbNOeKyn5Z_YndZLt8WS_\/view?usp=sharing\">Full d\u2019autoritzacions de l\u2019\u00fas de recursos digitals alumnat menor de 14 anys<\/a><\/li>\n<li><a href=\"https:\/\/drive.google.com\/file\/d\/10hNCooaxqdv8mCyWqqJbi1viZT9rFMBX\/view?usp=sharing\">Contracte de pr\u00e9stec d&#8217;ordinador port\u00e0til<\/a><\/li>\n<li><a href=\"https:\/\/drive.google.com\/file\/d\/1-kcZkBRxSF_AW5Ts6bg678BUQ-fkcuIw\/view?usp=sharing\">Full elecci\u00f3 religi\u00f3<\/a><\/li>\n<li><a href=\"https:\/\/drive.google.com\/file\/d\/1Y6bHxgM-fBW44u7LIywEqxKMd_MJL_ge\/view?usp=sharing\">Full elecci\u00f3 Segona llengua estrangera Franc\u00e8s<\/a><\/li>\n<\/ul>\n<p><span style=\"text-decoration: underline;\"><em>Altra documentaci\u00f3 que cal adjuntar:<\/em><\/span><\/p>\n<ul>\n<li>Fotoc\u00f2pia Targeta sanit\u00e0ria<\/li>\n<li>Fotoc\u00f2pia del DNI\/ passaport\/ NIE de l\u2019alumne\/a<\/li>\n<li>Fotografia actual de carnet<\/li>\n<li>Fotoc\u00f2pia del Llibre de fam\u00edlia o Partida de naixement<\/li>\n<li>Fotoc\u00f2pia del DNI\/NIE\/Passaport del pare, mare i\/o tutor\/a legal<\/li>\n<li>Carnet vacunacions<\/li>\n<li>Certificat de notes fInals (per l\u2019alumnat que ha iniciat els estudis d\u2019ESO en un altre centre, repetidors de 1r i alumnat de 2n, 3r i 4t)<\/li>\n<li>Justificant pagament Quota de centre<\/li>\n<\/ul>\n<p><span style=\"color: #ff0000; font-size: 14pt;\"><strong>DATES PER FORMALITZAR LA MATR\u00cdCULA<\/strong>: <strong>del 25\/06\/2025 al 3\/07\/2025<\/strong><\/span><\/p>\n","protected":false},"excerpt":{"rendered":"<p><a href=\"https:\/\/docs.google.com\/document\/d\/1FdmHZ7k1e7qJn7gS6o-X9a_dsDVCSZUS\/edit?usp=drive_link&amp;ouid=109043428648344328003&amp;rtpof=true&amp;sd=true\">Informaci\u00f3 formalitzaci\u00f3 matr\u00edcula per ESO (alumnat nova incorporaci\u00f3)<\/a><\/p>\n<p>Informaci\u00f3<a href=\"https:\/\/drive.google.com\/file\/d\/1jCcmTRAHwqIaFWfFvvcPjFdsfbZ7rGdm\/view?usp=sharing\"> AMPA<\/a><br \/>\nAcc\u00e9s a la <a href=\"https:\/\/tpv.severoochoa.cat\/activitats\/llistat\/57\">plataforma de pagament de la Quota de centre<\/a><br \/>\nAcc\u00e9s al<a href=\"https:\/\/docs.google.com\/forms\/d\/e\/1FAIpQLSfrFx-KcF4576cPLt8ji5Kcp6bFwleFiTMZT_Lq_ilRfvcKgQ\/viewform?usp=dialog\"> FORMULARI de matriculaci\u00f3<\/a><\/p>\n<p>Documentaci\u00f3 a annexar al formulari:<\/p>\n<ul>\n<li><a href=\"https:\/\/drive.google.com\/file\/d\/1YlAROzucVDF6-PcUQXeGptogEFAyTdPP\/view?usp=sharing\">Sol.licitud de matr\u00edcula<\/a><\/li>\n<li><a href=\"https:\/\/drive.google.com\/file\/d\/1COVSXRwirWsP5Xay5ch7Ah4QRgChKcKv\/view?usp=sharing\">Comprovant de pagament Quota AMPA<\/a><\/li>\n<li><a href=\"https:\/\/drive.google.com\/file\/d\/1_eFHQcUTYXzPbNOeKyn5Z_YndZLt8WS_\/view?usp=sharing\">Full d\u2019autoritzacions de l\u2019\u00fas de recursos&hellip;  <a href=\"https:\/\/agora.xtec.cat\/ies-severo-ochoa\/secretaria\/matricula-eso-2022-2023-alumnat-nova-incorporacio\/matricula-eso-2024-2025\/\" title=\"Read Matr\u00edcula ESO\">Llegeix m\u00e9s\u00bb<\/a><br \/>\n","protected":false},"author":1,"featured_media":0,"parent":8276,"menu_order":3,"comment_status":"closed","ping_status":"closed","template":"page-templates\/side-menu.php","meta":{"_bbp_topic_count":0,"_bbp_reply_count":0,"_bbp_total_topic_count":0,"_bbp_total_reply_count":0,"_bbp_voice_count":0,"_bbp_anonymous_reply_count":0,"_bbp_topic_count_hidden":0,"_bbp_reply_count_hidden":0,"_bbp_forum_subforum_count":0,"footnotes":""},"class_list":["post-10166","page","type-page","status-publish","hentry"],"post_mailing_queue_ids":[],"_links":{"self":[{"href":"https:\/\/agora.xtec.cat\/ies-severo-ochoa\/wp-json\/wp\/v2\/pages\/10166","targetHints":{"allow":["GET"]}}],"collection":[{"href":"https:\/\/agora.xtec.cat\/ies-severo-ochoa\/wp-json\/wp\/v2\/pages"}],"about":[{"href":"https:\/\/agora.xtec.cat\/ies-severo-ochoa\/wp-json\/wp\/v2\/types\/page"}],"author":[{"embeddable":true,"href":"https:\/\/agora.xtec.cat\/ies-severo-ochoa\/wp-json\/wp\/v2\/users\/1"}],"replies":[{"embeddable":true,"href":"https:\/\/agora.xtec.cat\/ies-severo-ochoa\/wp-json\/wp\/v2\/comments?post=10166"}],"version-history":[{"count":5,"href":"https:\/\/agora.xtec.cat\/ies-severo-ochoa\/wp-json\/wp\/v2\/pages\/10166\/revisions"}],"predecessor-version":[{"id":11280,"href":"https:\/\/agora.xtec.cat\/ies-severo-ochoa\/wp-json\/wp\/v2\/pages\/10166\/revisions\/11280"}],"up":[{"embeddable":true,"href":"https:\/\/agora.xtec.cat\/ies-severo-ochoa\/wp-json\/wp\/v2\/pages\/8276"}],"wp:attachment":[{"href":"https:\/\/agora.xtec.cat\/ies-severo-ochoa\/wp-json\/wp\/v2\/media?parent=10166"}],"curies":[{"name":"wp","href":"https:\/\/api.w.org\/{rel}","templated":true}]}}