{"id":7286,"date":"2025-03-17T04:53:27","date_gmt":"2025-03-17T03:53:27","guid":{"rendered":"https:\/\/agora.xtec.cat\/ies-serratibonastre\/?page_id=7286"},"modified":"2026-03-11T09:44:10","modified_gmt":"2026-03-11T08:44:10","slug":"consell-escolar","status":"publish","type":"page","link":"https:\/\/agora.xtec.cat\/ies-serratibonastre\/consell-escolar\/","title":{"rendered":"Consell escolar"},"content":{"rendered":"<p style=\"text-align: justify;\">El consell escolar del centre \u00e9s l\u2019\u00f2rgan col\u00b7legiat de participaci\u00f3 de la comunitat escolar en el govern del centre. En el consell escolar hi ha representats tots els col\u00b7lectius que intervenen en la comunitat educativa: director o directora, professorat, personal d\u2019administraci\u00f3 i serveis, fam\u00edlies, alumnes i administraci\u00f3.<\/p>\n<p style=\"text-align: justify;\">En els centres p\u00fablics, la funci\u00f3 principal del consell escolar \u00e9s participar en la presa de decisions en relaci\u00f3 amb aquells temes importants per al funcionament i l\u2019organitzaci\u00f3 del centre: el projecte educatiu, la programaci\u00f3 general, les sortides curriculars o la gesti\u00f3 econ\u00f2mica, entre d&#8217;altres.<\/p>\n<p style=\"text-align: justify;\">Els membres del consell escolar s\u00f3n elegits per un per\u00edode de quatre anys i es renoven per meitats cada dos anys.<\/p>\n<p style=\"text-align: justify;\">Com poden participar les fam\u00edlies en les eleccions del consell escolar? En les eleccions, les fam\u00edlies hi podeu participar de dues maneres diferents:<\/p>\n<ol>\n<li style=\"text-align: justify;\">Presentant-vos com a candidats o candidates per representar les fam\u00edlies al consell escolar quan hi hagi eleccions.<\/li>\n<li style=\"text-align: justify;\">Participant el dia que el centre convoqui les eleccions votant les candidatures que considereu m\u00e9s representatives.<\/li>\n<\/ol>\n<p style=\"text-align: justify;\">Composici\u00f3 actual del consell escolar:<\/p>\n<p><a href=\"https:\/\/agora.xtec.cat\/ies-serratibonastre\/wp-content\/uploads\/usu2437\/2026\/03\/Caadra-1.png\"><img loading=\"lazy\" decoding=\"async\" class=\"aligncenter size-full wp-image-8733\" src=\"https:\/\/agora.xtec.cat\/ies-serratibonastre\/wp-content\/uploads\/usu2437\/2026\/03\/Caadra-1.png\" alt=\"\" width=\"357\" height=\"449\" srcset=\"https:\/\/agora.xtec.cat\/ies-serratibonastre\/wp-content\/uploads\/usu2437\/2026\/03\/Caadra-1.png 357w, https:\/\/agora.xtec.cat\/ies-serratibonastre\/wp-content\/uploads\/usu2437\/2026\/03\/Caadra-1-239x300.png 239w\" sizes=\"auto, (max-width: 357px) 100vw, 357px\" \/><\/a><\/p>\n<p>Aqu\u00ed podreu trobar els certificats dels acords del Consell escolar d\u2019aquest curs:<\/p>\n<p><a href=\"https:\/\/agora.xtec.cat\/ies-serratibonastre\/wp-content\/uploads\/usu2437\/2026\/03\/acord1.pdf\" target=\"_blank\" rel=\"noopener\">Acords del Consell escolar del 12 de novembre de 2025<\/a><\/p>\n<p><a href=\"https:\/\/agora.xtec.cat\/ies-serratibonastre\/wp-content\/uploads\/usu2437\/2026\/03\/acord2.pdf\" target=\"_blank\" rel=\"noopener\">Acords del Consell escolar del 3 de desembre de 2025<\/a><\/p>\n<p><a href=\"https:\/\/agora.xtec.cat\/ies-serratibonastre\/wp-content\/uploads\/usu2437\/2026\/03\/acord3.pdf\" target=\"_blank\" rel=\"noopener\">Acords del Consell escolar del 4 de mar\u00e7 de 2026<\/a><\/p>\n","protected":false},"excerpt":{"rendered":"<p>El consell escolar del centre \u00e9s l\u2019\u00f2rgan col\u00b7legiat de participaci\u00f3 de la comunitat escolar en el govern del centre. En el consell escolar hi ha representats tots els col\u00b7lectius que intervenen en la comunitat educativa: director o directora, professorat, personal d\u2019administraci\u00f3 i serveis, fam\u00edlies, alumnes&hellip;  <a href=\"https:\/\/agora.xtec.cat\/ies-serratibonastre\/consell-escolar\/\" title=\"Read Consell escolar\">Llegeix m\u00e9s\u00bb<\/a><\/p>\n","protected":false},"author":1,"featured_media":0,"parent":0,"menu_order":0,"comment_status":"closed","ping_status":"closed","template":"page-templates\/side-menu.php","meta":{"_bbp_topic_count":0,"_bbp_reply_count":0,"_bbp_total_topic_count":0,"_bbp_total_reply_count":0,"_bbp_voice_count":0,"_bbp_anonymous_reply_count":0,"_bbp_topic_count_hidden":0,"_bbp_reply_count_hidden":0,"_bbp_forum_subforum_count":0,"footnotes":""},"class_list":["post-7286","page","type-page","status-publish","hentry"],"post_mailing_queue_ids":[],"_links":{"self":[{"href":"https:\/\/agora.xtec.cat\/ies-serratibonastre\/wp-json\/wp\/v2\/pages\/7286","targetHints":{"allow":["GET"]}}],"collection":[{"href":"https:\/\/agora.xtec.cat\/ies-serratibonastre\/wp-json\/wp\/v2\/pages"}],"about":[{"href":"https:\/\/agora.xtec.cat\/ies-serratibonastre\/wp-json\/wp\/v2\/types\/page"}],"author":[{"embeddable":true,"href":"https:\/\/agora.xtec.cat\/ies-serratibonastre\/wp-json\/wp\/v2\/users\/1"}],"replies":[{"embeddable":true,"href":"https:\/\/agora.xtec.cat\/ies-serratibonastre\/wp-json\/wp\/v2\/comments?post=7286"}],"version-history":[{"count":7,"href":"https:\/\/agora.xtec.cat\/ies-serratibonastre\/wp-json\/wp\/v2\/pages\/7286\/revisions"}],"predecessor-version":[{"id":8779,"href":"https:\/\/agora.xtec.cat\/ies-serratibonastre\/wp-json\/wp\/v2\/pages\/7286\/revisions\/8779"}],"wp:attachment":[{"href":"https:\/\/agora.xtec.cat\/ies-serratibonastre\/wp-json\/wp\/v2\/media?parent=7286"}],"curies":[{"name":"wp","href":"https:\/\/api.w.org\/{rel}","templated":true}]}}