{"id":63,"date":"2014-09-18T10:06:31","date_gmt":"2014-09-18T10:06:31","guid":{"rendered":"http:\/\/agora.xtec.cat\/ies-serratibonastre\/?page_id=63"},"modified":"2014-09-22T14:13:29","modified_gmt":"2014-09-22T14:13:29","slug":"serveis","status":"publish","type":"page","link":"https:\/\/agora.xtec.cat\/ies-serratibonastre\/serveis\/","title":{"rendered":"Serveis"},"content":{"rendered":"<p style=\"color: #444444;\">Secci\u00f3 que ha d\u2019informar a les fam\u00edlies dels serveis que ofereix el centre. La missi\u00f3 educativa no es limita a l\u2019eix curricular, per aix\u00f2 \u00e9s imprescindible que aquest apartat del web estigui en un primer nivell de navegaci\u00f3. \u00c9s recomanable que s\u2019introdueixi informaci\u00f3 relacionada amb:<\/p>\n<ul style=\"color: #444444;\">\n<li>serveis digitals (en cas que el centre\u00a0compti amb\u00a0serveis digitals en l\u00ednia com ara Moodle, blogs, tutoria o gesti\u00f3 acad\u00e8mica, aplicacions m\u00f2bils\u2026)<\/li>\n<li>el menjador escolar<\/li>\n<li>l\u2019acollida<\/li>\n<li>el transport escolar<\/li>\n<li>el casal d\u2019estiu<\/li>\n<li>les activitats extraescolars<\/li>\n<\/ul>\n","protected":false},"excerpt":{"rendered":"<p>Secci\u00f3 que ha d\u2019informar a les fam\u00edlies dels serveis que ofereix el centre. La missi\u00f3 educativa no es limita a l\u2019eix curricular, per aix\u00f2 \u00e9s imprescindible que aquest apartat del web estigui en un primer nivell de navegaci\u00f3. \u00c9s recomanable que s\u2019introdueixi informaci\u00f3 relacionada amb:\n<ul&hellip;  <a href=\"https:\/\/agora.xtec.cat\/ies-serratibonastre\/serveis\/\" title=\"Read Serveis\">Llegeix m\u00e9s\u00bb<\/a><\/p>\n","protected":false},"author":1,"featured_media":0,"parent":0,"menu_order":0,"comment_status":"closed","ping_status":"closed","template":"page-templates\/side-menu.php","meta":{"_bbp_topic_count":0,"_bbp_reply_count":0,"_bbp_total_topic_count":0,"_bbp_total_reply_count":0,"_bbp_voice_count":0,"_bbp_anonymous_reply_count":0,"_bbp_topic_count_hidden":0,"_bbp_reply_count_hidden":0,"_bbp_forum_subforum_count":0,"footnotes":""},"class_list":["post-63","page","type-page","status-publish","hentry"],"post_mailing_queue_ids":[],"_links":{"self":[{"href":"https:\/\/agora.xtec.cat\/ies-serratibonastre\/wp-json\/wp\/v2\/pages\/63","targetHints":{"allow":["GET"]}}],"collection":[{"href":"https:\/\/agora.xtec.cat\/ies-serratibonastre\/wp-json\/wp\/v2\/pages"}],"about":[{"href":"https:\/\/agora.xtec.cat\/ies-serratibonastre\/wp-json\/wp\/v2\/types\/page"}],"author":[{"embeddable":true,"href":"https:\/\/agora.xtec.cat\/ies-serratibonastre\/wp-json\/wp\/v2\/users\/1"}],"replies":[{"embeddable":true,"href":"https:\/\/agora.xtec.cat\/ies-serratibonastre\/wp-json\/wp\/v2\/comments?post=63"}],"version-history":[{"count":0,"href":"https:\/\/agora.xtec.cat\/ies-serratibonastre\/wp-json\/wp\/v2\/pages\/63\/revisions"}],"wp:attachment":[{"href":"https:\/\/agora.xtec.cat\/ies-serratibonastre\/wp-json\/wp\/v2\/media?parent=63"}],"curies":[{"name":"wp","href":"https:\/\/api.w.org\/{rel}","templated":true}]}}