{"id":49,"date":"2014-09-17T16:55:55","date_gmt":"2014-09-17T16:55:55","guid":{"rendered":"http:\/\/agora.xtec.cat\/ies-seros\/?page_id=49"},"modified":"2026-01-27T12:05:11","modified_gmt":"2026-01-27T11:05:11","slug":"normes-dorganitzacio-i-funcionament","status":"publish","type":"page","link":"https:\/\/agora.xtec.cat\/ies-seros\/linstitut\/normes-dorganitzacio-i-funcionament\/","title":{"rendered":"Documents de centre"},"content":{"rendered":"<p>En aquesta p\u00e0gina podeu tenir acc\u00e9s a diferents documents de gesti\u00f3 del centre. Cliqueu en els enlla\u00e7os per a poder descarregar-los.<\/p>\n<p><a href=\"https:\/\/drive.google.com\/file\/d\/1jEDg51Z0XdtPSIhg6Feo60U-FRuX6wmz\/view?usp=sharing\" target=\"_blank\" rel=\"noopener\">Mem\u00f2ria 24-25<\/a><\/p>\n<p><a href=\"https:\/\/drive.google.com\/file\/d\/1obLscDAyOrYymBpn88sAykY7v0rs8JMk\/view?usp=sharing\" target=\"_blank\" rel=\"noopener\">PEM INS Ser\u00f2s 22-23<\/a><\/p>\n<p><a href=\"https:\/\/drive.google.com\/file\/d\/1zfmpbdgU87MynJKmPxFg0D__fBYw9M3q\/view?usp=sharing\" target=\"_blank\" rel=\"noopener\">Projecte de Conviv\u00e8ncia<\/a><\/p>\n<p><a href=\"https:\/\/drive.google.com\/file\/d\/15q26nWM2E1oqoJvBDKzVuG0vRnQuDvqP\/view?usp=sharing\" target=\"_blank\" rel=\"noopener\">Projecte de Benestar<\/a><\/p>\n<p><a href=\"https:\/\/drive.google.com\/open?id=1GZI68fjbBjIuOGDRR7Iy5HB-GQZMMm6U\">Projecte educatiu de centre (PEC)<\/a><\/p>\n<p><a href=\"https:\/\/drive.google.com\/open?id=0Byg39iCtSp5nYm5WdjFaNDl3amc\">Carta de comprom\u00eds educatiu<\/a><\/p>\n<p><a href=\"https:\/\/drive.google.com\/file\/d\/1h7s5l9i_nauyqjGgAaz_OT4wfDe9oXqp\/view?usp=sharing\" target=\"_blank\" rel=\"noopener\">Normes d&#8217;organitzaci\u00f3 i funcionament del centre (NOFC)<\/a><\/p>\n<p><a href=\"https:\/\/drive.google.com\/file\/d\/1f5jJoYtenmLtDOtDSwajl1pk5QFsIe_Y\/view?usp=sharing\">Projecte ling\u00fc\u00edstic de centre<\/a><\/p>\n<p><a href=\"https:\/\/drive.google.com\/file\/d\/1Gxmj8fqGNTEXttXorSEFtXvN5T40J3tN\/view?usp=sharing\">Projecte de Millora de l&#8217;Acci\u00f3 Tutorial i l&#8217;Orientaci\u00f3 Educativa<\/a><\/p>\n<p>&nbsp;<\/p>\n","protected":false},"excerpt":{"rendered":"<p>En aquesta p\u00e0gina podeu tenir acc\u00e9s a diferents documents de gesti\u00f3 del centre. Cliqueu en els enlla\u00e7os per a poder descarregar-los.<br \/>\n<a href=\"https:\/\/drive.google.com\/file\/d\/1jEDg51Z0XdtPSIhg6Feo60U-FRuX6wmz\/view?usp=sharing\" target=\"_blank\" rel=\"noopener\">Mem\u00f2ria 24-25<\/a><br \/>\n<a href=\"https:\/\/drive.google.com\/file\/d\/1obLscDAyOrYymBpn88sAykY7v0rs8JMk\/view?usp=sharing\" target=\"_blank\" rel=\"noopener\">PEM INS Ser\u00f2s 22-23<\/a><br \/>\n<a href=\"https:\/\/drive.google.com\/file\/d\/1zfmpbdgU87MynJKmPxFg0D__fBYw9M3q\/view?usp=sharing\" target=\"_blank\" rel=\"noopener\">Projecte de Conviv\u00e8ncia<\/a><br \/>\n<a href=\"https:\/\/drive.google.com\/file\/d\/15q26nWM2E1oqoJvBDKzVuG0vRnQuDvqP\/view?usp=sharing\" target=\"_blank\" rel=\"noopener\">Projecte de Benestar<\/a><br \/>\n<a href=\"https:\/\/drive.google.com\/open?id=1GZI68fjbBjIuOGDRR7Iy5HB-GQZMMm6U\">Projecte educatiu de centre&hellip;  <a href=\"https:\/\/agora.xtec.cat\/ies-seros\/linstitut\/normes-dorganitzacio-i-funcionament\/\" title=\"Read Documents de centre\">Llegeix m\u00e9s\u00bb<\/a><\/p>\n","protected":false},"author":1,"featured_media":0,"parent":19,"menu_order":60,"comment_status":"closed","ping_status":"closed","template":"page-templates\/side-menu.php","meta":{"_bbp_topic_count":0,"_bbp_reply_count":0,"_bbp_total_topic_count":0,"_bbp_total_reply_count":0,"_bbp_voice_count":0,"_bbp_anonymous_reply_count":0,"_bbp_topic_count_hidden":0,"_bbp_reply_count_hidden":0,"_bbp_forum_subforum_count":0,"footnotes":""},"class_list":["post-49","page","type-page","status-publish","hentry"],"post_mailing_queue_ids":[],"_links":{"self":[{"href":"https:\/\/agora.xtec.cat\/ies-seros\/wp-json\/wp\/v2\/pages\/49","targetHints":{"allow":["GET"]}}],"collection":[{"href":"https:\/\/agora.xtec.cat\/ies-seros\/wp-json\/wp\/v2\/pages"}],"about":[{"href":"https:\/\/agora.xtec.cat\/ies-seros\/wp-json\/wp\/v2\/types\/page"}],"author":[{"embeddable":true,"href":"https:\/\/agora.xtec.cat\/ies-seros\/wp-json\/wp\/v2\/users\/1"}],"replies":[{"embeddable":true,"href":"https:\/\/agora.xtec.cat\/ies-seros\/wp-json\/wp\/v2\/comments?post=49"}],"version-history":[{"count":7,"href":"https:\/\/agora.xtec.cat\/ies-seros\/wp-json\/wp\/v2\/pages\/49\/revisions"}],"predecessor-version":[{"id":11812,"href":"https:\/\/agora.xtec.cat\/ies-seros\/wp-json\/wp\/v2\/pages\/49\/revisions\/11812"}],"up":[{"embeddable":true,"href":"https:\/\/agora.xtec.cat\/ies-seros\/wp-json\/wp\/v2\/pages\/19"}],"wp:attachment":[{"href":"https:\/\/agora.xtec.cat\/ies-seros\/wp-json\/wp\/v2\/media?parent=49"}],"curies":[{"name":"wp","href":"https:\/\/api.w.org\/{rel}","templated":true}]}}