{"id":1099,"date":"2016-11-10T13:44:21","date_gmt":"2016-11-10T12:44:21","guid":{"rendered":"http:\/\/agora.xtec.cat\/ies-seros\/?page_id=1099"},"modified":"2016-11-22T20:58:43","modified_gmt":"2016-11-22T19:58:43","slug":"com-i-on-buscar-feina","status":"publish","type":"page","link":"https:\/\/agora.xtec.cat\/ies-seros\/com-i-on-buscar-feina\/","title":{"rendered":"Com i on buscar feina?"},"content":{"rendered":"<div class=\"post-header\"><\/div>\n<div id=\"post-body-6919478888547941918\" class=\"post-body entry-content\">\n<div class=\"separator\"><a href=\"http:\/\/2.bp.blogspot.com\/-NeyPkGP2UrE\/UsBsMameQFI\/AAAAAAAAAHw\/f1oB9W-BERU\/s1600\/images6.jpg\"><img loading=\"lazy\" decoding=\"async\" src=\"http:\/\/2.bp.blogspot.com\/-NeyPkGP2UrE\/UsBsMameQFI\/AAAAAAAAAHw\/f1oB9W-BERU\/s320\/images6.jpg\" width=\"320\" height=\"222\" border=\"0\" \/><\/a><\/div>\n<p>1- Servei d&#8217;Ocupaci\u00f3 de Catalunya\u00a0 <a href=\"https:\/\/www.oficinadetreball.gencat.cat\/socweb\/opencms\/socweb_ca\/home.html\" target=\"_blank\">SOC<\/a><\/p>\n<div class=\"separator\"><a href=\"http:\/\/1.bp.blogspot.com\/-umdpiMGS1aM\/Ur15ORY5OXI\/AAAAAAAAACg\/KMOq1Y18nog\/s1600\/logoSOC.jpg\"><img loading=\"lazy\" decoding=\"async\" src=\"http:\/\/1.bp.blogspot.com\/-umdpiMGS1aM\/Ur15ORY5OXI\/AAAAAAAAACg\/KMOq1Y18nog\/s320\/logoSOC.jpg\" width=\"320\" height=\"63\" border=\"0\" \/><\/a><\/div>\n<p>2- <a href=\"http:\/\/benestar.gencat.cat\/ca\/el_departament\/funcions_i_estructura\/organismes\/direccio_general_de_joventut\" target=\"_blank\">Direcci\u00f3 general de joventut<\/a><\/p>\n<p>3-\u00a0 <a href=\"http:\/\/www20.gencat.cat\/portal\/site\/governacio\/menuitem.188cc2c34a4b942f8e629e30b0c0e1a0\/?vgnextoid=2b89e311dac87110VgnVCM1000000b0c1e0aRCRD&amp;vgnextchannel=2b89e311dac87110VgnVCM1000000b0c1e0aRCRD&amp;vgnextfmt=default\" target=\"_blank\">Acc\u00e9s a la funci\u00f3 p\u00fablica<\/a><\/p>\n<p>3-<a href=\"http:\/\/srvcnpbs.xtec.cat\/icqp\/orientacio\/\" target=\"_blank\"> Orientaci\u00f3 per a l&#8217;ocupaci\u00f3<\/a><\/p>\n<p>4- Portal de feina de la Generalitat de Catalunya.<\/p>\n<div class=\"separator\"><\/div>\n<div class=\"separator\"><\/div>\n<div class=\"separator\"><a href=\"https:\/\/feinaactiva.gencat.cat\/web\/guest\/home\" target=\"_blank\"><img loading=\"lazy\" decoding=\"async\" src=\"http:\/\/2.bp.blogspot.com\/-4WLjuGXRl5E\/UsBnpEVAaxI\/AAAAAAAAAHM\/iVoJx8Tx97A\/s320\/logoActiva.jpg\" alt=\"https:\/\/feinaactiva.gencat.cat\/web\/guest\/home\" width=\"320\" height=\"80\" border=\"0\" \/><\/a><\/div>\n<div><\/div>\n<\/div>\n","protected":false},"excerpt":{"rendered":"<p><a href=\"http:\/\/2.bp.blogspot.com\/-NeyPkGP2UrE\/UsBsMameQFI\/AAAAAAAAAHw\/f1oB9W-BERU\/s1600\/images6.jpg\"><\/a><br \/>\n1- Servei d&#8217;Ocupaci\u00f3 de Catalunya\u00a0 <a href=\"https:\/\/www.oficinadetreball.gencat.cat\/socweb\/opencms\/socweb_ca\/home.html\" target=\"_blank\">SOC<\/a><br \/>\n<a href=\"http:\/\/1.bp.blogspot.com\/-umdpiMGS1aM\/Ur15ORY5OXI\/AAAAAAAAACg\/KMOq1Y18nog\/s1600\/logoSOC.jpg\"><\/a><br \/>\n2- <a href=\"http:\/\/benestar.gencat.cat\/ca\/el_departament\/funcions_i_estructura\/organismes\/direccio_general_de_joventut\" target=\"_blank\">Direcci\u00f3 general de joventut<\/a><br \/>\n3-\u00a0 <a href=\"http:\/\/www20.gencat.cat\/portal\/site\/governacio\/menuitem.188cc2c34a4b942f8e629e30b0c0e1a0\/?vgnextoid=2b89e311dac87110VgnVCM1000000b0c1e0aRCRD&amp;vgnextchannel=2b89e311dac87110VgnVCM1000000b0c1e0aRCRD&amp;vgnextfmt=default\" target=\"_blank\">Acc\u00e9s a la funci\u00f3 p\u00fablica<\/a><br \/>\n3-<a href=\"http:\/\/srvcnpbs.xtec.cat\/icqp\/orientacio\/\" target=\"_blank\"> Orientaci\u00f3 per a l&#8217;ocupaci\u00f3<\/a><br \/>\n4- Portal de feina de la Generalitat de Catalunya.<\/p>\n<p><a href=\"https:\/\/feinaactiva.gencat.cat\/web\/guest\/home\" target=\"_blank\"><\/a><\/p>\n","protected":false},"author":7,"featured_media":0,"parent":0,"menu_order":0,"comment_status":"closed","ping_status":"closed","template":"","meta":{"_bbp_topic_count":0,"_bbp_reply_count":0,"_bbp_total_topic_count":0,"_bbp_total_reply_count":0,"_bbp_voice_count":0,"_bbp_anonymous_reply_count":0,"_bbp_topic_count_hidden":0,"_bbp_reply_count_hidden":0,"_bbp_forum_subforum_count":0,"footnotes":""},"class_list":["post-1099","page","type-page","status-publish","hentry"],"post_mailing_queue_ids":[],"_links":{"self":[{"href":"https:\/\/agora.xtec.cat\/ies-seros\/wp-json\/wp\/v2\/pages\/1099","targetHints":{"allow":["GET"]}}],"collection":[{"href":"https:\/\/agora.xtec.cat\/ies-seros\/wp-json\/wp\/v2\/pages"}],"about":[{"href":"https:\/\/agora.xtec.cat\/ies-seros\/wp-json\/wp\/v2\/types\/page"}],"author":[{"embeddable":true,"href":"https:\/\/agora.xtec.cat\/ies-seros\/wp-json\/wp\/v2\/users\/7"}],"replies":[{"embeddable":true,"href":"https:\/\/agora.xtec.cat\/ies-seros\/wp-json\/wp\/v2\/comments?post=1099"}],"version-history":[{"count":2,"href":"https:\/\/agora.xtec.cat\/ies-seros\/wp-json\/wp\/v2\/pages\/1099\/revisions"}],"predecessor-version":[{"id":1114,"href":"https:\/\/agora.xtec.cat\/ies-seros\/wp-json\/wp\/v2\/pages\/1099\/revisions\/1114"}],"wp:attachment":[{"href":"https:\/\/agora.xtec.cat\/ies-seros\/wp-json\/wp\/v2\/media?parent=1099"}],"curies":[{"name":"wp","href":"https:\/\/api.w.org\/{rel}","templated":true}]}}