{"id":3584,"date":"2023-10-30T14:24:31","date_gmt":"2023-10-30T13:24:31","guid":{"rendered":"https:\/\/agora.xtec.cat\/ies-santelm\/?page_id=3584"},"modified":"2023-11-20T19:56:25","modified_gmt":"2023-11-20T18:56:25","slug":"it-means-the-world","status":"publish","type":"page","link":"https:\/\/agora.xtec.cat\/ies-santelm\/internacionalitzacio\/it-means-the-world\/","title":{"rendered":"It means the world"},"content":{"rendered":"<p style=\"text-align: justify;\">El projecte titulat It means the World recull les diferents activitats d&#8217;internacionalitzaci\u00f3 que es duen a terme a l&#8217;Institut Sant Elm. Neix amb la necessitat de sistematitzar les nombroses activitats ja existents al centre l&#8217;any 2023 i agrupar-les sota un paraig\u00fces m\u00e9s ample alineat amb els objectius del Projecte Educatiu de Centre (PEC) i de desenvolupament del Projecte de Direcci\u00f3. Per a aconseguir els objectius plantejats, s&#8217;han dissenyat quatre projectes, un per a cada nivell de l&#8217;ESO. El de 1r d&#8217;ESO es titula Stamps of Friendship i gira entorn l&#8217;intercanvi epistolar amb el centre Imberhorne School (Regne Unit). El de 2n d&#8217;ESO porta per t\u00editol Green Bridges i se centra en el tema del turisme sostenible i, en general, de la sostenibilitat. Per fer aquest segon projecte, comptem amb la col\u00b7laboraci\u00f3 de l&#8217;institut Hermann Wesselink (Pa\u00efsos Baixos). El tercer projecte es diu Mosaic Journeys: Stories of Migration and Multiculturalism i inclou la mobilitat vinculada a l&#8217;institut Cals College (Pa\u00efsos Baixos) i l&#8217;intercanvi que es fa cada dos anys amb Bourg-de-P\u00e9age (Fran\u00e7a). En aquest cas, el tema central s\u00f3n les rutes migrat\u00f2ries. I el projecte dissenyat per 4t d&#8217;ESO porta per t\u00edtol Historias en tr\u00e1nsito &#8211; Storie in transito i versa entorn l&#8217;exili. El centre col\u00b7laborador en aquest \u00faltim projecte \u00e9s el Fogazzaro (It\u00e0lia).<\/p>\n<div class=\"h5p-iframe-wrapper\"><iframe id=\"h5p-iframe-4\" class=\"h5p-iframe\" data-content-id=\"4\" style=\"height:1px\" src=\"about:blank\" frameBorder=\"0\" scrolling=\"no\" title=\"It means the world\"><\/iframe><\/div>\n","protected":false},"excerpt":{"rendered":"<p>El projecte titulat It means the World recull les diferents activitats d&#8217;internacionalitzaci\u00f3 que es duen a terme a l&#8217;Institut Sant Elm. Neix amb la necessitat de sistematitzar les nombroses activitats ja existents al centre l&#8217;any 2023 i agrupar-les sota un paraig\u00fces m\u00e9s ample alineat amb els objectius del Projecte Educatiu de Centre (PEC) i de [&hellip;]<\/p>\n","protected":false},"author":42,"featured_media":0,"parent":3586,"menu_order":0,"comment_status":"closed","ping_status":"closed","template":"page-templates\/side-menu.php","meta":{"_bbp_topic_count":0,"_bbp_reply_count":0,"_bbp_total_topic_count":0,"_bbp_total_reply_count":0,"_bbp_voice_count":0,"_bbp_anonymous_reply_count":0,"_bbp_topic_count_hidden":0,"_bbp_reply_count_hidden":0,"_bbp_forum_subforum_count":0,"site-sidebar-layout":"default","site-content-layout":"","ast-site-content-layout":"","site-content-style":"default","site-sidebar-style":"default","ast-global-header-display":"","ast-banner-title-visibility":"","ast-main-header-display":"","ast-hfb-above-header-display":"","ast-hfb-below-header-display":"","ast-hfb-mobile-header-display":"","site-post-title":"","ast-breadcrumbs-content":"","ast-featured-img":"","footer-sml-layout":"","theme-transparent-header-meta":"","adv-header-id-meta":"","stick-header-meta":"","header-above-stick-meta":"","header-main-stick-meta":"","header-below-stick-meta":"","astra-migrate-meta-layouts":"default","ast-page-background-enabled":"default","ast-page-background-meta":{"desktop":{"background-color":"var(--ast-global-color-4)","background-image":"","background-repeat":"repeat","background-position":"center center","background-size":"auto","background-attachment":"scroll","background-type":"","background-media":"","overlay-type":"","overlay-color":"","overlay-opacity":"","overlay-gradient":""},"tablet":{"background-color":"","background-image":"","background-repeat":"repeat","background-position":"center center","background-size":"auto","background-attachment":"scroll","background-type":"","background-media":"","overlay-type":"","overlay-color":"","overlay-opacity":"","overlay-gradient":""},"mobile":{"background-color":"","background-image":"","background-repeat":"repeat","background-position":"center center","background-size":"auto","background-attachment":"scroll","background-type":"","background-media":"","overlay-type":"","overlay-color":"","overlay-opacity":"","overlay-gradient":""}},"ast-content-background-meta":{"desktop":{"background-color":"var(--ast-global-color-5)","background-image":"","background-repeat":"repeat","background-position":"center center","background-size":"auto","background-attachment":"scroll","background-type":"","background-media":"","overlay-type":"","overlay-color":"","overlay-opacity":"","overlay-gradient":""},"tablet":{"background-color":"var(--ast-global-color-5)","background-image":"","background-repeat":"repeat","background-position":"center center","background-size":"auto","background-attachment":"scroll","background-type":"","background-media":"","overlay-type":"","overlay-color":"","overlay-opacity":"","overlay-gradient":""},"mobile":{"background-color":"var(--ast-global-color-5)","background-image":"","background-repeat":"repeat","background-position":"center center","background-size":"auto","background-attachment":"scroll","background-type":"","background-media":"","overlay-type":"","overlay-color":"","overlay-opacity":"","overlay-gradient":""}},"footnotes":""},"class_list":["post-3584","page","type-page","status-publish","hentry"],"post_mailing_queue_ids":[],"_links":{"self":[{"href":"https:\/\/agora.xtec.cat\/ies-santelm\/wp-json\/wp\/v2\/pages\/3584","targetHints":{"allow":["GET"]}}],"collection":[{"href":"https:\/\/agora.xtec.cat\/ies-santelm\/wp-json\/wp\/v2\/pages"}],"about":[{"href":"https:\/\/agora.xtec.cat\/ies-santelm\/wp-json\/wp\/v2\/types\/page"}],"author":[{"embeddable":true,"href":"https:\/\/agora.xtec.cat\/ies-santelm\/wp-json\/wp\/v2\/users\/42"}],"replies":[{"embeddable":true,"href":"https:\/\/agora.xtec.cat\/ies-santelm\/wp-json\/wp\/v2\/comments?post=3584"}],"version-history":[{"count":2,"href":"https:\/\/agora.xtec.cat\/ies-santelm\/wp-json\/wp\/v2\/pages\/3584\/revisions"}],"predecessor-version":[{"id":3663,"href":"https:\/\/agora.xtec.cat\/ies-santelm\/wp-json\/wp\/v2\/pages\/3584\/revisions\/3663"}],"up":[{"embeddable":true,"href":"https:\/\/agora.xtec.cat\/ies-santelm\/wp-json\/wp\/v2\/pages\/3586"}],"wp:attachment":[{"href":"https:\/\/agora.xtec.cat\/ies-santelm\/wp-json\/wp\/v2\/media?parent=3584"}],"curies":[{"name":"wp","href":"https:\/\/api.w.org\/{rel}","templated":true}]}}

<p style="text-align: justify;">El projecte titulat It means the World recull les diferents activitats d&#8217;internacionalització que es duen a terme a l&#8217;Institut Sant Elm. Neix amb la necessitat de sistematitzar les nombroses activitats ja existents al centre l&#8217;any 2023 i agrupar-les sota un paraigües més ample alineat amb els objectius del Projecte Educatiu de Centre (PEC) i de desenvolupament del Projecte de Direcció. Per a aconseguir els objectius plantejats, s&#8217;han dissenyat quatre projectes, un per a cada nivell de l&#8217;ESO. El de 1r d&#8217;ESO es titula Stamps of Friendship i gira entorn l&#8217;intercanvi epistolar amb el centre Imberhorne School (Regne Unit). El de 2n d&#8217;ESO porta per tíitol Green Bridges i se centra en el tema del turisme sostenible i, en general, de la sostenibilitat. Per fer aquest segon projecte, comptem amb la col·laboració de l&#8217;institut Hermann Wesselink (Països Baixos). El tercer projecte es diu Mosaic Journeys: Stories of Migration and Multiculturalism i inclou la mobilitat vinculada a l&#8217;institut Cals College (Països Baixos) i l&#8217;intercanvi que es fa cada dos anys amb Bourg-de-Péage (França). En aquest cas, el tema central són les rutes migratòries. I el projecte dissenyat per 4t d&#8217;ESO porta per títol Historias en tránsito &#8211; Storie in transito i versa entorn l&#8217;exili. El centre col·laborador en aquest últim projecte és el Fogazzaro (Itàlia).</p>
<div class="h5p-iframe-wrapper"><iframe id="h5p-iframe-4" class="h5p-iframe" data-content-id="4" style="height:1px" src="about:blank" frameBorder="0" scrolling="no" title="It means the world"></iframe></div>

<p>El projecte titulat It means the World recull les diferents activitats d&#8217;internacionalització que es duen a terme a l&#8217;Institut Sant Elm. Neix amb la necessitat de sistematitzar les nombroses activitats ja existents al centre l&#8217;any 2023 i agrupar-les sota un paraigües més ample alineat amb els objectius del Projecte Educatiu de Centre (PEC) i de [&hellip;]</p>
