{"id":3037,"date":"2023-03-09T12:40:29","date_gmt":"2023-03-09T11:40:29","guid":{"rendered":"https:\/\/agora.xtec.cat\/ies-santelm\/?page_id=3037"},"modified":"2023-11-20T19:52:45","modified_gmt":"2023-11-20T18:52:45","slug":"cete","status":"publish","type":"page","link":"https:\/\/agora.xtec.cat\/ies-santelm\/internacionalitzacio\/cete\/","title":{"rendered":"CETE +"},"content":{"rendered":"<p style=\"text-align: justify;\">Des del curs 2020-2021, l\u2019Institut Sant Elm ha format part del CETE+ (Consorci Europeu per a la Transformaci\u00f3 Educativa), subvencionat per la Uni\u00f3 Europea i emmarcat en una acreditaci\u00f3 Erasmus+ KA120. L\u2019objectiu principal del CETE+ \u00e9s fomentar la millora en l\u2019aprenentatge de l\u2019alumnat i dels centres educatius que hi participen. Aquest consorci est\u00e0 format, en el primer per\u00edode, per 84 centres educatius de Catalunya, i del Departament d\u2019Educaci\u00f3 n\u2019\u00e9s el coordinador general. La participaci\u00f3 dels centres s\u2019estructura en 14 microconsorcis al voltant d\u2019un programa d\u2019innovaci\u00f3 o projecte educatiu. El nostre \u00e9s l\u2019EMAILC, format per 7 centres que participen en l\u2019Avancem o en el GEP.<\/p>\n<p style=\"text-align: justify;\">Desde el curso 2020-2021, el Instituto Sant Elm ha formado parte del CETE+ (Consorcio Europeo para la Transformaci\u00f3n Educativa), subvencionado por la Uni\u00f3n Europea y enmarcado en una acreditaci\u00f3n Erasmus+ KA120. El objetivo principal del CETE+ es fomentar la mejora en el aprendizaje del alumnado y de los centros educativos que participan en \u00e9l. Este consorcio est\u00e1 formado, en el primer per\u00edodo, por 84 centros educativos de Catalu\u00f1a, y del Departamento de Educaci\u00f3n es el coordinador general. La participaci\u00f3n de los centros se estructura en 14 microconsorcios alrededor de un programa de innovaci\u00f3n o proyecto educativo. El nuestro es el EMAILC, formado por 7 centros que participan en el Avancem o en el GEP.<\/p>\n<p style=\"text-align: justify;\">Since the academic year 2020-2021, Sant Elm Institute has been part of CETE+ (European Consortium for Educational Transformation), funded by the European Union and framed within an Erasmus+ KA120 accreditation. The main objective of CETE+ is to promote improvement in student learning and participating educational institutions. This consortium consists, in the first period, of 84 educational centers in Catalonia, with the Department of Education being the general coordinator. The participation of centers is structured into 14 micro-consortia around an innovation program or educational project. Ours is the EMAILC, formed by 7 centers participating in Avancem or GEP.<\/p>\n<table style=\"border-collapse: collapse; width: 100%;\">\n<tbody>\n<tr>\n<td style=\"width: 33.3333%;\"><a href=\"https:\/\/agora.xtec.cat\/ies-santelm\/categoria\/general\/erasmus-mobilitats\/\"><img loading=\"lazy\" decoding=\"async\" class=\"alignnone wp-image-3097\" src=\"https:\/\/agora.xtec.cat\/ies-santelm\/wp-content\/uploads\/usu1365\/2023\/03\/Noticies-WEB-6-1024x1024.png\" alt=\"\" width=\"342\" height=\"342\" srcset=\"https:\/\/agora.xtec.cat\/ies-santelm\/wp-content\/uploads\/usu1365\/2023\/03\/Noticies-WEB-6-1024x1024.png 1024w, https:\/\/agora.xtec.cat\/ies-santelm\/wp-content\/uploads\/usu1365\/2023\/03\/Noticies-WEB-6-300x300.png 300w, https:\/\/agora.xtec.cat\/ies-santelm\/wp-content\/uploads\/usu1365\/2023\/03\/Noticies-WEB-6-150x150.png 150w, https:\/\/agora.xtec.cat\/ies-santelm\/wp-content\/uploads\/usu1365\/2023\/03\/Noticies-WEB-6-768x768.png 768w, https:\/\/agora.xtec.cat\/ies-santelm\/wp-content\/uploads\/usu1365\/2023\/03\/Noticies-WEB-6.png 1080w\" sizes=\"auto, (max-width: 342px) 100vw, 342px\" \/><\/a><\/td>\n<td style=\"width: 33.3333%;\"><a href=\"https:\/\/agora.xtec.cat\/ies-santelm\/categoria\/general\/erasmus\/\"><img loading=\"lazy\" decoding=\"async\" class=\"alignnone wp-image-3087\" src=\"https:\/\/agora.xtec.cat\/ies-santelm\/wp-content\/uploads\/usu1365\/2023\/03\/Noticies-WEB-5-1024x1024.png\" alt=\"\" width=\"342\" height=\"342\" srcset=\"https:\/\/agora.xtec.cat\/ies-santelm\/wp-content\/uploads\/usu1365\/2023\/03\/Noticies-WEB-5-1024x1024.png 1024w, https:\/\/agora.xtec.cat\/ies-santelm\/wp-content\/uploads\/usu1365\/2023\/03\/Noticies-WEB-5-300x300.png 300w, https:\/\/agora.xtec.cat\/ies-santelm\/wp-content\/uploads\/usu1365\/2023\/03\/Noticies-WEB-5-150x150.png 150w, https:\/\/agora.xtec.cat\/ies-santelm\/wp-content\/uploads\/usu1365\/2023\/03\/Noticies-WEB-5-768x768.png 768w, https:\/\/agora.xtec.cat\/ies-santelm\/wp-content\/uploads\/usu1365\/2023\/03\/Noticies-WEB-5.png 1080w\" sizes=\"auto, (max-width: 342px) 100vw, 342px\" \/><\/a><\/td>\n<td style=\"width: 33.3333%;\"><a href=\"https:\/\/agora.xtec.cat\/ies-santelm\/internacionalitzacio\/cete\/enllacos-externs-erasmus\/\"><img loading=\"lazy\" decoding=\"async\" class=\"alignnone wp-image-3042\" src=\"https:\/\/agora.xtec.cat\/ies-santelm\/wp-content\/uploads\/usu1365\/2023\/03\/Noticies-WEB-4-1024x1024.png\" alt=\"\" width=\"342\" height=\"342\" srcset=\"https:\/\/agora.xtec.cat\/ies-santelm\/wp-content\/uploads\/usu1365\/2023\/03\/Noticies-WEB-4-1024x1024.png 1024w, https:\/\/agora.xtec.cat\/ies-santelm\/wp-content\/uploads\/usu1365\/2023\/03\/Noticies-WEB-4-300x300.png 300w, https:\/\/agora.xtec.cat\/ies-santelm\/wp-content\/uploads\/usu1365\/2023\/03\/Noticies-WEB-4-150x150.png 150w, https:\/\/agora.xtec.cat\/ies-santelm\/wp-content\/uploads\/usu1365\/2023\/03\/Noticies-WEB-4-768x768.png 768w, https:\/\/agora.xtec.cat\/ies-santelm\/wp-content\/uploads\/usu1365\/2023\/03\/Noticies-WEB-4.png 1080w\" sizes=\"auto, (max-width: 342px) 100vw, 342px\" \/><\/a><\/td>\n<\/tr>\n<\/tbody>\n<\/table>\n<div><a href=\"https:\/\/agora.xtec.cat\/ies-santelm\/wp-content\/uploads\/usu1365\/2023\/03\/EN-Co-Funded-by-the-EU_POS-1.png\"><img loading=\"lazy\" decoding=\"async\" class=\"alignnone wp-image-3079\" src=\"https:\/\/agora.xtec.cat\/ies-santelm\/wp-content\/uploads\/usu1365\/2023\/03\/EN-Co-Funded-by-the-EU_POS-1-1024x215.png\" alt=\"\" width=\"300\" height=\"63\" srcset=\"https:\/\/agora.xtec.cat\/ies-santelm\/wp-content\/uploads\/usu1365\/2023\/03\/EN-Co-Funded-by-the-EU_POS-1-1024x215.png 1024w, https:\/\/agora.xtec.cat\/ies-santelm\/wp-content\/uploads\/usu1365\/2023\/03\/EN-Co-Funded-by-the-EU_POS-1-300x63.png 300w, https:\/\/agora.xtec.cat\/ies-santelm\/wp-content\/uploads\/usu1365\/2023\/03\/EN-Co-Funded-by-the-EU_POS-1-768x161.png 768w, https:\/\/agora.xtec.cat\/ies-santelm\/wp-content\/uploads\/usu1365\/2023\/03\/EN-Co-Funded-by-the-EU_POS-1-1536x322.png 1536w, https:\/\/agora.xtec.cat\/ies-santelm\/wp-content\/uploads\/usu1365\/2023\/03\/EN-Co-Funded-by-the-EU_POS-1-2048x430.png 2048w\" sizes=\"auto, (max-width: 300px) 100vw, 300px\" \/><\/a><\/div>\n<div style=\"text-align: justify;\">\n<p>El proyecto 2021-1-ES01-KA121-SCH-000018502 est\u00e1 cofinanciado por el programa Erasmus+ de la Uni\u00f3n Europea. El contenido de esta nota de publicaci\u00f3n es responsabilidad exclusiva del Institut Sant Elm y ni la Comisi\u00f3n Europea, ni el Servicio Espa\u00f1ol para la Internacionalizaci\u00f3n de la Educaci\u00f3n (SEPIE) son responsables del uso que pueda hacerse de la informaci\u00f3n aqu\u00ed difundida.<\/p>\n<p>El projecte 2021-1-ES01-KA121-SCH-<wbr \/>000018502 est\u00e0 cofinan\u00e7at pel programa Erasmus+ de la Uni\u00f3 Europea. El contingut d&#8217;aquesta nota de publicaci\u00f3 \u00e9s responsabilitat exclusiva de l&#8217;Institut Sant Elm, i ni la Comissi\u00f3 Europea ni el Servei Espanyol per a la Internacionalitzaci\u00f3 de l&#8217;Educaci\u00f3 (SEPIE) s\u00f3n responsables de l&#8217;\u00fas que es pugui fer de la informaci\u00f3 difosa aqu\u00ed.<\/p>\n<p>The project 2021-1-ES01-KA121-SCH-<wbr \/>000018502 is co-funded by the Erasmus+ program of the European Union. The content of this publication note is the sole responsibility of Institut Sant Elm, and neither the European Commission nor the Spanish Service for the Internationalization of Education (SEPIE) are responsible for any use that may be made of the information disseminated here.<\/p>\n<\/div>\n","protected":false},"excerpt":{"rendered":"<p>Des del curs 2020-2021, l\u2019Institut Sant Elm ha format part del CETE+ (Consorci Europeu per a la Transformaci\u00f3 Educativa), subvencionat per la Uni\u00f3 Europea i emmarcat en una acreditaci\u00f3 Erasmus+ KA120. L\u2019objectiu principal del CETE+ \u00e9s fomentar la millora en l\u2019aprenentatge de l\u2019alumnat i dels centres educatius que hi participen. Aquest consorci est\u00e0 format, en [&hellip;]<\/p>\n","protected":false},"author":42,"featured_media":0,"parent":3586,"menu_order":0,"comment_status":"closed","ping_status":"closed","template":"page-templates\/side-menu.php","meta":{"_bbp_topic_count":0,"_bbp_reply_count":0,"_bbp_total_topic_count":0,"_bbp_total_reply_count":0,"_bbp_voice_count":0,"_bbp_anonymous_reply_count":0,"_bbp_topic_count_hidden":0,"_bbp_reply_count_hidden":0,"_bbp_forum_subforum_count":0,"site-sidebar-layout":"default","site-content-layout":"","ast-site-content-layout":"","site-content-style":"default","site-sidebar-style":"default","ast-global-header-display":"","ast-banner-title-visibility":"","ast-main-header-display":"","ast-hfb-above-header-display":"","ast-hfb-below-header-display":"","ast-hfb-mobile-header-display":"","site-post-title":"","ast-breadcrumbs-content":"","ast-featured-img":"","footer-sml-layout":"","theme-transparent-header-meta":"","adv-header-id-meta":"","stick-header-meta":"","header-above-stick-meta":"","header-main-stick-meta":"","header-below-stick-meta":"","astra-migrate-meta-layouts":"default","ast-page-background-enabled":"default","ast-page-background-meta":{"desktop":{"background-color":"var(--ast-global-color-4)","background-image":"","background-repeat":"repeat","background-position":"center center","background-size":"auto","background-attachment":"scroll","background-type":"","background-media":"","overlay-type":"","overlay-color":"","overlay-opacity":"","overlay-gradient":""},"tablet":{"background-color":"","background-image":"","background-repeat":"repeat","background-position":"center center","background-size":"auto","background-attachment":"scroll","background-type":"","background-media":"","overlay-type":"","overlay-color":"","overlay-opacity":"","overlay-gradient":""},"mobile":{"background-color":"","background-image":"","background-repeat":"repeat","background-position":"center center","background-size":"auto","background-attachment":"scroll","background-type":"","background-media":"","overlay-type":"","overlay-color":"","overlay-opacity":"","overlay-gradient":""}},"ast-content-background-meta":{"desktop":{"background-color":"var(--ast-global-color-5)","background-image":"","background-repeat":"repeat","background-position":"center center","background-size":"auto","background-attachment":"scroll","background-type":"","background-media":"","overlay-type":"","overlay-color":"","overlay-opacity":"","overlay-gradient":""},"tablet":{"background-color":"var(--ast-global-color-5)","background-image":"","background-repeat":"repeat","background-position":"center center","background-size":"auto","background-attachment":"scroll","background-type":"","background-media":"","overlay-type":"","overlay-color":"","overlay-opacity":"","overlay-gradient":""},"mobile":{"background-color":"var(--ast-global-color-5)","background-image":"","background-repeat":"repeat","background-position":"center center","background-size":"auto","background-attachment":"scroll","background-type":"","background-media":"","overlay-type":"","overlay-color":"","overlay-opacity":"","overlay-gradient":""}},"footnotes":""},"class_list":["post-3037","page","type-page","status-publish","hentry"],"post_mailing_queue_ids":[],"_links":{"self":[{"href":"https:\/\/agora.xtec.cat\/ies-santelm\/wp-json\/wp\/v2\/pages\/3037","targetHints":{"allow":["GET"]}}],"collection":[{"href":"https:\/\/agora.xtec.cat\/ies-santelm\/wp-json\/wp\/v2\/pages"}],"about":[{"href":"https:\/\/agora.xtec.cat\/ies-santelm\/wp-json\/wp\/v2\/types\/page"}],"author":[{"embeddable":true,"href":"https:\/\/agora.xtec.cat\/ies-santelm\/wp-json\/wp\/v2\/users\/42"}],"replies":[{"embeddable":true,"href":"https:\/\/agora.xtec.cat\/ies-santelm\/wp-json\/wp\/v2\/comments?post=3037"}],"version-history":[{"count":7,"href":"https:\/\/agora.xtec.cat\/ies-santelm\/wp-json\/wp\/v2\/pages\/3037\/revisions"}],"predecessor-version":[{"id":3662,"href":"https:\/\/agora.xtec.cat\/ies-santelm\/wp-json\/wp\/v2\/pages\/3037\/revisions\/3662"}],"up":[{"embeddable":true,"href":"https:\/\/agora.xtec.cat\/ies-santelm\/wp-json\/wp\/v2\/pages\/3586"}],"wp:attachment":[{"href":"https:\/\/agora.xtec.cat\/ies-santelm\/wp-json\/wp\/v2\/media?parent=3037"}],"curies":[{"name":"wp","href":"https:\/\/api.w.org\/{rel}","templated":true}]}}

<p style="text-align: justify;">Des del curs 2020-2021, l’Institut Sant Elm ha format part del CETE+ (Consorci Europeu per a la Transformació Educativa), subvencionat per la Unió Europea i emmarcat en una acreditació Erasmus+ KA120. L’objectiu principal del CETE+ és fomentar la millora en l’aprenentatge de l’alumnat i dels centres educatius que hi participen. Aquest consorci està format, en el primer període, per 84 centres educatius de Catalunya, i del Departament d’Educació n’és el coordinador general. La participació dels centres s’estructura en 14 microconsorcis al voltant d’un programa d’innovació o projecte educatiu. El nostre és l’EMAILC, format per 7 centres que participen en l’Avancem o en el GEP.</p>
<p style="text-align: justify;">Desde el curso 2020-2021, el Instituto Sant Elm ha formado parte del CETE+ (Consorcio Europeo para la Transformación Educativa), subvencionado por la Unión Europea y enmarcado en una acreditación Erasmus+ KA120. El objetivo principal del CETE+ es fomentar la mejora en el aprendizaje del alumnado y de los centros educativos que participan en él. Este consorcio está formado, en el primer período, por 84 centros educativos de Cataluña, y del Departamento de Educación es el coordinador general. La participación de los centros se estructura en 14 microconsorcios alrededor de un programa de innovación o proyecto educativo. El nuestro es el EMAILC, formado por 7 centros que participan en el Avancem o en el GEP.</p>
<p style="text-align: justify;">Since the academic year 2020-2021, Sant Elm Institute has been part of CETE+ (European Consortium for Educational Transformation), funded by the European Union and framed within an Erasmus+ KA120 accreditation. The main objective of CETE+ is to promote improvement in student learning and participating educational institutions. This consortium consists, in the first period, of 84 educational centers in Catalonia, with the Department of Education being the general coordinator. The participation of centers is structured into 14 micro-consortia around an innovation program or educational project. Ours is the EMAILC, formed by 7 centers participating in Avancem or GEP.</p>
<table style="border-collapse: collapse; width: 100%;">
<tbody>
<tr>
<td style="width: 33.3333%;"><a href="https://agora.xtec.cat/ies-santelm/categoria/general/erasmus-mobilitats/"><img loading="lazy" decoding="async" class="alignnone wp-image-3097" src="https://agora.xtec.cat/ies-santelm/wp-content/uploads/usu1365/2023/03/Noticies-WEB-6-1024x1024.png" alt="" width="342" height="342" srcset="https://agora.xtec.cat/ies-santelm/wp-content/uploads/usu1365/2023/03/Noticies-WEB-6-1024x1024.png 1024w, https://agora.xtec.cat/ies-santelm/wp-content/uploads/usu1365/2023/03/Noticies-WEB-6-300x300.png 300w, https://agora.xtec.cat/ies-santelm/wp-content/uploads/usu1365/2023/03/Noticies-WEB-6-150x150.png 150w, https://agora.xtec.cat/ies-santelm/wp-content/uploads/usu1365/2023/03/Noticies-WEB-6-768x768.png 768w, https://agora.xtec.cat/ies-santelm/wp-content/uploads/usu1365/2023/03/Noticies-WEB-6.png 1080w" sizes="auto, (max-width: 342px) 100vw, 342px" /></a></td>
<td style="width: 33.3333%;"><a href="https://agora.xtec.cat/ies-santelm/categoria/general/erasmus/"><img loading="lazy" decoding="async" class="alignnone wp-image-3087" src="https://agora.xtec.cat/ies-santelm/wp-content/uploads/usu1365/2023/03/Noticies-WEB-5-1024x1024.png" alt="" width="342" height="342" srcset="https://agora.xtec.cat/ies-santelm/wp-content/uploads/usu1365/2023/03/Noticies-WEB-5-1024x1024.png 1024w, https://agora.xtec.cat/ies-santelm/wp-content/uploads/usu1365/2023/03/Noticies-WEB-5-300x300.png 300w, https://agora.xtec.cat/ies-santelm/wp-content/uploads/usu1365/2023/03/Noticies-WEB-5-150x150.png 150w, https://agora.xtec.cat/ies-santelm/wp-content/uploads/usu1365/2023/03/Noticies-WEB-5-768x768.png 768w, https://agora.xtec.cat/ies-santelm/wp-content/uploads/usu1365/2023/03/Noticies-WEB-5.png 1080w" sizes="auto, (max-width: 342px) 100vw, 342px" /></a></td>
<td style="width: 33.3333%;"><a href="https://agora.xtec.cat/ies-santelm/internacionalitzacio/cete/enllacos-externs-erasmus/"><img loading="lazy" decoding="async" class="alignnone wp-image-3042" src="https://agora.xtec.cat/ies-santelm/wp-content/uploads/usu1365/2023/03/Noticies-WEB-4-1024x1024.png" alt="" width="342" height="342" srcset="https://agora.xtec.cat/ies-santelm/wp-content/uploads/usu1365/2023/03/Noticies-WEB-4-1024x1024.png 1024w, https://agora.xtec.cat/ies-santelm/wp-content/uploads/usu1365/2023/03/Noticies-WEB-4-300x300.png 300w, https://agora.xtec.cat/ies-santelm/wp-content/uploads/usu1365/2023/03/Noticies-WEB-4-150x150.png 150w, https://agora.xtec.cat/ies-santelm/wp-content/uploads/usu1365/2023/03/Noticies-WEB-4-768x768.png 768w, https://agora.xtec.cat/ies-santelm/wp-content/uploads/usu1365/2023/03/Noticies-WEB-4.png 1080w" sizes="auto, (max-width: 342px) 100vw, 342px" /></a></td>
</tr>
</tbody>
</table>
<div><a href="https://agora.xtec.cat/ies-santelm/wp-content/uploads/usu1365/2023/03/EN-Co-Funded-by-the-EU_POS-1.png"><img loading="lazy" decoding="async" class="alignnone wp-image-3079" src="https://agora.xtec.cat/ies-santelm/wp-content/uploads/usu1365/2023/03/EN-Co-Funded-by-the-EU_POS-1-1024x215.png" alt="" width="300" height="63" srcset="https://agora.xtec.cat/ies-santelm/wp-content/uploads/usu1365/2023/03/EN-Co-Funded-by-the-EU_POS-1-1024x215.png 1024w, https://agora.xtec.cat/ies-santelm/wp-content/uploads/usu1365/2023/03/EN-Co-Funded-by-the-EU_POS-1-300x63.png 300w, https://agora.xtec.cat/ies-santelm/wp-content/uploads/usu1365/2023/03/EN-Co-Funded-by-the-EU_POS-1-768x161.png 768w, https://agora.xtec.cat/ies-santelm/wp-content/uploads/usu1365/2023/03/EN-Co-Funded-by-the-EU_POS-1-1536x322.png 1536w, https://agora.xtec.cat/ies-santelm/wp-content/uploads/usu1365/2023/03/EN-Co-Funded-by-the-EU_POS-1-2048x430.png 2048w" sizes="auto, (max-width: 300px) 100vw, 300px" /></a></div>
<div style="text-align: justify;">
<p>El proyecto 2021-1-ES01-KA121-SCH-000018502 está cofinanciado por el programa Erasmus+ de la Unión Europea. El contenido de esta nota de publicación es responsabilidad exclusiva del Institut Sant Elm y ni la Comisión Europea, ni el Servicio Español para la Internacionalización de la Educación (SEPIE) son responsables del uso que pueda hacerse de la información aquí difundida.</p>
<p>El projecte 2021-1-ES01-KA121-SCH-<wbr />000018502 està cofinançat pel programa Erasmus+ de la Unió Europea. El contingut d&#8217;aquesta nota de publicació és responsabilitat exclusiva de l&#8217;Institut Sant Elm, i ni la Comissió Europea ni el Servei Espanyol per a la Internacionalització de l&#8217;Educació (SEPIE) són responsables de l&#8217;ús que es pugui fer de la informació difosa aquí.</p>
<p>The project 2021-1-ES01-KA121-SCH-<wbr />000018502 is co-funded by the Erasmus+ program of the European Union. The content of this publication note is the sole responsibility of Institut Sant Elm, and neither the European Commission nor the Spanish Service for the Internationalization of Education (SEPIE) are responsible for any use that may be made of the information disseminated here.</p>
</div>

<p>Des del curs 2020-2021, l’Institut Sant Elm ha format part del CETE+ (Consorci Europeu per a la Transformació Educativa), subvencionat per la Unió Europea i emmarcat en una acreditació Erasmus+ KA120. L’objectiu principal del CETE+ és fomentar la millora en l’aprenentatge de l’alumnat i dels centres educatius que hi participen. Aquest consorci està format, en [&hellip;]</p>
