{"id":2786,"date":"2022-06-22T13:38:30","date_gmt":"2022-06-22T11:38:30","guid":{"rendered":"https:\/\/agora.xtec.cat\/ies-santelm\/?page_id=2786"},"modified":"2025-06-17T12:29:23","modified_gmt":"2025-06-17T10:29:23","slug":"matricula-batxillerat","status":"publish","type":"page","link":"https:\/\/agora.xtec.cat\/ies-santelm\/secretaria\/preinscripcions-i-matricules\/preinscripciomatricula-batxillerat\/matricula-batxillerat\/","title":{"rendered":"Matr\u00edcula batxillerat 25\/26"},"content":{"rendered":"<p style=\"text-align: justify;\">Per tal de formalitzar la matr\u00edcula cal que ompliu dos formularis <strong>entre el 20 i el 30 de juny de 2025:<\/strong><\/p>\n<ol>\n<li><strong>Formulari informaci\u00f3 administrativa i AFA.<\/strong><\/li>\n<li><strong>Formulari de tria de mat\u00e8ries.<\/strong><\/li>\n<\/ol>\n<p>Tan bon punt els formularis estiguin actius, els compartirem a trav\u00e9s d&#8217;aquest espai.<\/p>\n<p style=\"text-align: justify;\">Per qualsevol dubte relacionat amb el procediment de matr\u00edcula podeu enviar un correu a\u00a0<a href=\"mailto:secretaria@ins-santelm.com\" target=\"_blank\" rel=\"noopener\"><span style=\"color: #ff3257;\">secretaria@ins-santelm.com<\/span><\/a>.<\/p>\n<p style=\"text-align: justify;\">Pel que fa a la tria de mat\u00e8ries optatives o dubtes amb la modalitat triada us animem a venir al centre (amb l&#8217;alumne\/a) i us atendrem des de l&#8217;equip directiu. Aviat publicarem les franges hor\u00e0ries d&#8217;atenci\u00f3 al p\u00fablic relatives a la matricula de batxillerat.<\/p>\n<p style=\"text-align: justify;\">Tamb\u00e9 per totes aquelles fam\u00edlies que desitgin ampliar la informaci\u00f3 proporcionada a la matr\u00edcula o tinguin algun dubte respecte a l&#8217;atenci\u00f3 de l&#8217;alumnat el curs 2025-26, podran demanar hora per parlar amb coordinaci\u00f3 pedag\u00f2gica i orientaci\u00f3 educativa la primera setmana de juliol entre les 9 i les 13 h mitjan\u00e7ant un correu electr\u00f2nic a:<span style=\"color: #ff3257;\"><a style=\"color: #ff3257;\" href=\"mailto:soraya.abia@ins-santelm.com\" target=\"_blank\" rel=\"noopener\">soraya.abia@ins-santelm.com<\/a><\/span><span style=\"color: #000000;\"><wbr \/>.<\/span><\/p>\n<p>Consulta el listat de llibres 25\/26 <a href=\"https:\/\/agora.xtec.cat\/ies-santelm\/wp-content\/uploads\/usu1365\/2025\/06\/IDDINK_llista-2526-2.0-12-6-25.pdf\">aqu\u00ed.<\/a><\/p>\n<p>\ud83d\udce2 Properament, en aquest espai,\u00a0anirem <strong>ampliant informaci\u00f3<\/strong> (reunions inici de curs, pagament material i sortides, horaris, etc&#8230;).\ud83d\udce2<\/p>\n","protected":false},"excerpt":{"rendered":"<p>Per tal de formalitzar la matr\u00edcula cal que ompliu dos formularis entre el 20 i el 30 de juny de 2025: Formulari informaci\u00f3 administrativa i AFA. Formulari de tria de mat\u00e8ries. Tan bon punt els formularis estiguin actius, els compartirem a trav\u00e9s d&#8217;aquest espai. Per qualsevol dubte relacionat amb el procediment de matr\u00edcula podeu enviar [&hellip;]<\/p>\n","protected":false},"author":1,"featured_media":0,"parent":2257,"menu_order":0,"comment_status":"closed","ping_status":"closed","template":"page-templates\/side-menu.php","meta":{"_bbp_topic_count":0,"_bbp_reply_count":0,"_bbp_total_topic_count":0,"_bbp_total_reply_count":0,"_bbp_voice_count":0,"_bbp_anonymous_reply_count":0,"_bbp_topic_count_hidden":0,"_bbp_reply_count_hidden":0,"_bbp_forum_subforum_count":0,"site-sidebar-layout":"default","site-content-layout":"","ast-site-content-layout":"","site-content-style":"default","site-sidebar-style":"default","ast-global-header-display":"","ast-banner-title-visibility":"","ast-main-header-display":"","ast-hfb-above-header-display":"","ast-hfb-below-header-display":"","ast-hfb-mobile-header-display":"","site-post-title":"","ast-breadcrumbs-content":"","ast-featured-img":"","footer-sml-layout":"","theme-transparent-header-meta":"","adv-header-id-meta":"","stick-header-meta":"","header-above-stick-meta":"","header-main-stick-meta":"","header-below-stick-meta":"","astra-migrate-meta-layouts":"default","ast-page-background-enabled":"default","ast-page-background-meta":{"desktop":{"background-color":"var(--ast-global-color-4)","background-image":"","background-repeat":"repeat","background-position":"center center","background-size":"auto","background-attachment":"scroll","background-type":"","background-media":"","overlay-type":"","overlay-color":"","overlay-opacity":"","overlay-gradient":""},"tablet":{"background-color":"","background-image":"","background-repeat":"repeat","background-position":"center center","background-size":"auto","background-attachment":"scroll","background-type":"","background-media":"","overlay-type":"","overlay-color":"","overlay-opacity":"","overlay-gradient":""},"mobile":{"background-color":"","background-image":"","background-repeat":"repeat","background-position":"center center","background-size":"auto","background-attachment":"scroll","background-type":"","background-media":"","overlay-type":"","overlay-color":"","overlay-opacity":"","overlay-gradient":""}},"ast-content-background-meta":{"desktop":{"background-color":"var(--ast-global-color-5)","background-image":"","background-repeat":"repeat","background-position":"center center","background-size":"auto","background-attachment":"scroll","background-type":"","background-media":"","overlay-type":"","overlay-color":"","overlay-opacity":"","overlay-gradient":""},"tablet":{"background-color":"var(--ast-global-color-5)","background-image":"","background-repeat":"repeat","background-position":"center center","background-size":"auto","background-attachment":"scroll","background-type":"","background-media":"","overlay-type":"","overlay-color":"","overlay-opacity":"","overlay-gradient":""},"mobile":{"background-color":"var(--ast-global-color-5)","background-image":"","background-repeat":"repeat","background-position":"center center","background-size":"auto","background-attachment":"scroll","background-type":"","background-media":"","overlay-type":"","overlay-color":"","overlay-opacity":"","overlay-gradient":""}},"footnotes":""},"class_list":["post-2786","page","type-page","status-publish","hentry"],"post_mailing_queue_ids":[],"_links":{"self":[{"href":"https:\/\/agora.xtec.cat\/ies-santelm\/wp-json\/wp\/v2\/pages\/2786","targetHints":{"allow":["GET"]}}],"collection":[{"href":"https:\/\/agora.xtec.cat\/ies-santelm\/wp-json\/wp\/v2\/pages"}],"about":[{"href":"https:\/\/agora.xtec.cat\/ies-santelm\/wp-json\/wp\/v2\/types\/page"}],"author":[{"embeddable":true,"href":"https:\/\/agora.xtec.cat\/ies-santelm\/wp-json\/wp\/v2\/users\/1"}],"replies":[{"embeddable":true,"href":"https:\/\/agora.xtec.cat\/ies-santelm\/wp-json\/wp\/v2\/comments?post=2786"}],"version-history":[{"count":7,"href":"https:\/\/agora.xtec.cat\/ies-santelm\/wp-json\/wp\/v2\/pages\/2786\/revisions"}],"predecessor-version":[{"id":4515,"href":"https:\/\/agora.xtec.cat\/ies-santelm\/wp-json\/wp\/v2\/pages\/2786\/revisions\/4515"}],"up":[{"embeddable":true,"href":"https:\/\/agora.xtec.cat\/ies-santelm\/wp-json\/wp\/v2\/pages\/2257"}],"wp:attachment":[{"href":"https:\/\/agora.xtec.cat\/ies-santelm\/wp-json\/wp\/v2\/media?parent=2786"}],"curies":[{"name":"wp","href":"https:\/\/api.w.org\/{rel}","templated":true}]}}