{"id":8292,"date":"2024-03-08T17:15:43","date_gmt":"2024-03-08T16:15:43","guid":{"rendered":"https:\/\/agora.xtec.cat\/ies-santaeulalia\/?page_id=8292"},"modified":"2024-03-08T17:15:43","modified_gmt":"2024-03-08T16:15:43","slug":"qualitat-i-millora","status":"publish","type":"page","link":"https:\/\/agora.xtec.cat\/ies-santaeulalia\/qualitat-i-millora\/","title":{"rendered":"Qualitat i Millora"},"content":{"rendered":"<p dir=\"ltr\"><i><span style=\"font-size: large;\">L\u2019equip directiu de l\u2019INS Santa Eul\u00e0lia est\u00e0 comprom\u00e8s amb la implantaci\u00f3, el manteniment i la millora cont\u00ednua de la seva gesti\u00f3, per la qual cosa:\u00a0<\/span><\/i><\/p>\n<ul>\n<li dir=\"ltr\">\n<p dir=\"ltr\" role=\"presentation\"><i><span style=\"font-size: large;\">Ha integrat com a forma de gesti\u00f3 del centre la gesti\u00f3 per processos segons el sistema ISO 9001.\u00a0<\/span><\/i><\/p>\n<\/li>\n<li dir=\"ltr\">\n<p dir=\"ltr\" role=\"presentation\"><i><span style=\"font-size: large;\">S\u2019implica en crear i mantenir la sensibilitzaci\u00f3 de l\u2019organitzaci\u00f3 de la import\u00e0ncia de detectar i satisfer els requisits o necessitats dels principals grups d\u2019inter\u00e8s, aix\u00ed com els legals i reglamentaries.<\/span><\/i><\/p>\n<\/li>\n<li dir=\"ltr\">\n<p dir=\"ltr\" role=\"presentation\"><i><span style=\"font-size: large;\">Estableix la pol\u00edtica de la qualitat i proposa els objectius de la qualitat.\u00a0<\/span><\/i><\/p>\n<\/li>\n<li dir=\"ltr\">\n<p dir=\"ltr\" role=\"presentation\"><i><span style=\"font-size: large;\">Porta a terme les revisions del sistema de gesti\u00f3 de la qualitat.\u00a0<\/span><\/i><\/p>\n<\/li>\n<li dir=\"ltr\">\n<p dir=\"ltr\" role=\"presentation\"><i><span style=\"font-size: large;\">S\u2019assegura de la disponibilitat de recursos.\u00a0<\/span><\/i><\/p>\n<\/li>\n<\/ul>\n<p dir=\"ltr\"><i><span style=\"font-size: large;\">L&#8217;\u2019INS Santa Eul\u00e0lia ha definit la qualitat com a part fonamental de la seva pol\u00edtica i de la seva estrat\u00e8gia, per tal de millorar de forma continua la seva gesti\u00f3 i el servei prestat. El referent fonamental \u00e9s la Norma UNE-EN ISO 9001 i, segons aquest, ha establert els instruments d\u2019execuci\u00f3, seguiment, an\u00e0lisi, control i valoraci\u00f3 dels seus processos.\u00a0<\/span><\/i><\/p>\n<p dir=\"ltr\"><i><span style=\"font-size: large;\">Les directrius de la nostra\u00a0Pol\u00edtica de Qualitat\u00a0\u00e9s recolzen, aix\u00ed mateix, en els principis b\u00e0sics establerts a la nostra Missi\u00f3 i Visi\u00f3 de centre, aix\u00ed com als valors fonamentals que hem situat a la base de la nostra tasca com a centre educatiu. Aix\u00ed, la nostra Pol\u00edtica de Qualitat es defineix segons els seg\u00fcents eixos:\u2028<\/span><\/i><\/p>\n<ul>\n<li dir=\"ltr\">\n<p dir=\"ltr\" role=\"presentation\"><i><span style=\"font-size: large;\">La millora cont\u00ednua dels ensenyaments que imparteix el centre i la seva gesti\u00f3 eficient.\u2028<\/span><\/i><\/li>\n<li dir=\"ltr\">\n<p dir=\"ltr\" role=\"presentation\"><i><span style=\"font-size: large;\">L\u2019adequaci\u00f3 de les activitats del centre a la seva missi\u00f3, visi\u00f3 i valors fonamentals.\u2028<\/span><\/i><\/li>\n<li dir=\"ltr\">\n<p dir=\"ltr\" role=\"presentation\"><i><span style=\"font-size: large;\">La satisfacci\u00f3 de les necessitats dels grups d\u2019inter\u00e8s, oferint un servei de qualitat.\u2028<\/span><\/i><\/li>\n<li dir=\"ltr\">\n<p dir=\"ltr\" role=\"presentation\"><i><span style=\"font-size: large;\">La formaci\u00f3 cont\u00ednua de l\u2019equip hum\u00e0 del centre.\u2028<\/span><\/i><\/li>\n<li dir=\"ltr\">\n<p dir=\"ltr\" role=\"presentation\"><i><span style=\"font-size: large;\">La participaci\u00f3 democr\u00e0tica en la vida del centre des del respecte i la responsabilitat per tal que tota la comunitat educativa compti amb els canals que possibiliten la seva implicaci\u00f3 en el sistema de gesti\u00f3 i en les activitats del centre i el treball cooperatiu.\u00a0<\/span><\/i><\/p>\n<\/li>\n<\/ul>\n<p dir=\"ltr\"><i><span style=\"font-size: large;\">Els instruments que asseguren el desplegament satisfactori d&#8217;aquests eixos des del Sistema de Qualitat s\u00f3n:\u00a0<\/span><\/i><\/p>\n<ul>\n<li dir=\"ltr\">\n<p dir=\"ltr\" role=\"presentation\"><i><span style=\"font-size: large;\">Desenvolupament de la Norma UNE-EN ISO 9001\u2028<\/span><\/i><\/li>\n<li dir=\"ltr\">\n<p dir=\"ltr\" role=\"presentation\"><i><span style=\"font-size: large;\">Mesura i an\u00e0lisi peri\u00f2dica de la satisfacci\u00f3.\u2028<\/span><\/i><\/li>\n<li dir=\"ltr\">\n<p dir=\"ltr\" role=\"presentation\"><i><span style=\"font-size: large;\">El seguiment i avaluaci\u00f3 dels indicadors anuals.\u2028<\/span><\/i><\/li>\n<li dir=\"ltr\">\n<p dir=\"ltr\" role=\"presentation\"><i><span style=\"font-size: large;\">Revisi\u00f3 del sistema de Qualitat i actualitzaci\u00f3 peri\u00f2dica dels procesos.<\/span><\/i><\/p>\n<\/li>\n<li dir=\"ltr\">\n<p dir=\"ltr\" role=\"presentation\"><i><span style=\"font-size: large;\">Auditories internes i externes\u00a0<\/span><\/i><\/p>\n<\/li>\n<\/ul>\n<p><i><span style=\"font-size: large;\">\u00a0<\/span><\/i><\/p>\n<p dir=\"ltr\"><i><span style=\"font-size: large;\">En l\u2019actualitat\u00a0l\u2019abast del sistema\u00a0de gesti\u00f3 de qualitat \u00e9s: \u00a0 Formaci\u00f3 professional de grau mitj\u00e0 i superior, aix\u00ed com tots els processos estrat\u00e8gics, Claus i de suports necessaris per a la seva gesti\u00f3, explicitats en els processos del nostre mapa de procesos del centre.<\/span><\/i><\/p>\n","protected":false},"excerpt":{"rendered":"<p>L\u2019equip directiu de l\u2019INS Santa Eul\u00e0lia est\u00e0 comprom\u00e8s amb la implantaci\u00f3, el manteniment i la millora cont\u00ednua de la seva gesti\u00f3, per la qual cosa:\u00a0 Ha integrat com a forma de gesti\u00f3 del centre la gesti\u00f3 per processos segons el sistema ISO 9001.\u00a0 S\u2019implica en crear i mantenir la sensibilitzaci\u00f3 de l\u2019organitzaci\u00f3 de la import\u00e0ncia [&hellip;]<\/p>\n","protected":false},"author":1,"featured_media":0,"parent":0,"menu_order":0,"comment_status":"closed","ping_status":"closed","template":"","meta":{"_bbp_topic_count":0,"_bbp_reply_count":0,"_bbp_total_topic_count":0,"_bbp_total_reply_count":0,"_bbp_voice_count":0,"_bbp_anonymous_reply_count":0,"_bbp_topic_count_hidden":0,"_bbp_reply_count_hidden":0,"_bbp_forum_subforum_count":0,"site-sidebar-layout":"default","site-content-layout":"","ast-site-content-layout":"","site-content-style":"default","site-sidebar-style":"default","ast-global-header-display":"","ast-banner-title-visibility":"","ast-main-header-display":"","ast-hfb-above-header-display":"","ast-hfb-below-header-display":"","ast-hfb-mobile-header-display":"","site-post-title":"","ast-breadcrumbs-content":"","ast-featured-img":"","footer-sml-layout":"","theme-transparent-header-meta":"","adv-header-id-meta":"","stick-header-meta":"","header-above-stick-meta":"","header-main-stick-meta":"","header-below-stick-meta":"","astra-migrate-meta-layouts":"default","ast-page-background-enabled":"default","ast-page-background-meta":{"desktop":{"background-color":"var(--ast-global-color-4)","background-image":"","background-repeat":"repeat","background-position":"center center","background-size":"auto","background-attachment":"scroll","background-type":"","background-media":"","overlay-type":"","overlay-color":"","overlay-opacity":"","overlay-gradient":""},"tablet":{"background-color":"","background-image":"","background-repeat":"repeat","background-position":"center center","background-size":"auto","background-attachment":"scroll","background-type":"","background-media":"","overlay-type":"","overlay-color":"","overlay-opacity":"","overlay-gradient":""},"mobile":{"background-color":"","background-image":"","background-repeat":"repeat","background-position":"center center","background-size":"auto","background-attachment":"scroll","background-type":"","background-media":"","overlay-type":"","overlay-color":"","overlay-opacity":"","overlay-gradient":""}},"ast-content-background-meta":{"desktop":{"background-color":"var(--ast-global-color-5)","background-image":"","background-repeat":"repeat","background-position":"center center","background-size":"auto","background-attachment":"scroll","background-type":"","background-media":"","overlay-type":"","overlay-color":"","overlay-opacity":"","overlay-gradient":""},"tablet":{"background-color":"var(--ast-global-color-5)","background-image":"","background-repeat":"repeat","background-position":"center center","background-size":"auto","background-attachment":"scroll","background-type":"","background-media":"","overlay-type":"","overlay-color":"","overlay-opacity":"","overlay-gradient":""},"mobile":{"background-color":"var(--ast-global-color-5)","background-image":"","background-repeat":"repeat","background-position":"center center","background-size":"auto","background-attachment":"scroll","background-type":"","background-media":"","overlay-type":"","overlay-color":"","overlay-opacity":"","overlay-gradient":""}},"footnotes":""},"class_list":["post-8292","page","type-page","status-publish","hentry"],"post_mailing_queue_ids":[],"_links":{"self":[{"href":"https:\/\/agora.xtec.cat\/ies-santaeulalia\/wp-json\/wp\/v2\/pages\/8292","targetHints":{"allow":["GET"]}}],"collection":[{"href":"https:\/\/agora.xtec.cat\/ies-santaeulalia\/wp-json\/wp\/v2\/pages"}],"about":[{"href":"https:\/\/agora.xtec.cat\/ies-santaeulalia\/wp-json\/wp\/v2\/types\/page"}],"author":[{"embeddable":true,"href":"https:\/\/agora.xtec.cat\/ies-santaeulalia\/wp-json\/wp\/v2\/users\/1"}],"replies":[{"embeddable":true,"href":"https:\/\/agora.xtec.cat\/ies-santaeulalia\/wp-json\/wp\/v2\/comments?post=8292"}],"version-history":[{"count":1,"href":"https:\/\/agora.xtec.cat\/ies-santaeulalia\/wp-json\/wp\/v2\/pages\/8292\/revisions"}],"predecessor-version":[{"id":8295,"href":"https:\/\/agora.xtec.cat\/ies-santaeulalia\/wp-json\/wp\/v2\/pages\/8292\/revisions\/8295"}],"wp:attachment":[{"href":"https:\/\/agora.xtec.cat\/ies-santaeulalia\/wp-json\/wp\/v2\/media?parent=8292"}],"curies":[{"name":"wp","href":"https:\/\/api.w.org\/{rel}","templated":true}]}}